000
CXUS52 KJAX 011637
CF6GNV
PRELIMINARY LOCAL CLIMATOLOGICAL DATA (WS FORM: F-6)
STATION: GAINESVILLE
MONTH: JUNE
YEAR: 2022
LATITUDE: 29 40 N
LONGITUDE: 82 16 W
TEMPERATURE IN F: :PCPN: SNOW: WIND :SUNSHINE: SKY :PK WND
================================================================================
1 2 3 4 5 6A 6B 7 8 9 10 11 12 13 14 15 16 17 18
12Z AVG MX 2MIN
DY MAX MIN AVG DEP HDD CDD WTR SNW DPTH SPD SPD DIR MIN PSBL S-S WX SPD DR
================================================================================
1 90 64 77 -1 0 12 0.00 0.0 0 5.6 17 50 M M 1 22 50
2 92 63 78 0 0 13 0.00 0.0 0 3.2 12 140 M M 1 1 16 140
3 93 68 81 2 0 16 0.00 0.0 0 5.5 17 130 M M 0 24 140
4 92 69 81 2 0 16 0.00 0.0 0 6.7 18 50 M M 2 26 70
5 93 69 81 2 0 16 T 0.0 0 6.4 21 50 M M 3 31 60
6 92 68 80 1 0 15 1.07 0.0 0 4.2 21 160 M M 5 13 30 340
7 93 67 80 1 0 15 0.00 0.0 0 3.2 20 80 M M 4 123 26 90
8 95 71 83 4 0 18 0.49 0.0 0 3.7 25 230 M M 1 3 41 300
9 93 73 83 4 0 18 0.02 0.0 0 7.2 25 260 M M 2 13 35 270
10 90 73 82 2 0 17 0.06 0.0 0 6.3 25 270 M M 3 13 33 280
11 91 74 83 3 0 18 0.04 0.0 0 7.0 22 240 M M 3 13 30 230
12 86 73 80 0 0 15 0.47 0.0 0 7.0 21 200 M M 3 1 28 230
13 91 72 82 2 0 17 0.18 0.0 0 5.5 20 220 M M 2 1 24 200
14 94 73 84 4 0 19 0.50 0.0 0 5.9 18 60 M M 3 13 29 60
15 95 71 83 3 0 18 0.00 0.0 0 2.5 10 130 M M 2 15 120
16 98 75 87 7 0 22 0.00 0.0 0 5.1 17 90 M M 1 25 80
17 96 71 84 4 0 19 0.00 0.0 0 2.6 9 40 M M 0 12 200
18 94 74 84 4 0 19 0.00 0.0 0 6.9 17 200 M M 1 3 24 300
19 94 74 84 4 0 19 0.21 0.0 0 4.1 20 190 M M 5 13 28 180
20 93 72 83 2 0 18 0.00 0.0 0 7.3 18 50 M M 2 26 60
21 91 65 78 -3 0 13 0.00 0.0 0 4.9 15 80 M M 0 23 70
22 94 72 83 2 0 18 0.00 0.0 0 4.1 10 200 M M 3 15 210
23 99 75 87 6 0 22 0.00 0.0 0 7.3 17 180 M M 0 3 23 180
24 98 72 85 4 0 20 0.19 0.0 0 5.1 33 50 M M 2 13 45 40
25 92 71 82 1 0 17 0.06 0.0 0 5.0 17 40 M M 3 22 60
26 92 66 79 -2 0 14 0.00 0.0 0 6.4 18 60 M M 1 28 80
27 90 65 78 -3 0 13 T 0.0 0 5.6 18 70 M M 2 3 25 90
28 95 72 84 3 0 19 0.00 0.0 0 4.8 18 110 M M 1 1 24 140
29 96 73 85 4 0 20 T 0.0 0 5.0 22 170 M M 2 3 31 150
30 95 69 82 1 0 17 0.00 0.0 0 3.7 20 50 M M 2 13 26 70
================================================================================
SM 2797 2114 0 513 3.29 0.0 157.8 M 60
================================================================================
AV 93.2 70.5 5.3 FASTST M M 2 MAX(MPH)
MISC ----> 33 50 45 40
================================================================================
NOTES:
# LAST OF SEVERAL OCCURRENCES
COLUMN 17 PEAK WIND IN M.P.H.
PRELIMINARY LOCAL CLIMATOLOGICAL DATA (WS FORM: F-6) , PAGE 2
STATION: GAINESVILLE
MONTH: JUNE
YEAR: 2022
LATITUDE: 29 40 N
LONGITUDE: 82 16 W
[TEMPERATURE DATA] [PRECIPITATION DATA] SYMBOLS USED IN COLUMN 16
AVERAGE MONTHLY: 81.9 TOTAL FOR MONTH: 3.29 1 = FOG OR MIST
DPTR FM NORMAL: 1.9 DPTR FM NORMAL: -4.27 2 = FOG REDUCING VISIBILITY
HIGHEST: 99 ON 23 GRTST 24HR 1.07 ON 6- 6 TO 1/4 MILE OR LESS
LOWEST: 63 ON 2 3 = THUNDER
SNOW, ICE PELLETS, HAIL 4 = ICE PELLETS
TOTAL MONTH: 0.0 INCH 5 = HAIL
GRTST 24HR 0.0 6 = FREEZING RAIN OR DRIZZLE
GRTST DEPTH: 0 7 = DUSTSTORM OR SANDSTORM:
VSBY 1/2 MILE OR LESS
8 = SMOKE OR HAZE
[NO. OF DAYS WITH] [WEATHER - DAYS WITH] 9 = BLOWING SNOW
X = TORNADO
MAX 32 OR BELOW: 0 0.01 INCH OR MORE: 11
MAX 90 OR ABOVE: 29 0.10 INCH OR MORE: 7
MIN 32 OR BELOW: 0 0.50 INCH OR MORE: 2
MIN 0 OR BELOW: 0 1.00 INCH OR MORE: 1
[HDD (BASE 65) ]
TOTAL THIS MO. 0 CLEAR (SCALE 0-3) 27
DPTR FM NORMAL 0 PTCLDY (SCALE 4-7) 3
TOTAL FM JUL 1 901 CLOUDY (SCALE 8-10) 0
DPTR FM NORMAL -238
[CDD (BASE 65) ]
TOTAL THIS MO. 513
DPTR FM NORMAL 66 [PRESSURE DATA]
TOTAL FM JAN 1 1218 HIGHEST SLP 30.23 ON 21
DPTR FM NORMAL 212 LOWEST SLP 29.70 ON 4
[REMARKS]
#FINAL-06-22#