000
CXUS52 KJAX 011131
CF6GNV
PRELIMINARY LOCAL CLIMATOLOGICAL DATA (WS FORM: F-6)
STATION: GAINESVILLE
MONTH: MARCH
YEAR: 2021
LATITUDE: 29 40 N
LONGITUDE: 82 16 W
TEMPERATURE IN F: :PCPN: SNOW: WIND :SUNSHINE: SKY :PK WND
================================================================================
1 2 3 4 5 6A 6B 7 8 9 10 11 12 13 14 15 16 17 18
12Z AVG MX 2MIN
DY MAX MIN AVG DEP HDD CDD WTR SNW DPTH SPD SPD DIR MIN PSBL S-S WX SPD DR
================================================================================
1 85 62 74 14 0 9 0.14 0.0 0 8.2 17 270 M M 6 1 22 260
2 65 57 61 1 4 0 0.52 0.0 0 8.0 16 50 M M 10 1 20 50
3 63 48 56 -4 9 0 0.74 0.0 0 8.4 20 310 M M 10 13 28 310
4 74 45 60 0 5 0 0.00 0.0 0 4.8 14 340 M M 1 18 300
5 75 41 58 -2 7 0 0.00 0.0 0 5.9 13 50 M M 0 8 17 80
6 58 49 54 -7 11 0 0.06 0.0 0 8.7 20 50 M M 8 1 25 50
7 67 40 54 -7 11 0 0.00 0.0 0 8.4 17 40 M M 2 23 50
8 67 36 52 -9 13 0 0.00 0.0 0 7.1 20 50 M M 0 25 60
9 74 38 56 -5 9 0 0.00 0.0 0 4.4 15 100 M M 0 20 120
10 77 43 60 -1 5 0 0.00 0.0 0 5.4 20 110 M M 1 30 50
11 80 45 63 1 2 0 0.00 0.0 0 5.0 15 130 M M 0 1 20 120
12 80 48 64 2 1 0 0.00 0.0 0 2.4 13 60 M M 0 1 15 50
13 83 49 66 4 0 1 0.00 0.0 0 1.8 10 90 M M 0 13 170
14 85 52 69 7 0 4 0.00 0.0 0 3.4 10 200 M M 1 15 190
15 86 53 70 8 0 5 0.00 0.0 0 3.5 16 140 M M 1 22 140
16 85 64 75 13 0 10 0.00 0.0 0 8.6 21 250 M M 5 25 250
17 88 60 74 12 0 9 0.00 0.0 0 5.5 17 240 M M 1 1 23 260
18 79 60 70 7 0 5 0.26 0.0 0 10.7 26 220 M M 5 13 45 220
19 69 50 60 -3 5 0 0.00 0.0 0 8.2 16 330 M M 3 24 300
20 62 51 57 -6 8 0 T 0.0 0 11.4 20 30 M M 10 27 40
21 58 48 53 -10 12 0 0.00 0.0 0 10.4 16 350 M M 10 1 25 10
22 73 55 64 1 1 0 T 0.0 0 8.9 16 50 M M 7 1 23 360
23 79 54 67 4 0 2 0.00 0.0 0 5.1 13 100 M M 5 1 16 140
24 81 53 67 3 0 2 0.00 0.0 0 3.7 15 200 M M 3 12 21 160
25 91 54 73 9 0 8 0.00 0.0 0 7.2 18 210 M M 1 1 28 220
26 89 62 76 12 0 11 0.00 0.0 0 5.7 15 250 M M 2 1 23 200
27 90 63 77 13 0 12 0.00 0.0 0 4.2 13 180 M M 6 1 18 160
28 86 58 72 8 0 7 0.00 0.0 0 8.7 21 230 M M 2 1 30 250
29 75 61 68 4 0 3 0.00 0.0 0 7.2 14 60 M M 3 21 10
30 86 60 73 9 0 8 1.52 0.0 0 5.2 21 40 M M 7 13 28 30
31 87 65 76 11 0 11 T 0.0 0 8.2 22 330 M M 4 1 34 340
================================================================================
SM 2397 1624 103 107 3.24 0.0 204.3 M 114
================================================================================
AV 77.3 52.4 6.6 FASTST M M 4 MAX(MPH)
MISC ----> 26 220 45 220
================================================================================
NOTES:
# LAST OF SEVERAL OCCURRENCES
COLUMN 17 PEAK WIND IN M.P.H.
PRELIMINARY LOCAL CLIMATOLOGICAL DATA (WS FORM: F-6) , PAGE 2
STATION: GAINESVILLE
MONTH: MARCH
YEAR: 2021
LATITUDE: 29 40 N
LONGITUDE: 82 16 W
[TEMPERATURE DATA] [PRECIPITATION DATA] SYMBOLS USED IN COLUMN 16
AVERAGE MONTHLY: 64.9 TOTAL FOR MONTH: 3.24 1 = FOG OR MIST
DPTR FM NORMAL: 2.6 DPTR FM NORMAL: -1.09 2 = FOG REDUCING VISIBILITY
HIGHEST: 91 ON 25 GRTST 24HR 1.52 ON 30-30 TO 1/4 MILE OR LESS
LOWEST: 36 ON 8 3 = THUNDER
SNOW, ICE PELLETS, HAIL 4 = ICE PELLETS
TOTAL MONTH: 0.0 INCH 5 = HAIL
GRTST 24HR 0.0 6 = FREEZING RAIN OR DRIZZLE
GRTST DEPTH: 0 7 = DUSTSTORM OR SANDSTORM:
VSBY 1/2 MILE OR LESS
8 = SMOKE OR HAZE
[NO. OF DAYS WITH] [WEATHER - DAYS WITH] 9 = BLOWING SNOW
X = TORNADO
MAX 32 OR BELOW: 0 0.01 INCH OR MORE: 6
MAX 90 OR ABOVE: 2 0.10 INCH OR MORE: 5
MIN 32 OR BELOW: 0 0.50 INCH OR MORE: 3
MIN 0 OR BELOW: 0 1.00 INCH OR MORE: 1
[HDD (BASE 65) ]
TOTAL THIS MO. 103 CLEAR (SCALE 0-3) 17
DPTR FM NORMAL -34 PTCLDY (SCALE 4-7) 10
TOTAL FM JUL 1 1011 CLOUDY (SCALE 8-10) 4
DPTR FM NORMAL -161
[CDD (BASE 65) ]
TOTAL THIS MO. 107
DPTR FM NORMAL 53 [PRESSURE DATA]
TOTAL FM JAN 1 179 HIGHEST SLP 30.58 ON 9
DPTR FM NORMAL 93 LOWEST SLP 29.82 ON 3
[REMARKS]
#FINAL-03-21#