000
CXUS52 KJAX 022117
CF6GNV
PRELIMINARY LOCAL CLIMATOLOGICAL DATA (WS FORM: F-6)
STATION: GAINESVILLE
MONTH: SEPTEMBER
YEAR: 2020
LATITUDE: 29 40 N
LONGITUDE: 82 16 W
TEMPERATURE IN F: :PCPN: SNOW: WIND :SUNSHINE: SKY :PK WND
================================================================================
1 2 3 4 5 6A 6B 7 8 9 10 11 12 13 14 15 16 17 18
12Z AVG MX 2MIN
DY MAX MIN AVG DEP HDD CDD WTR SNW DPTH SPD SPD DIR MIN PSBL S-S WX SPD DR
================================================================================
1 86 74 80 0 0 15 1.03 0.0 0 2.7 17 200 M M 4 13 20 210
2 93 74 84 4 0 19 0.09 0.0 0 2.5 13 260 M M 5 12 17 260
3 93 74 84 4 0 19 T 0.0 0 2.2 12 300 M M 3 1 14 310
4 94 76 85 5 0 20 T 0.0 0 3.0 20 130 M M 4 3 25 130
5 97 74 86 6 0 21 0.00 0.0 0 2.2 10 100 M M 2 14 120
6 94 73 84 4 0 19 T 0.0 0 3.8 16 40 M M 3 13 22 10
7 89 72 81 1 0 16 0.30 0.0 0 5.2 21 140 M M 2 13 24 120
8 89 71 80 0 0 15 0.11 0.0 0 5.3 18 40 M M 3 1 23 20
9 91 73 82 3 0 17 1.94 0.0 0 4.5 25 60 M M 7 13 35 50
10 91 73 82 3 0 17 0.74 0.0 0 3.0 21 80 M M 3 123 24 70
11 89 75 82 3 0 17 0.34 0.0 0 5.9 20 60 M M 3 13 24 60
12 88 74 81 2 0 16 0.42 0.0 0 8.3 35 120 M M 2 13 44 120
13 88 74 81 2 0 16 0.09 0.0 0 8.1 21 150 M M 3 13 29 150
14 88 74 81 2 0 16 1.16 0.0 0 4.9 20 150 M M 2 13 23 150
15 84 74 79 0 0 14 T 0.0 0 4.7 10 60 M M 4 13 100
16 88 74 81 3 0 16 0.16 0.0 0 6.9 16 170 M M 4 13 21 170
17 84 76 80 2 0 15 0.89 0.0 0 8.9 26 200 M M 7 13 36 220
18 88 72 80 2 0 15 0.00 0.0 0 8.2 17 280 M M 5 22 290
19 77 71 74 -4 0 9 0.08 0.0 0 8.1 17 40 M M 9 1 24 40
20 74 66 70 -8 0 5 T 0.0 0 13.3 21 20 M M 10 1 29 20
21 83 67 75 -2 0 10 T 0.0 0 12.4 26 60 M M 9 1 35 60
22 82 65 74 -3 0 9 T 0.0 0 8.1 21 50 M M 6 26 50
23 85 63 74 -3 0 9 0.00 0.0 0 4.6 10 110 M M 1 15 110
24 88 67 78 1 0 13 0.00 0.0 0 5.2 16 150 M M 2 22 160
25 91 70 81 4 0 16 0.00 0.0 0 3.2 10 270 M M 1 12 270
26 90 71 81 5 0 16 0.00 0.0 0 2.8 13 330 M M 3 12 16 360
27 84 71 78 2 0 13 0.07 0.0 0 3.9 14 50 M M 4 13 18 140
28 85 72 79 3 0 14 T 0.0 0 3.6 17 260 M M 3 3 21 270
29 85 61 73 -3 0 8 0.18 0.0 0 7.6 24 320 M M 5 13 31 320
30 79 55 67 -8 0 2 0.00 0.0 0 4.8 14 10 M M 1 18 340
================================================================================
SM 2617 2126 0 427 7.60 0.0 167.9 M 120
================================================================================
AV 87.2 70.9 5.6 FASTST M M 4 MAX(MPH)
MISC ----> 35 120 44 120
================================================================================
NOTES:
# LAST OF SEVERAL OCCURRENCES
COLUMN 17 PEAK WIND IN M.P.H.
PRELIMINARY LOCAL CLIMATOLOGICAL DATA (WS FORM: F-6) , PAGE 2
STATION: GAINESVILLE
MONTH: SEPTEMBER
YEAR: 2020
LATITUDE: 29 40 N
LONGITUDE: 82 16 W
[TEMPERATURE DATA] [PRECIPITATION DATA] SYMBOLS USED IN COLUMN 16
AVERAGE MONTHLY: 79.1 TOTAL FOR MONTH: 7.60 1 = FOG OR MIST
DPTR FM NORMAL: 0.9 DPTR FM NORMAL: 3.18 2 = FOG REDUCING VISIBILITY
HIGHEST: 97 ON 5 GRTST 24HR 2.58 ON 9-10 TO 1/4 MILE OR LESS
LOWEST: 55 ON 30 3 = THUNDER
SNOW, ICE PELLETS, HAIL 4 = ICE PELLETS
TOTAL MONTH: 0.0 INCH 5 = HAIL
GRTST 24HR 0.0 6 = FREEZING RAIN OR DRIZZLE
GRTST DEPTH: 0 7 = DUSTSTORM OR SANDSTORM:
VSBY 1/2 MILE OR LESS
8 = SMOKE OR HAZE
[NO. OF DAYS WITH] [WEATHER - DAYS WITH] 9 = BLOWING SNOW
X = TORNADO
MAX 32 OR BELOW: 0 0.01 INCH OR MORE: 15
MAX 90 OR ABOVE: 9 0.10 INCH OR MORE: 11
MIN 32 OR BELOW: 0 0.50 INCH OR MORE: 5
MIN 0 OR BELOW: 0 1.00 INCH OR MORE: 3
[HDD (BASE 65) ]
TOTAL THIS MO. 0 CLEAR (SCALE 0-3) 14
DPTR FM NORMAL 0 PTCLDY (SCALE 4-7) 13
TOTAL FM JUL 1 0 CLOUDY (SCALE 8-10) 3
DPTR FM NORMAL 0
[CDD (BASE 65) ]
TOTAL THIS MO. 427
DPTR FM NORMAL 31 [PRESSURE DATA]
TOTAL FM JAN 1 2620 HIGHEST SLP 30.18 ON 22
DPTR FM NORMAL 280 LOWEST SLP 29.78 ON 17
[REMARKS]
#FINAL-09-20#