000
CXUS52 KJAX 010800
CF6GNV
PRELIMINARY LOCAL CLIMATOLOGICAL DATA (WS FORM: F-6)
STATION: GAINESVILLE
MONTH: SEPTEMBER
YEAR: 2023
LATITUDE: 29 40 N
LONGITUDE: 82 16 W
TEMPERATURE IN F: :PCPN: SNOW: WIND :SUNSHINE: SKY :PK WND
================================================================================
1 2 3 4 5 6A 6B 7 8 9 10 11 12 13 14 15 16 17 18
12Z AVG MX 2MIN
DY MAX MIN AVG DEP HDD CDD WTR SNW DPTH SPD SPD DIR MIN PSBL S-S WX SPD DR
================================================================================
1 91 74 83 3 0 18 3.07 0.0 0 5.5 16 130 M M 5 13 22 60
2 86 72 79 -1 0 14 T 0.0 0 5.4 15 60 M M 7 20 40
3 90 70 80 0 0 15 0.00 0.0 0 4.3 14 70 M M 2 1 18 110
4 91 67 79 -1 0 14 0.00 0.0 0 3.3 12 70 M M 0 16 80
5 89 64 77 -3 0 12 0.00 0.0 0 1.6 9 60 M M 0 17 60
6 94 68 81 1 0 16 0.00 0.0 0 2.4 10 260 M M 0 14 260
7 93 70 82 2 0 17 0.00 0.0 0 3.6 12 130 M M 1 17 130
8 83 70 77 -3 0 12 0.01 0.0 0 3.7 15 330 M M 2 3 24 340
9 87 67 77 -3 0 12 T 0.0 0 2.9 13 170 M M 1 1 19 170
10 93 68 81 1 0 16 0.00 0.0 0 1.8 10 100 M M 1 14 270
11 94 70 82 2 0 17 0.11 0.0 0 3.4 24 40 M M 2 13 37 50
12 93 67 80 1 0 15 0.00 0.0 0 2.7 16 280 M M 1 3 21 260
13 93 72 83 4 0 18 0.00 0.0 0 2.3 10 120 M M 3 15 280
14 95 72 84 5 0 19 0.00 0.0 0 4.0 21 50 M M 2 28 50
15 92 71 82 3 0 17 0.04 0.0 0 6.3 18 70 M M 2 27 40
16 89 72 81 2 0 16 0.00 0.0 0 6.3 14 90 M M 4 18 80
17 93 72 83 4 0 18 0.00 0.0 0 5.2 16 270 M M 2 23 250
18 90 66 78 -1 0 13 0.00 0.0 0 3.4 13 340 M M 0 1 17 360
19 90 62 76 -2 0 11 0.00 0.0 0 4.0 13 100 M M 1 18 100
20 90 65 78 0 0 13 0.00 0.0 0 5.7 16 70 M M 2 21 60
21 91 71 81 3 0 16 0.55 0.0 0 5.8 18 60 M M 2 13 26 50
22 87 64 76 -2 0 11 0.00 0.0 0 6.7 16 20 M M 2 1 23 20
23 87 59 73 -5 0 8 0.00 0.0 0 2.2 9 110 M M 0 13 320
24 90 59 75 -3 0 10 0.00 0.0 0 2.2 10 120 M M 0 15 110
25 92 63 78 1 0 13 T 0.0 0 3.5 16 180 M M 5 13 24 160
26 91 71 81 4 0 16 0.00 0.0 0 5.8 20 180 M M 3 13 33 180
27 87 73 80 3 0 15 0.02 0.0 0 6.8 18 40 M M 8 27 40
28 78 70 74 -3 0 9 0.00 0.0 0 10.3 18 30 M M 10 1 28 40
29 87 69 78 2 0 13 0.00 0.0 0 8.8 17 50 M M 4 23 60
30 85 72 79 3 0 14 T 0.0 0 9.0 17 40 M M 6 23 30
================================================================================
SM 2691 2050 0 428 3.80 0.0 138.9 M 78
================================================================================
AV 89.7 68.3 4.6 FASTST M M 3 MAX(MPH)
MISC ----> 24 40 37 50
================================================================================
NOTES:
# LAST OF SEVERAL OCCURRENCES
COLUMN 17 PEAK WIND IN M.P.H.
PRELIMINARY LOCAL CLIMATOLOGICAL DATA (WS FORM: F-6) , PAGE 2
STATION: GAINESVILLE
MONTH: SEPTEMBER
YEAR: 2023
LATITUDE: 29 40 N
LONGITUDE: 82 16 W
[TEMPERATURE DATA] [PRECIPITATION DATA] SYMBOLS USED IN COLUMN 16
AVERAGE MONTHLY: 79.0 TOTAL FOR MONTH: 3.80 1 = FOG OR MIST
DPTR FM NORMAL: 0.2 DPTR FM NORMAL: -1.25 2 = FOG REDUCING VISIBILITY
HIGHEST: 95 ON 14 GRTST 24HR 3.97 ON 31- 1 TO 1/4 MILE OR LESS
LOWEST: 59 ON 24,23 3 = THUNDER
SNOW, ICE PELLETS, HAIL 4 = ICE PELLETS
TOTAL MONTH: 0.0 INCH 5 = HAIL
GRTST 24HR 0.0 6 = FREEZING RAIN OR DRIZZLE
GRTST DEPTH: 0 7 = DUSTSTORM OR SANDSTORM:
VSBY 1/2 MILE OR LESS
8 = SMOKE OR HAZE
[NO. OF DAYS WITH] [WEATHER - DAYS WITH] 9 = BLOWING SNOW
X = TORNADO
MAX 32 OR BELOW: 0 0.01 INCH OR MORE: 6
MAX 90 OR ABOVE: 19 0.10 INCH OR MORE: 3
MIN 32 OR BELOW: 0 0.50 INCH OR MORE: 2
MIN 0 OR BELOW: 0 1.00 INCH OR MORE: 1
[HDD (BASE 65) ]
TOTAL THIS MO. 0 CLEAR (SCALE 0-3) 21
DPTR FM NORMAL 0 PTCLDY (SCALE 4-7) 8
TOTAL FM JUL 1 0 CLOUDY (SCALE 8-10) 1
DPTR FM NORMAL 0
[CDD (BASE 65) ]
TOTAL THIS MO. 428
DPTR FM NORMAL 16 [PRESSURE DATA]
TOTAL FM JAN 1 2838 HIGHEST SLP 30.16 ON 2
DPTR FM NORMAL 409 LOWEST SLP 29.84 ON 17
[REMARKS]
#FINAL-09-23#