000
CXUS54 KFWD 010830
CF6GOP
PRELIMINARY LOCAL CLIMATOLOGICAL DATA (WS FORM: F-6)
STATION: GATESVILLE
MONTH: JANUARY
YEAR: 2023
LATITUDE: 31 25 N
LONGITUDE: 97 48 W
TEMPERATURE IN F: :PCPN: SNOW: WIND :SUNSHINE: SKY :PK WND
================================================================================
1 2 3 4 5 6A 6B 7 8 9 10 11 12 13 14 15 16 17 18
12Z AVG MX 2MIN
DY MAX MIN AVG DEP HDD CDD WTR SNW DPTH SPD SPD DIR MIN PSBL S-S WX SPD DR
================================================================================
1 82 46 64 19 1 0 0.00 M M M M M M M 0 1 M M
2 81 59 70 25 0 5 0.00 M M M M M M M 4 18 M M
3 70 48 59 14 6 0 0.00 M M M M M M M 1 M M
4 68 39 54 9 11 0 0.00 M M M M M M M 0 M M
5 64 34 49 4 16 0 0.00 M M M M M M M 0 M M
6 77 36 57 12 8 0 0.00 M M M M M M M 1 M M
7 66 52 59 14 6 0 0.00 M M M M M M M 5 M M
8 64 39 52 7 13 0 0.00 M M M M M M M 0 M M
9 72 34 53 8 12 0 0.00 M M M M M M M 0 M M
10 84 43 64 19 1 0 0.00 M M M M M M M 0 1 M M
11 86 54 70 25 0 5 0.00 M M M M M M M 0 M M
12 64 41 53 8 12 0 0.00 M M M M M M M 0 M M
13 61 30 46 1 19 0 0.00 M M M M M M M 0 M M
14 64 28 46 1 19 0 0.00 M M M M M M M 0 8 M M
15 70 46 58 13 7 0 0.00 M M M M M M M 0 M M
16 77 55 66 21 0 1 0.00 M M M M M M M 1 M M
17 81 50 66 21 0 1 0.00 M M M M M M M 0 1 M M
18 72 54 63 18 2 0 0.00 M M M M M M M 2 1 M M
19 64 39 52 7 13 0 0.00 M M M M M M M 0 M M
20 57 36 47 1 18 0 0.00 M M M M M M M 5 8 M M
21 70 43 57 11 8 0 0.00 M M M M M M M 4 M M
22 57 30 44 -2 21 0 0.00 M M M M M M M 0 M M
23 55 25 40 -6 25 0 0.00 M M M M M M M 2 M M
24 48 39 44 -2 21 0 0.78 M M M M M M M 8 1 M M
25 50 36 43 -3 22 0 0.00 M M M M M M M 4 M M
26 54 30 42 -4 23 0 0.00 M M M M M M M 0 M M
27 59 28 44 -2 21 0 0.00 M M M M M M M 1 M M
28 64 50 57 11 8 0 0.00 M M M M M M M 8 1 M M
29 63 34 49 3 16 0 0.01 M M M M M M M 9 1 M M
30 34 27 31 -15 34 0 0.01 M M M M M M M 10 16 M M
31 30 27 29 -18 36 0 0.13 M M M M M M M 10 16 M M
================================================================================
SM 2008 1232 399 12 0.93 M M M 75
================================================================================
AV 64.8 39.7 M FASTST M M 2 MAX(MPH)
MISC ----> M M M M
================================================================================
NOTES:
# LAST OF SEVERAL OCCURRENCES
COLUMN 17 PEAK WIND IN M.P.H.
PRELIMINARY LOCAL CLIMATOLOGICAL DATA (WS FORM: F-6) , PAGE 2
STATION: GATESVILLE
MONTH: JANUARY
YEAR: 2023
LATITUDE: 31 25 N
LONGITUDE: 97 48 W
[TEMPERATURE DATA] [PRECIPITATION DATA] SYMBOLS USED IN COLUMN 16
AVERAGE MONTHLY: 52.3 TOTAL FOR MONTH: 0.93 1 = FOG OR MIST
DPTR FM NORMAL: 6.9 DPTR FM NORMAL: M 2 = FOG REDUCING VISIBILITY
HIGHEST: 86 ON 11 GRTST 24HR 1.51 ON 24-24 TO 1/4 MILE OR LESS
LOWEST: 25 ON 23 3 = THUNDER
SNOW, ICE PELLETS, HAIL 4 = ICE PELLETS
TOTAL MONTH: M 5 = HAIL
GRTST 24HR M ON M 6 = FREEZING RAIN OR DRIZZLE
GRTST DEPTH: M ON M 7 = DUSTSTORM OR SANDSTORM:
VSBY 1/2 MILE OR LESS
8 = SMOKE OR HAZE
[NO. OF DAYS WITH] [WEATHER - DAYS WITH] 9 = BLOWING SNOW
X = TORNADO
MAX 32 OR BELOW: 1 0.01 INCH OR MORE: 4
MAX 90 OR ABOVE: 0 0.10 INCH OR MORE: 2
MIN 32 OR BELOW: 8 0.50 INCH OR MORE: 1
MIN 0 OR BELOW: 0 1.00 INCH OR MORE: 0
[HDD (BASE 65) ]
TOTAL THIS MO. 399 CLEAR (SCALE 0-3) 21
DPTR FM NORMAL -211 PTCLDY (SCALE 4-7) 5
TOTAL FM JUL 1 1246 CLOUDY (SCALE 8-10) 5
DPTR FM NORMAL -332
[CDD (BASE 65) ]
TOTAL THIS MO. 12
DPTR FM NORMAL 11 [PRESSURE DATA]
TOTAL FM JAN 1 12 HIGHEST SLP M ON M
DPTR FM NORMAL 11 LOWEST SLP M ON M
[REMARKS]
#FINAL-01-23#