000
CXUS54 KFWD 010731
CF6GOP
PRELIMINARY LOCAL CLIMATOLOGICAL DATA (WS FORM: F-6)
STATION: GATESVILLE
MONTH: AUGUST
YEAR: 2023
LATITUDE: 31 25 N
LONGITUDE: 97 48 W
TEMPERATURE IN F: :PCPN: SNOW: WIND :SUNSHINE: SKY :PK WND
================================================================================
1 2 3 4 5 6A 6B 7 8 9 10 11 12 13 14 15 16 17 18
12Z AVG MX 2MIN
DY MAX MIN AVG DEP HDD CDD WTR SNW DPTH SPD SPD DIR MIN PSBL S-S WX SPD DR
================================================================================
1 104 79 92 9 0 27 0.00 M M 5.6 9 180 M M 1 22 99
2 106 81 94 11 0 29 0.00 M M 6.9 13 160 M M 0 22 160
3 104 79 92 9 0 27 0.00 M M 8.8 15 190 M M 0 22 150
4 104 81 93 10 0 28 0.00 M M 6.3 10 200 M M 0 18 99
5 104 81 93 10 0 28 0.00 M M 6.9 13 130 M M 0 18 160
6 106 79 93 10 0 28 0.00 M M 8.2 16 190 M M 0 23 150
7 106 81 94 11 0 29 0.00 M M 8.6 15 220 M M 0 22 200
8 106 81 94 11 0 29 0.00 M M 9.8 14 160 M M 0 22 220
9 108 81 95 12 0 30 0.00 M M 12.0 18 180 M M 0 26 190
10 108 82 95 12 0 30 0.00 M M 8.9 13 150 M M 0 22 180
11 106 81 94 11 0 29 0.00 M M 11.2 16 160 M M 0 24 200
12 106 81 94 11 0 29 0.00 M M 11.7 20 210 M M 0 33 180
13 104 79 92 9 0 27 0.00 M M 9.9 17 190 M M 0 23 190
14 106 77 92 9 0 27 0.00 M M 6.7 13 30 M M 0 23 30
15 97 75 86 3 0 21 0.00 M M 6.4 10 360 M M 0 17 50
16 100 66 83 0 0 18 0.00 M M 2.3 9 60 M M 0 16 0
17 109 70 90 7 0 25 0.00 M M 4.7 10 210 M M 0 17 210
18 108 79 94 11 0 29 0.00 M M 6.1 9 70 M M 0 18 99
19 106 77 92 9 0 27 0.00 M M 6.7 12 160 M M 0 21 140
20 108 77 93 10 0 28 0.00 M M 3.8 10 60 M M 1 20 70
21 104 79 92 9 0 27 0.00 M M 4.2 12 90 M M 0 23 90
22 100 77 89 7 0 24 0.00 M M 5.3 13 110 M M 1 23 80
23 100 77 89 7 0 24 0.00 M M 4.3 13 140 M M 1 20 120
24 106 79 93 11 0 28 0.00 M M 3.7 8 220 M M 1 15 99
25 108 79 94 12 0 29 0.00 M M 4.7 9 70 M M 1 17 90
26 106 82 94 12 0 29 0.00 M M 5.2 10 330 M M 1 17 330
27 104 75 90 8 0 25 0.07 M M 5.0 14 350 M M 1 30 70
28 97 75 86 4 0 21 0.00 M M 6.2 15 360 M M 1 24 340
29 97 70 84 3 0 19 0.00 M M 5.2 14 10 M M 1 21 10
30 99 72 86 5 0 21 0.00 M M 4.2 12 10 M M 1 24 20
31 99 68 84 3 0 19 0.00 M M 2.4 8 350 M M 1 15 99
================================================================================
SM 3226 2400 0 811 0.07 M 201.8 M 12
================================================================================
AV104.1 77.4 6.5 FASTST M M 0 MAX(MPH)
MISC ----> 20 210 33 180
================================================================================
NOTES:
# LAST OF SEVERAL OCCURRENCES
COLUMN 17 PEAK WIND IN M.P.H.
PRELIMINARY LOCAL CLIMATOLOGICAL DATA (WS FORM: F-6) , PAGE 2
STATION: GATESVILLE
MONTH: AUGUST
YEAR: 2023
LATITUDE: 31 25 N
LONGITUDE: 97 48 W
[TEMPERATURE DATA] [PRECIPITATION DATA] SYMBOLS USED IN COLUMN 16
AVERAGE MONTHLY: 90.7 TOTAL FOR MONTH: 0.07 1 = FOG OR MIST
DPTR FM NORMAL: 8.1 DPTR FM NORMAL: M 2 = FOG REDUCING VISIBILITY
HIGHEST: 109 ON 17 GRTST 24HR 0.07 ON 27-27 TO 1/4 MILE OR LESS
LOWEST: 66 ON 16 3 = THUNDER
SNOW, ICE PELLETS, HAIL 4 = ICE PELLETS
TOTAL MONTH: M 5 = HAIL
GRTST 24HR M ON M 6 = FREEZING RAIN OR DRIZZLE
GRTST DEPTH: M ON M 7 = DUSTSTORM OR SANDSTORM:
VSBY 1/2 MILE OR LESS
8 = SMOKE OR HAZE
[NO. OF DAYS WITH] [WEATHER - DAYS WITH] 9 = BLOWING SNOW
X = TORNADO
MAX 32 OR BELOW: 0 0.01 INCH OR MORE: 1
MAX 90 OR ABOVE: 31 0.10 INCH OR MORE: 0
MIN 32 OR BELOW: 0 0.50 INCH OR MORE: 0
MIN 0 OR BELOW: 0 1.00 INCH OR MORE: 0
[HDD (BASE 65) ]
TOTAL THIS MO. 0 CLEAR (SCALE 0-3) 31
DPTR FM NORMAL 0 PTCLDY (SCALE 4-7) 0
TOTAL FM JUL 1 0 CLOUDY (SCALE 8-10) 0
DPTR FM NORMAL 0
[CDD (BASE 65) ]
TOTAL THIS MO. 811
DPTR FM NORMAL 264 [PRESSURE DATA]
TOTAL FM JAN 1 2504 HIGHEST SLP M ON M
DPTR FM NORMAL 675 LOWEST SLP M ON M
[REMARKS]
#FINAL-08-23#