000
CXUS55 KMSO 042127
CF6GPI
PRELIMINARY LOCAL CLIMATOLOGICAL DATA (WS FORM: F-6)
STATION: KALISPELL MT
MONTH: AUGUST
YEAR: 2023
LATITUDE: 48 17 N
LONGITUDE: 114 16 W
TEMPERATURE IN F: :PCPN: SNOW: WIND :SUNSHINE: SKY :PK WND
================================================================================
1 2 3 4 5 6A 6B 7 8 9 10 11 12 13 14 15 16 17 18
12Z AVG MX 2MIN
DY MAX MIN AVG DEP HDD CDD WTR SNW DPTH SPD SPD DIR MIN PSBL S-S WX SPD DR
================================================================================
1 90 44 67 0 0 2 0.00 0.0 0 3.0 14 140 M M 0 8 19 150
2 95 45 70 3 0 5 0.00 0.0 0 4.5 15 40 M M 0 8 19 150
3 94 46 70 3 0 5 0.00 0.0 0 2.4 13 180 M M 0 17 190
4 92 58 75 8 0 10 0.00 0.0 0 8.2 18 30 M M 0 38 29 160
5 83 59 71 5 0 6 0.00 0.0 0 7.8 20 30 M M 1 8 26 20
6 77 53 65 -1 0 0 T 0.0 0 2.7 13 150 M M 3 8 18 180
7 85 47 66 0 0 1 0.00 0.0 0 3.6 13 340 M M 2 128 17 140
8 81 48 65 -1 0 0 T 0.0 0 5.1 20 150 M M 1 38 29 140
9 80 52 66 0 0 1 0.09 0.0 0 5.0 22 270 M M 4 18 33 270
10 78 50 64 -2 1 0 0.09 0.0 0 5.9 20 230 M M 6 128 28 230
11 83 42 63 -2 2 0 0.00 0.0 0 3.1 15 170 M M 0 23 150
12 81 45 63 -2 2 0 0.00 0.0 0 3.2 13 180 M M 1 22 130
13 88 48 68 3 0 3 0.00 0.0 0 3.5 13 360 M M 0 16 10
14 92 46 69 5 0 4 0.00 0.0 0 4.6 15 160 M M 0 8 24 140
15 97 49 73 9 0 8 0.00 0.0 0 5.4 16 160 M M 0 8 24 150
16 96 53 75 11 0 10 0.00 0.0 0 5.0 18 150 M M 0 8 27 160
17 100 52 76 12 0 11 0.00 0.0 0 5.8 21 220 M M 0 18 32 190
18 90 53 72 9 0 7 0.00 0.0 0 10.2 26 220 M M 2 8 41 210
19 80 50 65 2 0 0 0.00 0.0 0 13.3 23 30 M M 0 8 33 30
20 77 58 68 5 0 3 0.00 0.0 0 10.4 21 20 M M 0 8 29 10
21 70 61 66 4 0 1 0.72 0.0 0 3.8 13 360 M M 8 18 18 320
22 78 61 70 8 0 5 0.66 0.0 0 3.2 30 270 M M 7 123 67 230
23 74 47 61 -1 4 0 T 0.0 0 6.9 22 230 M M 4 18 32 220
24 76 38 57 -5 8 0 0.00 0.0 0 3.4 16 20 M M 0 20 20
25 80 51 66 5 0 1 0.00 0.0 0 6.1 15 160 M M 3 21 20
26 83 46 65 4 0 0 0.00 0.0 0 3.5 16 170 M M 1 1 20 150
27 87 47 67 6 0 2 0.00 0.0 0 3.0 12 40 M M 0 17 40
28 90 47 69 9 0 4 0.00 0.0 0 3.6 13 40 M M 0 17 50
29 92 47 70 10 0 5 0.22 0.0 0 6.0 28 220 M M 2 13 37 210
30 60 53 57 -3 8 0 1.17 0.0 0 9.2 15 140 M M 10 1 21 140
31 69 50 60 0 5 0 0.00 0.0 0 5.2 14 150 M M 6 19 150
================================================================================
SM 2598 1546 30 94 2.95 0.0 166.6 M 61
================================================================================
AV 83.8 49.9 5.4 FASTST M M 2 MAX(MPH)
MISC ----> 30 270 67 230
================================================================================
NOTES:
# LAST OF SEVERAL OCCURRENCES
COLUMN 17 PEAK WIND IN M.P.H.
PRELIMINARY LOCAL CLIMATOLOGICAL DATA (WS FORM: F-6) , PAGE 2
STATION: KALISPELL MT
MONTH: AUGUST
YEAR: 2023
LATITUDE: 48 17 N
LONGITUDE: 114 16 W
[TEMPERATURE DATA] [PRECIPITATION DATA] SYMBOLS USED IN COLUMN 16
AVERAGE MONTHLY: 66.8 TOTAL FOR MONTH: 2.95 1 = FOG OR MIST
DPTR FM NORMAL: 3.1 DPTR FM NORMAL: 2.19 2 = FOG REDUCING VISIBILITY
HIGHEST: 100 ON 17 GRTST 24HR 1.31 ON 29-30 TO 1/4 MILE OR LESS
LOWEST: 38 ON 24 3 = THUNDER
SNOW, ICE PELLETS, HAIL 4 = ICE PELLETS
TOTAL MONTH: 0.0 INCH 5 = HAIL
GRTST 24HR 0.0 6 = FREEZING RAIN OR DRIZZLE
GRTST DEPTH: 0 7 = DUSTSTORM OR SANDSTORM:
VSBY 1/2 MILE OR LESS
8 = SMOKE OR HAZE
[NO. OF DAYS WITH] [WEATHER - DAYS WITH] 9 = BLOWING SNOW
X = TORNADO
MAX 32 OR BELOW: 0 0.01 INCH OR MORE: 6
MAX 90 OR ABOVE: 11 0.10 INCH OR MORE: 4
MIN 32 OR BELOW: 0 0.50 INCH OR MORE: 3
MIN 0 OR BELOW: 0 1.00 INCH OR MORE: 1
[HDD (BASE 65) ]
TOTAL THIS MO. 30 CLEAR (SCALE 0-3) 24
DPTR FM NORMAL -65 PTCLDY (SCALE 4-7) 6
TOTAL FM JUL 1 43 CLOUDY (SCALE 8-10) 1
DPTR FM NORMAL -126
[CDD (BASE 65) ]
TOTAL THIS MO. 94
DPTR FM NORMAL 40 [PRESSURE DATA]
TOTAL FM JAN 1 245 HIGHEST SLP 30.24 ON 13
DPTR FM NORMAL 106 LOWEST SLP 29.54 ON 18
[REMARKS]
#FINAL-08-23#