000
CXUS53 KGRR 011011
CLMGRR
CLIMATE REPORT
NATIONAL WEATHER SERVICE GRAND RAPIDS, MICHIGAN
511 AM EST FRI MAR 01 2024
...................................
...THE GRAND RAPIDS CLIMATE SUMMARY FOR THE MONTH OF FEBRUARY 2024...
CLIMATE NORMAL PERIOD: 1991 TO 2020
CLIMATE RECORD PERIOD: 1892 TO 2024
WEATHER OBSERVED NORMAL DEPART LAST YEAR`S
VALUE DATE(S) VALUE FROM VALUE DATE(S)
NORMAL
................................................................
TEMPERATURE (F)
RECORD
HIGH 73 02/27/2024
LOW -24 02/14/1899
02/13/1899
HIGHEST 73R 02/27 50 23 54 02/14
LOWEST 12 02/19 -3 15 5 02/03
AVG. MAXIMUM 44.8 33.7 11.1 38.1
AVG. MINIMUM 26.0 19.5 6.5 23.9
MEAN 35.4 26.6 8.8 31.0
DAYS MAX >= 90 0 0.0 0.0 0
DAYS MAX <= 32 3 13.7 -10.7 6
DAYS MIN <= 32 24 25.4 -1.4 23
DAYS MIN <= 0 0 1.5 -1.5 0
PRECIPITATION (INCHES)
RECORD
MAXIMUM 5.77 1898
MINIMUM 0.11 2020
TOTALS 0.74 2.12 -1.38 4.10
DAILY AVG. 0.03 NAN NAN 0.15
DAYS >= .01 5 13.1 -8.1 12
DAYS >= .10 2 5.5 -3.5 5
DAYS >= .50 0 1.0 -1.0 4
DAYS >= 1.00 0 0.2 -0.2 2
GREATEST
24 HR. TOTAL 0.49 02/15 TO 02/15
SNOWFALL (INCHES)
RECORDS
TOTAL 41.6 2008
SNOW DEPTH 24 02/18/2014
TOTALS 5.8 17.2 -11.4 5.7
SINCE 7/1 40.3 68.0 -27.7 MM
SNOWDEPTH AVG. 0 2
DAYS >= TRACE 7 11.2 -4.2 14
DAYS >= 1.0 1 5.5 -4.5 3
GREATEST
SNOW DEPTH 3 02/15 6 02/01
DEGREE DAYS
HEATING TOTAL 853 1075 -222 946
SINCE 7/1 4086 4777 -691 MM
COOLING TOTAL 0 0 0 0
SINCE 1/1 0 0 0 MM
FREEZE DATES
RECORD
EARLIEST 09/03/1946
LATEST 06/04/1945
EARLIEST 10/23
LATEST 04/27
................................................................
WIND (MPH)
AVERAGE WIND SPEED 9.1
RESULTANT WIND SPEED/DIRECTION 3/240
HIGHEST WIND SPEED/DIRECTION 33/240 DATE 02/09
HIGHEST GUST SPEED/DIRECTION 49/250 DATE 02/17
SKY COVER
POSSIBLE SUNSHINE (PERCENT) 48
AVERAGE SKY COVER 0.56
NUMBER OF DAYS FAIR 5
NUMBER OF DAYS PC 18
NUMBER OF DAYS CLOUDY 6
AVERAGE RH (PERCENT) 70
WEATHER CONDITIONS. NUMBER OF DAYS WITH
THUNDERSTORM 4 MIXED PRECIP 0
HEAVY RAIN 0 RAIN 1
LIGHT RAIN 4 FREEZING RAIN 0
LT FREEZING RAIN 1 HAIL 0
HEAVY SNOW 1 SNOW 2
LIGHT SNOW 6 SLEET 1
FOG 10 FOG W/VIS <= 1/4 MILE 1
HAZE 3
- INDICATES NEGATIVE NUMBERS.
R INDICATES RECORD WAS SET OR TIED.
MM INDICATES DATA IS MISSING.
T INDICATES TRACE AMOUNT.
$$