000
CXUS53 KIWX 010910
CF6GSH
PRELIMINARY LOCAL CLIMATOLOGICAL DATA (WS FORM: F-6)
STATION: GOSHEN
MONTH: DECEMBER
YEAR: 2023
LATITUDE: 41 31 N
LONGITUDE: 85 47 W
TEMPERATURE IN F: :PCPN: SNOW: WIND :SUNSHINE: SKY :PK WND
================================================================================
1 2 3 4 5 6A 6B 7 8 9 10 11 12 13 14 15 16 17 18
12Z AVG MX 2MIN
DY MAX MIN AVG DEP HDD CDD WTR SNW DPTH SPD SPD DIR MIN PSBL S-S WX SPD DR
================================================================================
1 47 41 44 9 21 0 0.52 M M 4.4 16 170 M M 10 1 20 190
2 44 40 42 8 23 0 0.06 M M 4.0 10 110 M M 10 1 14 100
3 44 38 41 7 24 0 0.05 M M 11.3 22 260 M M 10 1 29 260
4 41 35 38 4 27 0 T M M 5.2 14 240 M M 10 1 19 230
5 39 35 37 4 28 0 0.09 M M 6.8 14 360 M M 10 1 18 360
6 44 33 39 6 26 0 T M M 10.3 21 270 M M 8 25 270
7 51 37 44 11 21 0 0.00 M M 11.4 18 230 M M 2 8 24 250
8 57 42 50 18 15 0 0.00 M M 13.7 24 210 M M 6 33 220
9 60 41 51 19 14 0 0.06 M M 16.1 31 250 M M 8 40 250
10 41 35 38 6 27 0 0.01 M M 12.5 20 260 M M 10 18 29 270
11 37 29 33 1 32 0 0.00 M M 9.0 14 220 M M 7 18 240
12 M 28 M M M M 0.00 M M 11.2 21 300 M M 0 28 290
13 M 23 M M M M 0.00 M M 4.7 12 270 M M 0 15 260
14 M 25 M M M M 0.00 M M 5.8 14 260 M M 0 17 250
15 57 33 45 15 20 0 0.00 M M 4.4 12 220 M M 0 16 210
16 52 42 47 17 18 0 0.18 M M 9.8 16 130 M M 4 1 21 140
17 47 39 43 13 22 0 0.03 M M 9.2 21 270 M M 10 128 28 260
18 39 29 34 4 31 0 0.02 M M 16.6 31 310 M M 10 8 43 320
19 33 27 30 1 35 0 T M M 10.4 17 230 M M 4 21 230
20 45 31 38 9 27 0 0.00 M M 5.7 14 200 M M 5 19 210
21 45 31 38 9 27 0 T M M 4.1 13 130 M M 7 18 130
22 49 40 45 16 20 0 0.35 M M 6.9 13 180 M M 10 18 18 170
23 52 44 48 20 17 0 0.13 M M 4.8 12 180 M M 10 128 17 170
24 57 50 54 26 11 0 T M M 7.4 17 130 M M 9 128 21 150
25 61 47 54 26 11 0 0.14 M M 13.4 20 130 M M 4 1 31 120
26 54 40 47 19 18 0 T M M 6.1 16 150 M M 9 18 24 140
27 50 31 41 13 24 0 0.00 M M 6.6 14 20 M M 2 128 17 30
28 43 40 42 15 23 0 0.69 0.0 0 4.4 13 360 M M 10 1 16 10
29 42 38 40 13 25 0 0.05 M M 6.7 15 310 M M 10 18 19 310
30 39 33 36 9 29 0 0.00 M M 9.4 16 210 M M 8 8 22 240
31 40 33 37 10 28 0 0.01 M M 7.0 13 270 M M 10 18 20 220
================================================================================
SM 1310 1110 644 0 2.39 0.0 259.3 M 213
================================================================================
AV 46.8 35.8 8.4 FASTST M M 7 MAX(MPH)
MISC ----> # 31 250 43 320
================================================================================
NOTES:
# LAST OF SEVERAL OCCURRENCES
COLUMN 17 PEAK WIND IN M.P.H.
PRELIMINARY LOCAL CLIMATOLOGICAL DATA (WS FORM: F-6) , PAGE 2
STATION: GOSHEN
MONTH: DECEMBER
YEAR: 2023
LATITUDE: 41 31 N
LONGITUDE: 85 47 W
[TEMPERATURE DATA] [PRECIPITATION DATA] SYMBOLS USED IN COLUMN 16
AVERAGE MONTHLY: 41.3 TOTAL FOR MONTH: 2.39 1 = FOG OR MIST
DPTR FM NORMAL: 11.0 DPTR FM NORMAL: 0.52 2 = FOG REDUCING VISIBILITY
HIGHEST: 61 ON 25 GRTST 24HR 0.69 ON 28-28 TO 1/4 MILE OR LESS
LOWEST: 23 ON 13 3 = THUNDER
SNOW, ICE PELLETS, HAIL 4 = ICE PELLETS
TOTAL MONTH: 0.0 INCH 5 = HAIL
GRTST 24HR 0.0 6 = FREEZING RAIN OR DRIZZLE
GRTST DEPTH: 0 7 = DUSTSTORM OR SANDSTORM:
VSBY 1/2 MILE OR LESS
8 = SMOKE OR HAZE
[NO. OF DAYS WITH] [WEATHER - DAYS WITH] 9 = BLOWING SNOW
X = TORNADO
MAX 32 OR BELOW: 0 0.01 INCH OR MORE: 15
MAX 90 OR ABOVE: 0 0.10 INCH OR MORE: 6
MIN 32 OR BELOW: 9 0.50 INCH OR MORE: 2
MIN 0 OR BELOW: 0 1.00 INCH OR MORE: 0
[HDD (BASE 65) ]
TOTAL THIS MO. 644 CLEAR (SCALE 0-3) 6
DPTR FM NORMAL -432 PTCLDY (SCALE 4-7) 9
TOTAL FM JUL 1 1661 CLOUDY (SCALE 8-10) 16
DPTR FM NORMAL -675
[CDD (BASE 65) ]
TOTAL THIS MO. 0
DPTR FM NORMAL 0 [PRESSURE DATA]
TOTAL FM JAN 1 705 HIGHEST SLP 30.72 ON 14
DPTR FM NORMAL -60 LOWEST SLP 29.66 ON 18
[REMARKS]
#FINAL-12-23#