000
CXGM50 PGUM 010030
CF6GSN
PRELIMINARY LOCAL CLIMATOLOGICAL DATA (WS FORM: F-6)
STATION: SAIPAN/ISLEY_(CGS) MP
MONTH: AUGUST
YEAR: 2021
LATITUDE: 15 7 N
LONGITUDE: 145-44 E
TEMPERATURE IN F: :PCPN: SNOW: WIND :SUNSHINE: SKY :PK WND
================================================================================
1 2 3 4 5 6A 6B 7 8 9 10 11 12 13 14 15 16 17 18
12Z AVG MX 2MIN
DY MAX MIN AVG DEP HDD CDD WTR SNW DPTH SPD SPD DIR MIN PSBL S-S WX SPD DR
================================================================================
1 90 78 84 2 0 19 0.33 0.0 0 6.9 16 200 M M 5 20 200
2 84 76 80 -2 0 15 1.97 0.0 0 10.6 20 240 M M 7 25 240
3 89 77 83 1 0 18 1.30 0.0 0 12.1 25 250 M M 6 34 210
4 90 79 85 3 0 20 T 0.0 0 8.2 16 210 M M 2 20 210
5 90 78 84 2 0 19 0.00 0.0 0 5.3 10 70 M M 3 13 50
6 88 77 83 1 0 18 0.84 0.0 0 10.4 20 50 M M 4 26 100
7 90 79 85 3 0 20 0.03 0.0 0 11.4 20 90 M M 4 24 130
8 89 79 84 2 0 19 0.00 0.0 0 9.2 17 90 M M 3 22 90
9 90 80 85 3 0 20 0.05 0.0 0 12.2 21 80 M M 4 27 90
10 90 81 86 4 0 21 T 0.0 0 11.0 17 80 M M 4 22 100
11 90 80 85 3 0 20 0.02 M M 10.3 16 90 M M 3 19 100
12 85 79 82 0 0 17 0.13 M M 8.9 21 100 M M 5 18 25 90
13 90 77 84 2 0 19 0.18 M M 12.1 22 70 M M 3 1 31 70
14 89 81 85 3 0 20 0.05 M M 10.5 18 100 M M 2 18 22 100
15 90 79 85 3 0 20 0.01 M M 12.7 20 90 M M 3 24 90
16 89 80 85 3 0 20 0.01 M M 11.9 28 70 M M 4 18 31 70
17 84 76 80 -2 0 15 1.95 M M 14.6 31 90 M M 6 1 39 110
18 88 77 83 1 0 18 0.43 M M 9.8 18 110 M M 4 18 24 110
19 88 78 83 1 0 18 0.96 M M 10.1 21 130 M M 4 1 26 130
20 89 80 85 3 0 20 0.02 M M 9.4 16 90 M M 3 1 21 80
21 90 78 84 2 0 19 0.00 0.0 0 10.7 20 70 M M 2 25 70
22 90 78 84 2 0 19 0.00 0.0 0 6.1 14 50 M M 1 17 60
23 88 78 83 1 0 18 0.60 M M 5.3 15 80 M M 5 1 21 60
24 83 76 80 -2 0 15 0.94 M M 6.2 21 250 M M 5 18 24 250
25 87 75 81 -1 0 16 0.70 M M 8.6 24 80 M M 4 13 30 90
26 88 77 83 1 0 18 0.29 M M 9.0 17 100 M M 5 1 M M
27 89 77 83 1 0 18 0.02 M M 10.6 22 90 M M 3 8 26 90
28 90 76 83 1 0 18 0.14 M M 12.0 21 120 M M 4 1 25 130
29 89 78 84 2 0 19 0.02 M M 9.0 16 50 M M 2 22 50
30 88 76 82 0 0 17 0.85 M M 9.1 23 160 M M 5 18 32 160
31 89 79 84 2 0 19 0.05 M M 12.3 21 90 M M 4 1 26 110
================================================================================
SM 2743 2419 0 572 11.89 0.0 306.5 M 119
================================================================================
AV 88.5 78.0 9.9 FASTST M M 4 MAX(MPH)
MISC ----> 31 90 39 110
================================================================================
NOTES:
# LAST OF SEVERAL OCCURRENCES
COLUMN 17 PEAK WIND IN M.P.H.
PRELIMINARY LOCAL CLIMATOLOGICAL DATA (WS FORM: F-6) , PAGE 2
STATION: SAIPAN/ISLEY_(CGS) MP
MONTH: AUGUST
YEAR: 2021
LATITUDE: 15 7 N
LONGITUDE: 145-44 E
[TEMPERATURE DATA] [PRECIPITATION DATA] SYMBOLS USED IN COLUMN 16
AVERAGE MONTHLY: 83.3 TOTAL FOR MONTH: 11.89 1 = FOG OR MIST
DPTR FM NORMAL: 0.9 DPTR FM NORMAL: -0.97 2 = FOG REDUCING VISIBILITY
HIGHEST: 90 ON 28,22 GRTST 24HR 2.30 ON 1- 2 TO 1/4 MILE OR LESS
LOWEST: 75 ON 25 3 = THUNDER
SNOW, ICE PELLETS, HAIL 4 = ICE PELLETS
TOTAL MONTH: 0.0 INCH 5 = HAIL
GRTST 24HR 0.0 6 = FREEZING RAIN OR DRIZZLE
GRTST DEPTH: 0 7 = DUSTSTORM OR SANDSTORM:
VSBY 1/2 MILE OR LESS
8 = SMOKE OR HAZE
[NO. OF DAYS WITH] [WEATHER - DAYS WITH] 9 = BLOWING SNOW
X = TORNADO
MAX 32 OR BELOW: 0 0.01 INCH OR MORE: 25
MAX 90 OR ABOVE: 12 0.10 INCH OR MORE: 15
MIN 32 OR BELOW: 0 0.50 INCH OR MORE: 9
MIN 0 OR BELOW: 0 1.00 INCH OR MORE: 3
[HDD (BASE 65) ]
TOTAL THIS MO. 0 CLEAR (SCALE 0-3) 9
DPTR FM NORMAL 0 PTCLDY (SCALE 4-7) 22
TOTAL FM JUL 1 0 CLOUDY (SCALE 8-10) 0
DPTR FM NORMAL 0
[CDD (BASE 65) ]
TOTAL THIS MO. 572
DPTR FM NORMAL 34 [PRESSURE DATA]
TOTAL FM JAN 1 4654 HIGHEST SLP 29.85 ON 1
DPTR FM NORMAL 627 LOWEST SLP 29.76 ON 1
[REMARKS]
#FINAL-08-21#