000
CXUS52 KGSP 010917
CF6GSP
PRELIMINARY LOCAL CLIMATOLOGICAL DATA (WS FORM: F-6)
STATION: GREENVILLE-SPARTANBURG SC
MONTH: FEBRUARY
YEAR: 2024
LATITUDE: 34 54 N
LONGITUDE: 82 13 W
TEMPERATURE IN F: :PCPN: SNOW: WIND :SUNSHINE: SKY :PK WND
================================================================================
1 2 3 4 5 6A 6B 7 8 9 10 11 12 13 14 15 16 17 18
12Z AVG MX 2MIN
DY MAX MIN AVG DEP HDD CDD WTR SNW DPTH SPD SPD DIR MIN PSBL S-S WX SPD DR
================================================================================
1 60 28 44 1 21 0 0.00 0.0 0 3.8 13 200 M M 0 15 210
2 70 37 54 10 11 0 0.00 0.0 0 4.7 12 80 M M 0 16 30
3 56 34 45 1 20 0 0.00 0.0 0 5.5 13 50 M M 0 19 50
4 53 30 42 -2 23 0 0.00 0.0 0 9.3 17 60 M M 0 26 60
5 61 40 51 7 14 0 0.00 0.0 0 11.4 22 20 M M 3 31 40
6 59 36 48 4 17 0 0.00 0.0 0 8.1 18 40 M M 0 27 30
7 56 29 43 -1 22 0 0.00 0.0 0 4.1 12 90 M M 0 15 50
8 59 27 43 -1 22 0 0.00 0.0 0 3.6 10 200 M M 0 17 220
9 62 42 52 7 13 0 0.00 0.0 0 7.4 15 220 M M 3 22 260
10 72 50 61 16 4 0 0.09 0.0 0 10.9 22 220 M M 6 1 32 210
11 67 56 62 17 3 0 0.10 0.0 0 7.4 18 220 M M 9 1 25 230
12 61 55 58 13 7 0 1.88 0.0 0 10.7 25 170 M M 10 1 37 170
13 57 44 51 5 14 0 0.00 0.0 0 10.0 22 240 M M 1 37 320
14 64 41 53 7 12 0 0.00 0.0 0 4.2 14 200 M M 0 20 310
15 67 33 50 4 15 0 0.00 0.0 0 9.3 23 210 M M 0 34 210
16 64 42 53 7 12 0 0.00 0.0 0 7.0 17 240 M M 1 25 240
17 56 35 46 0 19 0 T 0.0 0 9.4 20 240 M M 2 30 350
18 50 28 39 -7 26 0 0.00 0.0 0 3.5 12 250 M M 0 16 210
19 59 27 43 -4 22 0 0.00 0.0 0 4.2 10 70 M M 0 16 10
20 61 26 44 -3 21 0 0.00 0.0 0 2.3 12 120 M M 0 16 130
21 61 31 46 -1 19 0 0.00 0.0 0 4.8 13 190 M M 0 17 230
22 68 38 53 6 12 0 T 0.0 0 9.9 24 220 M M 2 34 220
23 66 49 58 10 7 0 0.48 0.0 0 6.6 17 10 M M 6 1 29 350
24 62 33 48 0 17 0 0.00 0.0 0 10.5 23 280 M M 2 37 270
25 59 27 43 -5 22 0 0.00 0.0 0 5.0 13 200 M M 0 19 200
26 72 34 53 5 12 0 0.00 0.0 0 9.0 23 210 M M 0 29 200
27 63 48 56 7 9 0 0.07 0.0 0 10.5 22 190 M M 6 1 29 180
28 75 43 59 10 6 0 0.20 0.0 0 14.9 28 210 M M 8 40 210
29 52 35 44 -5 21 0 0.00 0.0 0 5.7 14 10 M M 0 24 350
================================================================================
SM 1792 1078 443 0 2.82 0.0 213.7 M 59
================================================================================
AV 61.8 37.2 7.4 FASTST M M 2 MAX(MPH)
MISC ----> 28 210 40 210
================================================================================
NOTES:
# LAST OF SEVERAL OCCURRENCES
COLUMN 17 PEAK WIND IN M.P.H.
PRELIMINARY LOCAL CLIMATOLOGICAL DATA (WS FORM: F-6) , PAGE 2
STATION: GREENVILLE-SPARTANBURG SC
MONTH: FEBRUARY
YEAR: 2024
LATITUDE: 34 54 N
LONGITUDE: 82 13 W
[TEMPERATURE DATA] [PRECIPITATION DATA] SYMBOLS USED IN COLUMN 16
AVERAGE MONTHLY: 49.5 TOTAL FOR MONTH: 2.82 1 = FOG OR MIST
DPTR FM NORMAL: 3.6 DPTR FM NORMAL: -1.02 2 = FOG REDUCING VISIBILITY
HIGHEST: 75 ON 28 GRTST 24HR 1.88 ON 12-12 TO 1/4 MILE OR LESS
LOWEST: 26 ON 20 3 = THUNDER
SNOW, ICE PELLETS, HAIL 4 = ICE PELLETS
TOTAL MONTH: 0.0 INCH 5 = HAIL
GRTST 24HR 0.0 6 = FREEZING RAIN OR DRIZZLE
GRTST DEPTH: 0 7 = DUSTSTORM OR SANDSTORM:
VSBY 1/2 MILE OR LESS
8 = SMOKE OR HAZE
[NO. OF DAYS WITH] [WEATHER - DAYS WITH] 9 = BLOWING SNOW
X = TORNADO
MAX 32 OR BELOW: 0 0.01 INCH OR MORE: 6
MAX 90 OR ABOVE: 0 0.10 INCH OR MORE: 4
MIN 32 OR BELOW: 9 0.50 INCH OR MORE: 1
MIN 0 OR BELOW: 0 1.00 INCH OR MORE: 1
[HDD (BASE 65) ]
TOTAL THIS MO. 443 CLEAR (SCALE 0-3) 23
DPTR FM NORMAL -93 PTCLDY (SCALE 4-7) 4
TOTAL FM JUL 1 2258 CLOUDY (SCALE 8-10) 2
DPTR FM NORMAL -200
[CDD (BASE 65) ]
TOTAL THIS MO. 0
DPTR FM NORMAL -1 [PRESSURE DATA]
TOTAL FM JAN 1 0 HIGHEST SLP 30.46 ON 29
DPTR FM NORMAL -1 LOWEST SLP 29.46 ON 13
[REMARKS]
#FINAL-02-24#