628
CXUS52 KGSP 010817
CF6GSP
PRELIMINARY LOCAL CLIMATOLOGICAL DATA (WS FORM: F-6)
STATION: GREENVILLE-SPARTANBURG SC
MONTH: SEPTEMBER
YEAR: 2020
LATITUDE: 34 54 N
LONGITUDE: 82 13 W
TEMPERATURE IN F: :PCPN: SNOW: WIND :SUNSHINE: SKY :PK WND
================================================================================
1 2 3 4 5 6A 6B 7 8 9 10 11 12 13 14 15 16 17 18
12Z AVG MX 2MIN
DY MAX MIN AVG DEP HDD CDD WTR SNW DPTH SPD SPD DIR MIN PSBL S-S WX SPD DR
================================================================================
1 90 73 82 6 0 17 0.00 0.0 0 2.5 10 180 M M 6 1 15 180
2 93 73 83 7 0 18 0.00 0.0 0 6.5 18 220 M M 2 12 24 230
3 93 70 82 6 0 17 0.00 0.0 0 8.4 18 230 M M 0 23 230
4 94 71 83 7 0 18 0.00 0.0 0 3.4 16 360 M M 3 23 10
5 83 63 73 -3 0 8 0.00 0.0 0 7.6 18 50 M M 2 27 20
6 83 57 70 -5 0 5 0.00 0.0 0 3.8 12 50 M M 0 17 110
7 85 56 71 -4 0 6 0.00 0.0 0 2.9 9 110 M M 0 1 12 80
8 85 60 73 -2 0 8 0.00 0.0 0 5.8 14 90 M M 1 19 80
9 83 68 76 2 0 11 0.10 0.0 0 8.1 15 70 M M 8 1 22 60
10 86 71 79 5 0 14 0.11 0.0 0 4.8 13 120 M M 6 1 16 140
11 91 69 80 6 0 15 0.15 0.0 0 4.4 15 100 M M 2 1 18 100
12 84 73 79 6 0 14 0.04 0.0 0 7.1 15 90 M M 9 1 21 100
13 79 67 73 0 0 8 0.24 0.0 0 4.4 12 100 M M 7 1 16 90
14 87 65 76 3 0 11 0.03 0.0 0 6.0 16 10 M M 3 1 27 20
15 76 64 70 -2 0 5 0.00 0.0 0 9.2 16 60 M M 5 22 20
16 75 57 66 -6 0 1 0.09 0.0 0 10.2 16 40 M M 4 1 23 30
17 68 63 66 -6 0 1 3.00 0.0 0 13.1 18 20 M M 10 1 28 360
18 81 64 73 2 0 8 0.00 0.0 0 8.2 16 40 M M 6 23 20
19 68 55 62 -9 3 0 0.00 0.0 0 9.3 18 60 M M 4 23 50
20 69 48 59 -12 6 0 0.00 0.0 0 10.3 20 30 M M 1 27 50
21 69 48 59 -11 6 0 0.00 0.0 0 8.4 18 60 M M 0 26 50
22 71 45 58 -12 7 0 0.00 0.0 0 3.4 8 130 M M 1 17 130
23 77 54 66 -4 0 1 0.00 0.0 0 2.0 12 200 M M 0 14 200
24 70 61 66 -3 0 1 0.33 0.0 0 3.8 10 50 M M 8 1 15 10
25 65 59 62 -7 3 0 0.90 0.0 0 8.4 17 40 M M 10 1 23 50
26 71 58 65 -3 0 0 0.00 0.0 0 2.9 8 70 M M 8 1 11 30
27 77 57 67 -1 0 2 0.11 0.0 0 4.0 12 180 M M 9 12 14 180
28 83 67 75 7 0 10 0.06 0.0 0 8.3 16 220 M M 8 1 20 200
29 74 53 64 -3 1 0 0.16 0.0 0 6.1 17 230 M M 8 1 26 210
30 73 49 61 -6 4 0 0.00 0.0 0 4.1 13 230 M M 3 12 18 230
================================================================================
SM 2383 1838 30 199 5.32 0.0 187.4 M 134
================================================================================
AV 79.4 61.3 6.2 FASTST M M 4 MAX(MPH)
MISC ----> 20 30 28 360
================================================================================
NOTES:
# LAST OF SEVERAL OCCURRENCES
COLUMN 17 PEAK WIND IN M.P.H.
PRELIMINARY LOCAL CLIMATOLOGICAL DATA (WS FORM: F-6) , PAGE 2
STATION: GREENVILLE-SPARTANBURG SC
MONTH: SEPTEMBER
YEAR: 2020
LATITUDE: 34 54 N
LONGITUDE: 82 13 W
[TEMPERATURE DATA] [PRECIPITATION DATA] SYMBOLS USED IN COLUMN 16
AVERAGE MONTHLY: 70.4 TOTAL FOR MONTH: 5.32 1 = FOG OR MIST
DPTR FM NORMAL: -1.7 DPTR FM NORMAL: 1.89 2 = FOG REDUCING VISIBILITY
HIGHEST: 94 ON 4 GRTST 24HR 3.08 ON 16-17 TO 1/4 MILE OR LESS
LOWEST: 45 ON 22 3 = THUNDER
SNOW, ICE PELLETS, HAIL 4 = ICE PELLETS
TOTAL MONTH: 0.0 INCH 5 = HAIL
GRTST 24HR 0.0 6 = FREEZING RAIN OR DRIZZLE
GRTST DEPTH: 0 7 = DUSTSTORM OR SANDSTORM:
VSBY 1/2 MILE OR LESS
8 = SMOKE OR HAZE
[NO. OF DAYS WITH] [WEATHER - DAYS WITH] 9 = BLOWING SNOW
X = TORNADO
MAX 32 OR BELOW: 0 0.01 INCH OR MORE: 13
MAX 90 OR ABOVE: 5 0.10 INCH OR MORE: 9
MIN 32 OR BELOW: 0 0.50 INCH OR MORE: 2
MIN 0 OR BELOW: 0 1.00 INCH OR MORE: 1
[HDD (BASE 65) ]
TOTAL THIS MO. 30 CLEAR (SCALE 0-3) 13
DPTR FM NORMAL 13 PTCLDY (SCALE 4-7) 13
TOTAL FM JUL 1 30 CLOUDY (SCALE 8-10) 4
DPTR FM NORMAL 14
[CDD (BASE 65) ]
TOTAL THIS MO. 199
DPTR FM NORMAL -28 [PRESSURE DATA]
TOTAL FM JAN 1 1650 HIGHEST SLP 30.46 ON 21
DPTR FM NORMAL -12 LOWEST SLP 29.73 ON 17
[REMARKS]
#FINAL-09-20#