000
CXUS54 KAMA 010810
CF6GUY
PRELIMINARY LOCAL CLIMATOLOGICAL DATA (WS FORM: F-6)
STATION: GUYMON
MONTH: NOVEMBER
YEAR: 2022
LATITUDE: 36 41 N
LONGITUDE: 101 30 W
TEMPERATURE IN F: :PCPN: SNOW: WIND :SUNSHINE: SKY :PK WND
================================================================================
1 2 3 4 5 6A 6B 7 8 9 10 11 12 13 14 15 16 17 18
12Z AVG MX 2MIN
DY MAX MIN AVG DEP HDD CDD WTR SNW DPTH SPD SPD DIR MIN PSBL S-S WX SPD DR
================================================================================
1 78 47 63 12 2 0 0.00 M M 15.5 25 200 M M 0 34 210
2 79 52 66 15 0 1 0.00 M M 19.7 33 210 M M 0 43 200
3 78 41 60 9 5 0 0.00 M M 17.4 32 210 M M 0 43 210
4 41 32 37 -13 28 0 0.07 M M 15.4 26 20 M M 6 1 35 10
5 66 27 47 -3 18 0 0.00 M M 9.3 22 190 M M 0 31 200
6 65 36 51 2 14 0 0.00 M M 12.1 24 20 M M 0 32 20
7 65 34 50 1 15 0 0.00 M M 8.0 18 160 M M 1 24 180
8 77 54 66 17 0 1 0.01 M M 15.6 30 200 M M 6 1 43 190
9 76 59 68 20 0 3 0.00 M M 22.0 35 210 M M 5 45 180
10 66 36 51 3 14 0 0.00 M M 15.0 30 350 M M 0 44 200
11 42 21 32 -15 33 0 0.00 M M 12.5 25 30 M M 4 34 30
12 54 17 36 -11 29 0 0.00 M M 6.4 15 210 M M 0 23 200
13 59 30 45 -2 20 0 0.00 M M 16.3 33 200 M M 0 47 190
14 39 16 28 -18 37 0 0.04 M M 12.7 29 10 M M 7 128 40 20
15 38 14 26 -20 39 0 0.00 M M 6.1 15 360 M M 4 18 30
16 46 20 33 -12 32 0 0.00 M M 5.6 17 360 M M 0 22 360
17 45 19 32 -13 33 0 0.00 M M 13.1 30 30 M M 3 41 20
18 28 14 21 -24 44 0 0.00 M M 8.6 18 50 M M 8 23 40
19 46 13 30 -14 35 0 0.00 M M 8.5 22 10 M M 0 30 10
20 55 16 36 -8 29 0 0.00 M M 11.5 26 230 M M 0 35 230
21 59 16 38 -5 27 0 0.00 M M 4.2 9 290 M M 0 13 50
22 59 21 40 -3 25 0 0.00 M M 6.1 14 250 M M 0 8 18 250
23 62 21 42 -1 23 0 0.00 M M 7.7 24 210 M M 0 32 220
24 50 34 42 0 23 0 0.00 M M 22.8 37 10 M M 4 50 10
25 53 27 40 -2 25 0 0.00 M M 7.4 13 70 M M 1 17 320
26 46 29 38 -4 27 0 0.01 M M 3.7 10 250 M M 5 12 14 310
27 43 24 34 -7 31 0 0.00 M M 12.1 25 360 M M 4 34 360
28 68 20 44 3 21 0 0.00 M M 11.4 29 240 M M 0 38 240
29 50 12 31 -9 34 0 T M M 14.9 28 240 M M 4 18 36 240
30 44 10 27 -13 38 0 0.00 M M 11.5 24 190 M M 0 36 190
================================================================================
SM 1677 812 701 5 0.13 M 353.1 M 62
================================================================================
AV 55.9 27.1 11.8 FASTST M M 2 MAX(MPH)
MISC ----> 37 10 50 10
================================================================================
NOTES:
# LAST OF SEVERAL OCCURRENCES
COLUMN 17 PEAK WIND IN M.P.H.
PRELIMINARY LOCAL CLIMATOLOGICAL DATA (WS FORM: F-6) , PAGE 2
STATION: GUYMON
MONTH: NOVEMBER
YEAR: 2022
LATITUDE: 36 41 N
LONGITUDE: 101 30 W
[TEMPERATURE DATA] [PRECIPITATION DATA] SYMBOLS USED IN COLUMN 16
AVERAGE MONTHLY: 41.5 TOTAL FOR MONTH: 0.13 1 = FOG OR MIST
DPTR FM NORMAL: -4.2 DPTR FM NORMAL: -0.38 2 = FOG REDUCING VISIBILITY
HIGHEST: 79 ON 2 GRTST 24HR 0.07 ON 4- 4 TO 1/4 MILE OR LESS
LOWEST: 10 ON 30 3 = THUNDER
SNOW, ICE PELLETS, HAIL 4 = ICE PELLETS
TOTAL MONTH: M 5 = HAIL
GRTST 24HR M ON M 6 = FREEZING RAIN OR DRIZZLE
GRTST DEPTH: M ON M 7 = DUSTSTORM OR SANDSTORM:
VSBY 1/2 MILE OR LESS
8 = SMOKE OR HAZE
[NO. OF DAYS WITH] [WEATHER - DAYS WITH] 9 = BLOWING SNOW
X = TORNADO
MAX 32 OR BELOW: 1 0.01 INCH OR MORE: 4
MAX 90 OR ABOVE: 0 0.10 INCH OR MORE: 0
MIN 32 OR BELOW: 21 0.50 INCH OR MORE: 0
MIN 0 OR BELOW: 0 1.00 INCH OR MORE: 0
[HDD (BASE 65) ]
TOTAL THIS MO. 701 CLEAR (SCALE 0-3) 19
DPTR FM NORMAL 119 PTCLDY (SCALE 4-7) 10
TOTAL FM JUL 1 910 CLOUDY (SCALE 8-10) 1
DPTR FM NORMAL 39
[CDD (BASE 65) ]
TOTAL THIS MO. 5
DPTR FM NORMAL 4 [PRESSURE DATA]
TOTAL FM JAN 1 2080 HIGHEST SLP M ON M
DPTR FM NORMAL 441 LOWEST SLP 29.34 ON 29
[REMARKS]
#FINAL-11-22#