000
CXUS54 KAMA 010710
CF6GUY
PRELIMINARY LOCAL CLIMATOLOGICAL DATA (WS FORM: F-6)
STATION: GUYMON
MONTH: MAY
YEAR: 2021
LATITUDE: 36 41 N
LONGITUDE: 101 30 W
TEMPERATURE IN F: :PCPN: SNOW: WIND :SUNSHINE: SKY :PK WND
================================================================================
1 2 3 4 5 6A 6B 7 8 9 10 11 12 13 14 15 16 17 18
12Z AVG MX 2MIN
DY MAX MIN AVG DEP HDD CDD WTR SNW DPTH SPD SPD DIR MIN PSBL S-S WX SPD DR
================================================================================
1 84 44 64 4 1 0 0.00 M M 14.5 25 200 M M 0 36 210
2 91 56 74 13 0 9 0.02 M M 13.8 30 240 M M 1 38 39 190
3 59 50 55 -6 10 0 0.33 M M 17.4 32 10 M M 9 13 39 10
4 63 44 54 -7 11 0 0.00 M M 8.7 22 360 M M 3 28 360
5 79 43 61 -1 4 0 T M M 10.9 29 360 M M 3 38 30
6 77 50 64 2 1 0 0.00 M M 7.4 16 160 M M 3 23 190
7 86 51 69 7 0 4 0.01 M M 13.9 30 320 M M 1 3 39 320
8 93 57 75 12 0 10 T M M 19.9 37 350 M M 0 47 350
9 69 47 58 -5 7 0 0.00 M M 15.0 28 360 M M 3 35 10
10 54 44 49 -15 16 0 0.01 M M 11.4 18 80 M M 10 23 90
11 50 43 47 -17 18 0 0.03 M M 10.8 18 60 M M 10 1 26 60
12 59 45 52 -12 13 0 0.00 M M 5.2 10 120 M M 9 15 120
13 74 45 60 -5 5 0 T M M 14.0 25 190 M M 3 32 200
14 85 52 69 4 0 4 0.00 M M 17.3 30 200 M M 1 41 190
15 83 55 69 3 0 4 0.48 M M 11.5 26 230 M M 4 13 35 230
16 81 55 68 2 0 3 0.60 M M 9.2 25 280 M M 2 3 35 280
17 77 51 64 -2 1 0 1.20 M M 9.3 39 230 M M 4 13 60 230
18 72 49 61 -6 4 0 0.01 M M 5.8 17 210 M M 5 3 22 200
19 75 56 66 -1 0 1 T M M 5.7 16 170 M M 7 21 180
20 79 53 66 -2 0 1 0.00 M M 12.5 24 170 M M 4 1 36 180
21 82 62 72 4 0 7 0.00 M M 17.3 28 160 M M 3 42 170
22 81 65 73 5 0 8 0.00 M M 14.4 23 150 M M 5 35 170
23 82 63 73 4 0 8 0.05 M M 16.6 26 170 M M 8 1 40 170
24 82 67 75 6 0 10 0.00 M M 16.5 28 170 M M 6 40 170
25 84 58 71 1 0 6 0.00 M M 8.7 21 270 M M 2 1 30 160
26 88 61 75 5 0 10 0.00 M M 12.4 24 150 M M 2 123 39 170
27 81 60 71 1 0 6 0.00 M M 13.3 29 200 M M 1 3 42 200
28 77 51 64 -7 1 0 0.00 M M 8.3 17 90 M M 1 27 90
29 78 52 65 -6 0 0 0.00 M M 11.8 22 180 M M 4 34 200
30 70 57 64 -7 1 0 1.13 M M 12.0 22 40 M M 8 13 32 190
31 67 54 61 -11 4 0 T M M 8.9 20 30 M M 10 1 27 40
================================================================================
SM 2362 1640 97 91 3.87 M 374.4 M 132
================================================================================
AV 76.2 52.9 12.1 FASTST M M 4 MAX(MPH)
MISC ----> 39 230 60 230
================================================================================
NOTES:
# LAST OF SEVERAL OCCURRENCES
COLUMN 17 PEAK WIND IN M.P.H.
PRELIMINARY LOCAL CLIMATOLOGICAL DATA (WS FORM: F-6) , PAGE 2
STATION: GUYMON
MONTH: MAY
YEAR: 2021
LATITUDE: 36 41 N
LONGITUDE: 101 30 W
[TEMPERATURE DATA] [PRECIPITATION DATA] SYMBOLS USED IN COLUMN 16
AVERAGE MONTHLY: 64.5 TOTAL FOR MONTH: 3.87 1 = FOG OR MIST
DPTR FM NORMAL: -1.5 DPTR FM NORMAL: 1.62 2 = FOG REDUCING VISIBILITY
HIGHEST: 93 ON 8 GRTST 24HR 1.21 ON 17-18 TO 1/4 MILE OR LESS
LOWEST: 43 ON 11, 5 3 = THUNDER
SNOW, ICE PELLETS, HAIL 4 = ICE PELLETS
TOTAL MONTH: M 5 = HAIL
GRTST 24HR M ON M 6 = FREEZING RAIN OR DRIZZLE
GRTST DEPTH: M ON M 7 = DUSTSTORM OR SANDSTORM:
VSBY 1/2 MILE OR LESS
8 = SMOKE OR HAZE
[NO. OF DAYS WITH] [WEATHER - DAYS WITH] 9 = BLOWING SNOW
X = TORNADO
MAX 32 OR BELOW: 0 0.01 INCH OR MORE: 11
MAX 90 OR ABOVE: 2 0.10 INCH OR MORE: 5
MIN 32 OR BELOW: 0 0.50 INCH OR MORE: 3
MIN 0 OR BELOW: 0 1.00 INCH OR MORE: 2
[HDD (BASE 65) ]
TOTAL THIS MO. 97 CLEAR (SCALE 0-3) 14
DPTR FM NORMAL 7 PTCLDY (SCALE 4-7) 11
TOTAL FM JUL 1 4462 CLOUDY (SCALE 8-10) 6
DPTR FM NORMAL 172
[CDD (BASE 65) ]
TOTAL THIS MO. 91
DPTR FM NORMAL -30 [PRESSURE DATA]
TOTAL FM JAN 1 114 HIGHEST SLP M ON M
DPTR FM NORMAL -30 LOWEST SLP 29.20 ON 2
[REMARKS]
#FINAL-05-21#