000
CXUS54 KFWD 010831
CF6GYI
PRELIMINARY LOCAL CLIMATOLOGICAL DATA (WS FORM: F-6)
STATION: SHERMAN/DENISON
MONTH: FEBRUARY
YEAR: 2023
LATITUDE: 33 42 N
LONGITUDE: 96 40 W
TEMPERATURE IN F: :PCPN: SNOW: WIND :SUNSHINE: SKY :PK WND
================================================================================
1 2 3 4 5 6A 6B 7 8 9 10 11 12 13 14 15 16 17 18
12Z AVG MX 2MIN
DY MAX MIN AVG DEP HDD CDD WTR SNW DPTH SPD SPD DIR MIN PSBL S-S WX SPD DR
================================================================================
1 32 26 29 -15 36 0 0.07 M M 5.4 9 360 M M 6 6 M M
2 34 28 31 -13 34 0 0.02 M M 4.7 8 340 M M 9 16 M M
3 55 25 40 -4 25 0 0.00 M M 4.7 10 350 M M 0 18 M M
4 58 36 47 3 18 0 0.00 M M 11.8 24 180 M M 0 30 180
5 72 41 57 13 8 0 0.00 M M 8.8 14 210 M M 0 20 210
6 71 53 62 18 3 0 0.00 M M 17.0 28 170 M M 3 18 35 170
7 61 46 54 9 11 0 0.16 M M 12.0 16 50 M M 10 1 25 10
8 48 36 42 -3 23 0 0.34 M M 11.4 17 260 M M 9 1 28 270
9 58 31 45 0 20 0 0.00 M M 5.1 13 350 M M 2 1 M M
10 46 34 40 -5 25 0 0.00 M M 10.8 17 330 M M 10 8 25 360
11 56 32 44 -2 21 0 0.00 M M 5.3 9 310 M M 5 M M
12 65 31 48 2 17 0 0.00 M M 6.8 15 200 M M 0 18 220
13 66 39 53 7 12 0 0.00 M M 8.2 32 170 M M 0 40 170
14 68 50 59 13 6 0 0.30 M M 17.4 30 210 M M 3 1 40 210
15 74 46 60 14 5 0 0.00 M M 11.8 21 140 M M 1 32 200
16 56 32 44 -3 21 0 0.00 M M 18.4 30 320 M M 3 36 320
17 53 27 40 -7 25 0 0.00 M M 6.8 20 340 M M 0 28 340
18 53 31 42 -5 23 0 0.00 M M 10.2 15 200 M M 1 M M
19 67 45 56 9 9 0 0.00 M M 14.4 24 200 M M 0 29 200
20 82 57 70 22 0 5 0.00 M M 12.0 24 250 M M 0 35 250
21 85 51 68 20 0 3 0.00 M M 10.8 22 170 M M 0 29 170
22 78 57 68 20 0 3 0.02 M M 17.0 26 180 M M 4 35 180
23 66 37 52 4 13 0 0.00 M M 13.3 20 360 M M 3 30 200
24 43 38 41 -8 24 0 0.00 M M 10.3 15 360 M M 10 1 18 30
25 47 37 42 -7 23 0 0.02 M M 3.8 8 340 M M 10 1 M M
26 71 45 58 9 7 0 0.00 M M 10.3 30 170 M M 7 12 43 240
27 77 48 63 14 2 0 0.01 M M 9.7 17 240 M M 0 18 24 250
28 82 47 65 15 0 0 0.00 M M 10.4 17 200 M M 0 21 200
================================================================================
SM 1724 1106 411 11 0.94 M 288.5 M 96
================================================================================
AV 61.6 39.5 10.3 FASTST M M 3 MAX(MPH)
MISC ----> 32 170 43 240
================================================================================
NOTES:
# LAST OF SEVERAL OCCURRENCES
COLUMN 17 PEAK WIND IN M.P.H.
PRELIMINARY LOCAL CLIMATOLOGICAL DATA (WS FORM: F-6) , PAGE 2
STATION: SHERMAN/DENISON
MONTH: FEBRUARY
YEAR: 2023
LATITUDE: 33 42 N
LONGITUDE: 96 40 W
[TEMPERATURE DATA] [PRECIPITATION DATA] SYMBOLS USED IN COLUMN 16
AVERAGE MONTHLY: 50.5 TOTAL FOR MONTH: 0.94 1 = FOG OR MIST
DPTR FM NORMAL: 4.1 DPTR FM NORMAL: -2.00 2 = FOG REDUCING VISIBILITY
HIGHEST: 85 ON 21 GRTST 24HR 0.34 ON 8- 8 TO 1/4 MILE OR LESS
LOWEST: 25 ON 3 3 = THUNDER
SNOW, ICE PELLETS, HAIL 4 = ICE PELLETS
TOTAL MONTH: M 5 = HAIL
GRTST 24HR M ON M 6 = FREEZING RAIN OR DRIZZLE
GRTST DEPTH: M ON M 7 = DUSTSTORM OR SANDSTORM:
VSBY 1/2 MILE OR LESS
8 = SMOKE OR HAZE
[NO. OF DAYS WITH] [WEATHER - DAYS WITH] 9 = BLOWING SNOW
X = TORNADO
MAX 32 OR BELOW: 1 0.01 INCH OR MORE: 8
MAX 90 OR ABOVE: 0 0.10 INCH OR MORE: 3
MIN 32 OR BELOW: 9 0.50 INCH OR MORE: 0
MIN 0 OR BELOW: 0 1.00 INCH OR MORE: 0
[HDD (BASE 65) ]
TOTAL THIS MO. 411 CLEAR (SCALE 0-3) 15
DPTR FM NORMAL -111 PTCLDY (SCALE 4-7) 7
TOTAL FM JUL 1 1927 CLOUDY (SCALE 8-10) 6
DPTR FM NORMAL -435
[CDD (BASE 65) ]
TOTAL THIS MO. 11
DPTR FM NORMAL 10 [PRESSURE DATA]
TOTAL FM JAN 1 14 HIGHEST SLP M ON M
DPTR FM NORMAL 14 LOWEST SLP M ON M
[REMARKS]
#FINAL-02-23#