000
CXUS54 KFWD 220504
CF6GYI
PRELIMINARY LOCAL CLIMATOLOGICAL DATA (WS FORM: F-6)
STATION: SHERMAN/DENISON
MONTH: JULY
YEAR: 2022
LATITUDE: 33 42 N
LONGITUDE: 96 40 W
TEMPERATURE IN F: :PCPN: SNOW: WIND :SUNSHINE: SKY :PK WND
================================================================================
1 2 3 4 5 6A 6B 7 8 9 10 11 12 13 14 15 16 17 18
12Z AVG MX 2MIN
DY MAX MIN AVG DEP HDD CDD WTR SNW DPTH SPD SPD DIR MIN PSBL S-S WX SPD DR
================================================================================
1 95 73 84 3 0 19 0.00 M M 7.1 13 120 M M 1 M M
2 96 73 85 4 0 20 0.00 M M 6.7 10 160 M M 2 17 130
3 97 74 86 5 0 21 0.00 M M 4.8 8 110 M M 0 M M
4 99 79 89 8 0 24 0.00 M M 11.0 15 140 M M 0 24 170
5 101 77 89 7 0 24 0.00 M M 11.5 18 200 M M 0 25 200
6 102 79 91 9 0 26 0.00 M M 10.5 17 190 M M 0 21 210
7 102 78 90 8 0 25 0.00 M M 10.2 16 190 M M 0 21 140
8 105 78 92 10 0 27 0.00 M M 9.2 15 200 M M 0 20 210
9 102 77 90 8 0 25 0.00 M M 5.1 12 360 M M 0 M M
10 99 75 87 5 0 22 0.00 M M 5.4 12 10 M M 0 M M
11 101 75 88 6 0 23 0.00 M M 6.4 9 120 M M 0 M M
12 102 71 87 5 0 22 0.00 M M 6.0 12 50 M M 0 17 10
13 102 75 89 7 0 24 0.00 M M 5.3 9 10 M M 0 M M
14 98 75 87 5 0 22 0.00 M M 8.4 17 170 M M 0 24 170
15 100 74 87 4 0 22 0.00 M M 5.4 8 150 M M 1 M M
16 101 76 89 6 0 24 0.00 M M 8.4 12 160 M M 0 18 150
17 105 79 92 9 0 27 0.00 M M 9.9 14 190 M M 0 20 210
18 108 84 96 13 0 31 0.00 M M 10.4 17 200 M M 0 20 220
19 108 84 96 13 0 31 0.00 M M 15.0 21 210 M M 0 29 190
20 106 84 95 12 0 30 0.00 M M 12.2 18 250 M M 0 25 250
21 93 79 86 3 0 21 0.00 M M 6.9 14 110 M M 1 23 110
22 102 77 90 7 0 25 0.00 M M 9.8 20 160 M M 0 24 160
23 100 76 88 5 0 23 0.00 M M 10.0 15 160 M M 0 22 170
24 102 80 91 8 0 26 0.00 M M 10.8 15 130 M M 0 18 190
25 103 80 92 9 0 27 0.00 M M 10.0 15 200 M M 1 21 130
26 103 81 92 9 0 27 0.00 M M 10.7 15 190 M M 0 22 190
27 103 82 93 10 0 28 0.00 M M 10.9 16 150 M M 1 23 150
28 103 78 91 8 0 26 0.00 M M 9.5 16 190 M M 1 22 280
29 102 79 91 8 0 26 0.00 M M 9.8 17 340 M M 2 30 340
30 96 79 88 5 0 23 0.00 M M 7.9 12 110 M M 1 16 270
31 102 81 92 9 0 27 0.00 M M 10.3 15 150 M M 2 18 90
================================================================================
SM 3138 2412 0 768 0.00 M 275.3 M 13
================================================================================
AV101.2 77.8 8.9 FASTST M M 0 MAX(MPH)
MISC ----> 21 210 30 340
================================================================================
NOTES:
# LAST OF SEVERAL OCCURRENCES
COLUMN 17 PEAK WIND IN M.P.H.
PRELIMINARY LOCAL CLIMATOLOGICAL DATA (WS FORM: F-6) , PAGE 2
STATION: SHERMAN/DENISON
MONTH: JULY
YEAR: 2022
LATITUDE: 33 42 N
LONGITUDE: 96 40 W
[TEMPERATURE DATA] [PRECIPITATION DATA] SYMBOLS USED IN COLUMN 16
AVERAGE MONTHLY: 89.5 TOTAL FOR MONTH: 0.00 1 = FOG OR MIST
DPTR FM NORMAL: 7.0 DPTR FM NORMAL: -2.62 2 = FOG REDUCING VISIBILITY
HIGHEST: 108 ON 18,19 GRTST 24HR 0.00 ON 9- 9 TO 1/4 MILE OR LESS
LOWEST: 71 ON 12 3 = THUNDER
SNOW, ICE PELLETS, HAIL 4 = ICE PELLETS
TOTAL MONTH: M 5 = HAIL
GRTST 24HR M ON M 6 = FREEZING RAIN OR DRIZZLE
GRTST DEPTH: M ON M 7 = DUSTSTORM OR SANDSTORM:
VSBY 1/2 MILE OR LESS
8 = SMOKE OR HAZE
[NO. OF DAYS WITH] [WEATHER - DAYS WITH] 9 = BLOWING SNOW
X = TORNADO
MAX 32 OR BELOW: 0 0.01 INCH OR MORE: 0
MAX 90 OR ABOVE: 31 0.10 INCH OR MORE: 0
MIN 32 OR BELOW: 0 0.50 INCH OR MORE: 0
MIN 0 OR BELOW: 0 1.00 INCH OR MORE: 0
[HDD (BASE 65) ]
TOTAL THIS MO. 0 CLEAR (SCALE 0-3) 31
DPTR FM NORMAL 0 PTCLDY (SCALE 4-7) 0
TOTAL FM JUL 1 0 CLOUDY (SCALE 8-10) 0
DPTR FM NORMAL 0
[CDD (BASE 65) ]
TOTAL THIS MO. 768
DPTR FM NORMAL 226 [PRESSURE DATA]
TOTAL FM JAN 1 1724 HIGHEST SLP M ON M
DPTR FM NORMAL 519 LOWEST SLP M ON M
[REMARKS]
#FINAL-07-22#