000
CXUS54 KOUN 010810
CF6HBR
PRELIMINARY LOCAL CLIMATOLOGICAL DATA (WS FORM: F-6)
STATION: HOBART
MONTH: APRIL
YEAR: 2023
LATITUDE: 35 0 N
LONGITUDE: 99 3 W
TEMPERATURE IN F: :PCPN: SNOW: WIND :SUNSHINE: SKY :PK WND
================================================================================
1 2 3 4 5 6A 6B 7 8 9 10 11 12 13 14 15 16 17 18
12Z AVG MX 2MIN
DY MAX MIN AVG DEP HDD CDD WTR SNW DPTH SPD SPD DIR MIN PSBL S-S WX SPD DR
================================================================================
1 70 36 53 -4 12 0 0.00 M M 10.4 20 140 M M 0 24 150
2 79 46 63 6 2 0 0.00 M M 17.7 30 190 M M 1 37 180
3 95 45 70 13 0 5 0.00 M M 16.3 33 240 M M 0 12 42 220
4 93 54 74 17 0 9 0.00 M M 18.9 39 250 M M 0 8 51 240
5 60 35 48 -10 17 0 0.00 M M 13.6 25 10 M M 0 33 360
6 63 31 47 -11 18 0 T M M 10.6 21 90 M M 0 26 110
7 70 27 49 -9 16 0 T M M 9.3 21 130 M M 0 27 130
8 74 40 57 -1 8 0 0.00 M M 8.9 18 140 M M 0 27 150
9 75 45 60 2 5 0 0.11 M M 10.3 21 210 M M 2 13 27 210
10 79 45 62 3 3 0 0.00 M M 9.1 28 150 M M 2 123 33 150
11 79 50 65 6 0 0 0.00 M M 13.6 22 150 M M 0 30 150
12 81 49 65 6 0 0 0.00 M M 15.9 25 190 M M 0 32 160
13 83 50 67 8 0 2 0.00 M M 17.3 28 180 M M 0 34 180
14 87 58 73 13 0 8 0.00 M M 21.0 30 150 M M 0 37 150
15 71 40 56 -4 9 0 0.00 M M 18.1 33 350 M M 0 43 340
16 73 33 53 -7 12 0 0.00 M M 9.1 17 350 M M 0 28 350
17 83 42 63 3 2 0 0.00 M M 18.9 31 220 M M 0 41 210
18 85 52 69 8 0 4 0.00 M M 22.5 36 170 M M 0 44 170
19 95 63 79 18 0 14 0.00 M M 23.6 35 240 M M 0 43 210
20 76 45 61 0 4 0 0.00 M M 16.4 32 350 M M 1 8 41 350
21 75 43 59 -2 6 0 0.00 M M 10.3 23 250 M M 1 27 270
22 53 44 49 -13 16 0 T M M 15.7 31 60 M M 6 39 50
23 63 37 50 -12 15 0 0.00 M M 8.6 17 180 M M 3 25 220
24 64 37 51 -11 14 0 T M M 11.7 22 150 M M 7 30 170
25 62 52 57 -6 8 0 0.08 M M 15.9 28 90 M M 9 1 33 90
26 58 50 54 -9 11 0 1.28 M M 11.2 33 110 M M 9 13 42 110
27 62 46 54 -9 11 0 0.06 M M 9.6 17 350 M M 7 1 22 350
28 56 44 50 -14 15 0 0.18 M M 11.0 29 360 M M 5 1 35 360
29 77 40 59 -5 6 0 0.00 M M 10.8 21 350 M M 0 29 360
30 73 46 60 -4 5 0 0.00 M M 9.9 18 80 M M 0 25 40
================================================================================
SM 2214 1325 215 42 1.71 M 416.2 M 53
================================================================================
AV 73.8 44.2 13.9 FASTST M M 2 MAX(MPH)
MISC ----> 39 250 51 240
================================================================================
NOTES:
# LAST OF SEVERAL OCCURRENCES
COLUMN 17 PEAK WIND IN M.P.H.
PRELIMINARY LOCAL CLIMATOLOGICAL DATA (WS FORM: F-6) , PAGE 2
STATION: HOBART
MONTH: APRIL
YEAR: 2023
LATITUDE: 35 0 N
LONGITUDE: 99 3 W
[TEMPERATURE DATA] [PRECIPITATION DATA] SYMBOLS USED IN COLUMN 16
AVERAGE MONTHLY: 59.0 TOTAL FOR MONTH: 1.71 1 = FOG OR MIST
DPTR FM NORMAL: -1.1 DPTR FM NORMAL: -1.23 2 = FOG REDUCING VISIBILITY
HIGHEST: 95 ON 19, 3 GRTST 24HR 1.34 ON 26-27 TO 1/4 MILE OR LESS
LOWEST: 27 ON 7 3 = THUNDER
SNOW, ICE PELLETS, HAIL 4 = ICE PELLETS
TOTAL MONTH: M 5 = HAIL
GRTST 24HR M ON M 6 = FREEZING RAIN OR DRIZZLE
GRTST DEPTH: M ON M 7 = DUSTSTORM OR SANDSTORM:
VSBY 1/2 MILE OR LESS
8 = SMOKE OR HAZE
[NO. OF DAYS WITH] [WEATHER - DAYS WITH] 9 = BLOWING SNOW
X = TORNADO
MAX 32 OR BELOW: 0 0.01 INCH OR MORE: 5
MAX 90 OR ABOVE: 3 0.10 INCH OR MORE: 3
MIN 32 OR BELOW: 2 0.50 INCH OR MORE: 1
MIN 0 OR BELOW: 0 1.00 INCH OR MORE: 1
[HDD (BASE 65) ]
TOTAL THIS MO. 215 CLEAR (SCALE 0-3) 24
DPTR FM NORMAL 24 PTCLDY (SCALE 4-7) 4
TOTAL FM JUL 1 3358 CLOUDY (SCALE 8-10) 2
DPTR FM NORMAL -5
[CDD (BASE 65) ]
TOTAL THIS MO. 42
DPTR FM NORMAL -4 [PRESSURE DATA]
TOTAL FM JAN 1 47 HIGHEST SLP M ON M
DPTR FM NORMAL -10 LOWEST SLP 29.33 ON 4
[REMARKS]
#FINAL-04-23#