000
CXUS54 KOUN 010700
CF6HBR
PRELIMINARY LOCAL CLIMATOLOGICAL DATA (WS FORM: F-6)
STATION: HOBART
MONTH: FEBRUARY
YEAR: 2020
LATITUDE: 35 0 N
LONGITUDE: 99 3 W
TEMPERATURE IN F: :PCPN: SNOW: WIND :SUNSHINE: SKY :PK WND
================================================================================
1 2 3 4 5 6A 6B 7 8 9 10 11 12 13 14 15 16 17 18
12Z AVG MX 2MIN
DY MAX MIN AVG DEP HDD CDD WTR SNW DPTH SPD SPD DIR MIN PSBL S-S WX SPD DR
================================================================================
1 70 26 48 8 17 0 0.00 0.0 0 10.6 18 300 M M 0 22 310
2 73 34 54 14 11 0 0.00 0.0 0 10.8 20 210 M M 0 23 220
3 64 37 51 11 14 0 0.00 0.0 0 15.4 23 60 M M 1 27 50
4 38 29 34 -6 31 0 T 0.0 0 19.2 26 10 M M 10 168 31 10
5 34 22 28 -12 37 0 M M 0 12.8 23 360 M M 8 1 26 350
6 42 14 28 -12 37 0 0.00 0.0 0 10.2 21 190 M M 0 23 190
7 55 27 41 1 24 0 0.00 0.0 0 8.6 17 340 M M 6 22 340
8 59 30 45 4 20 0 0.00 0.0 0 11.4 25 180 M M 2 33 180
9 65 38 52 11 13 0 0.00 0.0 0 17.6 23 10 M M 4 30 180
10 38 32 35 -6 30 0 0.08 0.0 0 12.7 22 30 M M 6 1 26 40
11 43 35 39 -2 26 0 0.01 T 0 12.6 22 30 M M 10 1 26 30
12 47 32 40 -2 25 0 0.08 0.0 0 7.6 21 350 M M 9 1 24 350
13 37 22 30 -12 35 0 0.00 0.0 0 15.2 24 10 M M 5 29 10
14 45 22 34 -8 31 0 0.00 0.0 0 12.4 22 180 M M 3 28 190
15 61 38 50 8 15 0 0.00 0.0 0 13.7 28 190 M M 0 32 190
16 64 31 48 6 17 0 0.00 0.0 0 7.2 14 60 M M 0 18 15 80
17 61 35 48 5 17 0 0.00 0.0 0 10.4 22 30 M M 6 128 25 30
18 55 33 44 1 21 0 0.00 0.0 0 18.2 26 40 M M 2 31 30
19 58 29 44 1 21 0 0.00 0.0 0 11.3 23 50 M M 3 26 30
20 43 23 33 -10 32 0 0.00 0.0 0 17.4 30 50 M M 6 8 35 40
21 50 16 33 -11 32 0 0.00 0.0 0 9.8 20 180 M M 0 24 200
22 63 36 50 6 15 0 T 0.0 0 16.0 25 200 M M 0 32 190
23 54 47 51 7 14 0 0.33 0.0 0 17.7 26 260 M M 7 13 32 270
24 58 41 50 6 15 0 T M 0 18.9 32 330 M M 6 39 320
25 52 34 43 -2 22 0 0.03 M 0 20.7 31 360 M M 7 1 40 360
26 46 27 37 -8 28 0 0.00 0.0 0 16.2 31 360 M M 2 40 360
27 63 24 44 -1 21 0 0.00 0.0 0 10.8 17 220 M M 0 25 270
28 67 28 48 2 17 0 0.00 0.0 0 9.6 21 260 M M 0 26 270
29 76 36 56 10 9 0 0.00 0.0 0 16.1 31 200 M M 0 37 200
================================================================================
SM 1581 878 647 0 0.53 T 391.1 M 103
================================================================================
AV 54.5 30.3 13.5 FASTST M M 4 MAX(MPH)
MISC ----> # 32 330 # 40 360
================================================================================
NOTES:
# LAST OF SEVERAL OCCURRENCES
COLUMN 17 PEAK WIND IN M.P.H.
PRELIMINARY LOCAL CLIMATOLOGICAL DATA (WS FORM: F-6) , PAGE 2
STATION: HOBART
MONTH: FEBRUARY
YEAR: 2020
LATITUDE: 35 0 N
LONGITUDE: 99 3 W
[TEMPERATURE DATA] [PRECIPITATION DATA] SYMBOLS USED IN COLUMN 16
AVERAGE MONTHLY: 42.4 TOTAL FOR MONTH: 0.53 1 = FOG OR MIST
DPTR FM NORMAL: 0.1 DPTR FM NORMAL: -0.56 2 = FOG REDUCING VISIBILITY
HIGHEST: 76 ON 29 GRTST 24HR 0.33 ON 23-23 TO 1/4 MILE OR LESS
LOWEST: 14 ON 6 3 = THUNDER
SNOW, ICE PELLETS, HAIL 4 = ICE PELLETS
TOTAL MONTH: T 5 = HAIL
GRTST 24HR T ON 11-11 6 = FREEZING RAIN OR DRIZZLE
GRTST DEPTH: 0 7 = DUSTSTORM OR SANDSTORM:
VSBY 1/2 MILE OR LESS
8 = SMOKE OR HAZE
[NO. OF DAYS WITH] [WEATHER - DAYS WITH] 9 = BLOWING SNOW
X = TORNADO
MAX 32 OR BELOW: 0 0.01 INCH OR MORE: 5
MAX 90 OR ABOVE: 0 0.10 INCH OR MORE: 1
MIN 32 OR BELOW: 17 0.50 INCH OR MORE: 0
MIN 0 OR BELOW: 0 1.00 INCH OR MORE: 0
[HDD (BASE 65) ]
TOTAL THIS MO. 647 CLEAR (SCALE 0-3) 15
DPTR FM NORMAL 10 PTCLDY (SCALE 4-7) 11
TOTAL FM JUL 1 2604 CLOUDY (SCALE 8-10) 3
DPTR FM NORMAL -358
[CDD (BASE 65) ]
TOTAL THIS MO. 0
DPTR FM NORMAL 0 [PRESSURE DATA]
TOTAL FM JAN 1 0 HIGHEST SLP M ON M
DPTR FM NORMAL 0 LOWEST SLP 29.55 ON 24
[REMARKS]
#FINAL-02-20#