000
CXUS53 KGID 011324
CF6HDE
PRELIMINARY LOCAL CLIMATOLOGICAL DATA (WS FORM: F-6)
STATION: HOLDREGE NE
MONTH: JULY
YEAR: 2021
LATITUDE: 40 27 N
LONGITUDE: 99 20 W
TEMPERATURE IN F: :PCPN: SNOW: WIND :SUNSHINE: SKY :PK WND
================================================================================
1 2 3 4 5 6A 6B 7 8 9 10 11 12 13 14 15 16 17 18
12Z AVG MX 2MIN
DY MAX MIN AVG DEP HDD CDD WTR SNW DPTH SPD SPD DIR MIN PSBL S-S WX SPD DR
================================================================================
1 81 64 73 M 0 8 0.00 M M 5.2 10 100 M M 4 1 M M
2 82 58 70 M 0 5 0.00 M M 3.9 10 180 M M 2 1 M M
3 86 64 75 M 0 10 0.00 M M 8.9 16 180 M M 3 22 200
4 89 66 78 M 0 13 0.00 M M 7.7 12 150 M M 1 18 200
5 90 66 78 M 0 13 0.00 M M 5.6 10 150 M M 1 1 16 170
6 87 64 76 M 0 11 0.59 M M 6.4 15 10 M M 3 31 170
7 76 64 70 M 0 5 0.00 M M 7.0 13 20 M M 6 M M
8 91 62 77 M 0 12 0.00 M M 11.7 21 170 M M 0 24 160
9 92 64 78 M 0 13 0.43 M M 9.8 22 140 M M 1 3 28 140
10 81 63 72 M 0 7 0.14 M M 11.6 27 350 M M 3 33 350
11 76 60 68 M 0 3 0.00 M M 6.6 12 60 M M 3 17 30
12 81 56 69 M 0 4 0.00 M M 3.0 7 130 M M 0 M M
13 84 61 73 M 0 8 0.00 M M 6.5 12 90 M M 0 M M
14 79 68 74 M 0 9 0.62 M M 9.4 17 130 M M 4 3 22 150
15 79 67 73 M 0 8 0.00 M M 8.1 14 90 M M 8 1 M M
16 83 68 76 M 0 11 0.00 M M 6.1 9 110 M M 6 1 M M
17 85 65 75 M 0 10 0.95 M M 7.3 23 100 M M 2 3 31 100
18 80 65 73 M 0 8 0.61 M M 7.5 13 150 M M 3 123 18 160
19 81 63 72 M 0 7 0.00 M M 5.2 12 110 M M 3 M M
20 82 58 70 M 0 5 0.00 M M 4.3 8 140 M M 1 1 M M
21 84 64 74 M 0 9 0.00 M M 9.5 17 180 M M 0 23 200
22 89 65 77 M 0 12 0.00 M M 9.6 15 180 M M 0 22 180
23 92 66 79 M 0 14 0.00 M M 8.2 15 210 M M 0 21 210
24 86 69 78 M 0 13 T M M 8.2 14 40 M M 3 3 25 50
25 78 66 72 M 0 7 1.11 M M 3.9 9 160 M M 3 3 M M
26 88 65 77 M 0 12 0.00 M M 6.5 12 120 M M 3 12 18 150
27 91 68 80 M 0 15 0.00 M M 5.5 10 170 M M 0 M M
28 94 71 83 M 0 18 0.00 M M 7.4 12 160 M M 0 18 170
29 92 73 83 M 0 18 0.00 M M 6.5 17 60 M M 1 1 21 60
30 91 75 83 M 0 18 0.00 M M 7.1 13 40 M M 5 1 M M
31 77 66 72 M 0 7 T M M 7.9 22 30 M M 6 18 23 40
================================================================================
SM 2627 2014 0 313 4.45 M 222.1 M 75
================================================================================
AV 84.7 65.0 7.2 FASTST M M 2 MAX(MPH)
MISC ----> 27 350 M M
================================================================================
NOTES:
# LAST OF SEVERAL OCCURRENCES
COLUMN 17 PEAK WIND IN M.P.H.
PRELIMINARY LOCAL CLIMATOLOGICAL DATA (WS FORM: F-6) , PAGE 2
STATION: HOLDREGE NE
MONTH: JULY
YEAR: 2021
LATITUDE: 40 27 N
LONGITUDE: 99 20 W
[TEMPERATURE DATA] [PRECIPITATION DATA] SYMBOLS USED IN COLUMN 16
AVERAGE MONTHLY: 74.9 TOTAL FOR MONTH: 4.45 1 = FOG OR MIST
DPTR FM NORMAL: 0.0 DPTR FM NORMAL: M 2 = FOG REDUCING VISIBILITY
HIGHEST: 94 ON 28 GRTST 24HR 1.11 ON 25-25 TO 1/4 MILE OR LESS
LOWEST: 56 ON 12 3 = THUNDER
SNOW, ICE PELLETS, HAIL 4 = ICE PELLETS
TOTAL MONTH: M 5 = HAIL
GRTST 24HR M ON M 6 = FREEZING RAIN OR DRIZZLE
GRTST DEPTH: M ON M 7 = DUSTSTORM OR SANDSTORM:
VSBY 1/2 MILE OR LESS
8 = SMOKE OR HAZE
[NO. OF DAYS WITH] [WEATHER - DAYS WITH] 9 = BLOWING SNOW
X = TORNADO
MAX 32 OR BELOW: 0 0.01 INCH OR MORE: 7
MAX 90 OR ABOVE: 8 0.10 INCH OR MORE: 7
MIN 32 OR BELOW: 0 0.50 INCH OR MORE: 5
MIN 0 OR BELOW: 0 1.00 INCH OR MORE: 1
[HDD (BASE 65) ]
TOTAL THIS MO. 0 CLEAR (SCALE 0-3) 20
DPTR FM NORMAL M PTCLDY (SCALE 4-7) 11
TOTAL FM JUL 1 0 CLOUDY (SCALE 8-10) 0
DPTR FM NORMAL M
[CDD (BASE 65) ]
TOTAL THIS MO. 313
DPTR FM NORMAL M [PRESSURE DATA]
TOTAL FM JAN 1 658 HIGHEST SLP M ON M
DPTR FM NORMAL 658 LOWEST SLP M ON M
[REMARKS]
#FINAL-07-21#