000
CXUS54 KHGX 011410
CF6HGX
PRELIMINARY LOCAL CLIMATOLOGICAL DATA (WS FORM: F-6)
STATION: DICKINSON WFO
MONTH: MARCH
YEAR: 2023
LATITUDE: 29 28 N
LONGITUDE: 95 5 W
TEMPERATURE IN F: :PCPN: SNOW: WIND :SUNSHINE: SKY :PK WND
================================================================================
1 2 3 4 5 6A 6B 7 8 9 10 11 12 13 14 15 16 17 18
12Z AVG MX 2MIN
DY MAX MIN AVG DEP HDD CDD WTR SNW DPTH SPD SPD DIR MIN PSBL S-S WX SPD DR
================================================================================
1 81 71 76 14 0 11 0.00 0.0 0 M M M M M M M M
2 79 71 75 13 0 10 0.02 0.0 0 M M M M M M 18 M M
3 74 53 64 2 1 0 0.01 0.0 0 M M M M M M M M
4 74 48 61 -1 4 0 0.00 0.0 0 M M M M M M M M
5 75 51 63 1 2 0 0.00 0.0 0 M M M M M M M M
6 82 58 70 8 0 5 0.00 0.0 0 M M M M M M M M
7 83 69 76 13 0 11 0.00 0.0 0 M M M M M M M M
8 82 67 75 12 0 10 0.00 0.0 0 M M M M M M M M
9 82 67 75 12 0 10 0.00 0.0 0 M M M M M M M M
10 82 66 74 11 0 9 0.00 0.0 0 M M M M M M M M
11 81 66 74 11 0 9 0.00 0.0 0 M M M M M M M M
12 86 60 73 9 0 8 0.00 0.0 0 M M M M M M M M
13 67 54 61 -3 4 0 0.00 0.0 0 M M M M M M M M
14 65 52 59 -5 6 0 0.00 0.0 0 M M M M M M M M
15 69 48 59 -5 6 0 0.00 0.0 0 M M M M M M M M
16 74 63 69 5 0 4 0.01 0.0 0 M M M M M M M M
17 72 45 59 -5 6 0 1.45 0.0 0 M M M M M M 3 M M
18 55 43 49 -16 16 0 0.08 T 0 M M M M M M M M
19 59 41 50 -15 15 0 0.00 0.0 0 M M M M M M M M
20 59 39 49 -16 16 0 T 0.0 0 M M M M M M M M
21 74 59 67 2 0 2 T 0.0 0 M M M M M M M M
22 78 67 73 8 0 8 T 0.0 0 M M M M M M M M
23 80 69 75 9 0 10 0.00 0.0 0 M M M M M M M M
24 77 70 74 8 0 9 0.03 0.0 0 M M M M M M M M
25 85 61 73 7 0 8 0.01 0.0 0 M M M M M M M M
26 81 59 70 4 0 5 0.01 0.0 0 M M M M M M M M
27 77 70 74 8 0 9 0.03 0.0 0 M M M M M M 13 M M
28 76 64 70 4 0 5 0.42 0.0 0 M M M M M M 3 M M
29 66 60 63 -4 2 0 0.00 0.0 0 M M M M M M M M
30 75 65 70 3 0 5 0.00 0.0 0 M M M M M M M M
31 79 71 75 8 0 10 T 0.0 0 M M M M M M M M
================================================================================
SM 2329 1847 78 158 2.07 T M M M
================================================================================
AV 75.1 59.6 M FASTST M M M MAX(MPH)
MISC ----> M M M M
================================================================================
NOTES:
# LAST OF SEVERAL OCCURRENCES
COLUMN 17 PEAK WIND IN M.P.H.
PRELIMINARY LOCAL CLIMATOLOGICAL DATA (WS FORM: F-6) , PAGE 2
STATION: DICKINSON WFO
MONTH: MARCH
YEAR: 2023
LATITUDE: 29 28 N
LONGITUDE: 95 5 W
[TEMPERATURE DATA] [PRECIPITATION DATA] SYMBOLS USED IN COLUMN 16
AVERAGE MONTHLY: 67.4 TOTAL FOR MONTH: 2.07 1 = FOG OR MIST
DPTR FM NORMAL: 3.1 DPTR FM NORMAL: -1.23 2 = FOG REDUCING VISIBILITY
HIGHEST: 86 ON 12 GRTST 24HR 1.45 ON 17-17 TO 1/4 MILE OR LESS
LOWEST: 39 ON 20 3 = THUNDER
SNOW, ICE PELLETS, HAIL 4 = ICE PELLETS
TOTAL MONTH: T 5 = HAIL
GRTST 24HR T ON 18-18 6 = FREEZING RAIN OR DRIZZLE
GRTST DEPTH: 0 7 = DUSTSTORM OR SANDSTORM:
VSBY 1/2 MILE OR LESS
8 = SMOKE OR HAZE
[NO. OF DAYS WITH] [WEATHER - DAYS WITH] 9 = BLOWING SNOW
X = TORNADO
MAX 32 OR BELOW: 0 0.01 INCH OR MORE: 10
MAX 90 OR ABOVE: 0 0.10 INCH OR MORE: 2
MIN 32 OR BELOW: 0 0.50 INCH OR MORE: 1
MIN 0 OR BELOW: 0 1.00 INCH OR MORE: 1
[HDD (BASE 65) ]
TOTAL THIS MO. 78 CLEAR (SCALE 0-3) 0
DPTR FM NORMAL -31 PTCLDY (SCALE 4-7) 0
TOTAL FM JUL 1 1002 CLOUDY (SCALE 8-10) 31
DPTR FM NORMAL -114
[CDD (BASE 65) ]
TOTAL THIS MO. 158
DPTR FM NORMAL 71 [PRESSURE DATA]
TOTAL FM JAN 1 308 HIGHEST SLP M ON M
DPTR FM NORMAL 167 LOWEST SLP M ON M
[REMARKS]
#FINAL-03-23#