000
CXUS56 KHNX 030638
CF6HJO
PRELIMINARY LOCAL CLIMATOLOGICAL DATA (WS FORM: F-6)
STATION: HANFORD CA AIRPORT
MONTH: APRIL
YEAR: 2023
LATITUDE: 36 19 N
LONGITUDE: 119 38 W
TEMPERATURE IN F: :PCPN: SNOW: WIND :SUNSHINE: SKY :PK WND
================================================================================
1 2 3 4 5 6A 6B 7 8 9 10 11 12 13 14 15 16 17 18
12Z AVG MX 2MIN
DY MAX MIN AVG DEP HDD CDD WTR SNW DPTH SPD SPD DIR MIN PSBL S-S WX SPD DR
================================================================================
1 70 42 56 -3 9 0 0.00 0.0 0 6.0 13 310 M M 0 16 310
2 72 46 59 0 6 0 T 0.0 0 9.3 26 330 M M 3 32 320
3 58 43 51 -8 14 0 0.00 0.0 0 17.6 30 310 M M 2 39 320
4 61 33 47 -12 18 0 0.00 0.0 0 8.6 20 310 M M 0 27 290
5 66 33 50 -10 15 0 0.00 0.0 0 4.3 12 320 M M 0 14 290
6 70 37 54 -6 11 0 0.00 0.0 0 2.8 9 150 M M 0 1 13 170
7 71 49 60 0 5 0 T 0.0 0 3.5 13 320 M M 5 18 14 320
8 74 52 63 3 2 0 0.00 0.0 0 5.8 12 310 M M 1 16 310
9 80 50 65 5 0 0 0.00 0.0 0 5.5 12 330 M M 0 14 330
10 87 49 68 8 0 3 0.00 0.0 0 2.9 13 330 M M 0 1 18 330
11 77 56 67 6 0 2 0.00 0.0 0 9.0 22 320 M M 0 27 310
12 72 50 61 0 4 0 0.00 0.0 0 10.4 18 320 M M 4 24 340
13 69 46 58 -3 7 0 0.00 0.0 0 9.1 22 310 M M 0 29 320
14 74 38 56 -5 9 0 0.00 0.0 0 3.2 12 330 M M 0 17 330
15 80 46 63 2 2 0 0.00 0.0 0 5.0 10 320 M M 0 14 300
16 79 49 64 2 1 0 0.00 0.0 0 9.0 15 320 M M 0 19 330
17 73 50 62 0 3 0 0.00 0.0 0 9.5 20 320 M M 0 25 320
18 67 45 56 -6 9 0 T 0.0 0 8.2 21 320 M M 3 24 320
19 69 43 56 -6 9 0 0.00 0.0 0 9.5 18 320 M M 0 24 340
20 75 44 60 -3 5 0 0.00 0.0 0 6.4 14 320 M M 0 18 310
21 81 44 63 0 2 0 0.00 0.0 0 4.1 14 310 M M 0 17 310
22 84 50 67 4 0 2 0.00 0.0 0 5.3 14 330 M M 0 1 18 320
23 85 53 69 6 0 4 0.00 0.0 0 8.1 16 330 M M 0 21 320
24 85 51 68 4 0 3 0.00 0.0 0 8.7 16 320 M M 0 20 320
25 84 49 67 3 0 2 0.00 0.0 0 5.5 12 320 M M 0 16 320
26 91 50 71 7 0 6 0.00 0.0 0 3.4 10 290 M M 0 18 14 310
27 93 53 73 9 0 8 0.00 0.0 0 3.3 12 320 M M 0 1 13 320
28 96 55 76 11 0 11 0.00 0.0 0 4.4 13 320 M M 0 18 18 310
29 91 60 76 11 0 11 0.00 0.0 0 5.8 13 310 M M 0 17 320
30 87 58 73 8 0 8 0.00 0.0 0 12.6 22 320 M M 0 30 320
================================================================================
SM 2321 1424 131 60 T 0.0 206.8 M 18
================================================================================
AV 77.4 47.5 6.9 FASTST M M 1 MAX(MPH)
MISC ----> 30 310 39 320
================================================================================
NOTES:
# LAST OF SEVERAL OCCURRENCES
COLUMN 17 PEAK WIND IN M.P.H.
PRELIMINARY LOCAL CLIMATOLOGICAL DATA (WS FORM: F-6) , PAGE 2
STATION: HANFORD CA AIRPORT
MONTH: APRIL
YEAR: 2023
LATITUDE: 36 19 N
LONGITUDE: 119 38 W
[TEMPERATURE DATA] [PRECIPITATION DATA] SYMBOLS USED IN COLUMN 16
AVERAGE MONTHLY: 62.4 TOTAL FOR MONTH: T 1 = FOG OR MIST
DPTR FM NORMAL: 0.6 DPTR FM NORMAL: -0.72 2 = FOG REDUCING VISIBILITY
HIGHEST: 96 ON 28 GRTST 24HR T ON 2- 2 TO 1/4 MILE OR LESS
LOWEST: 33 ON 5, 4 3 = THUNDER
SNOW, ICE PELLETS, HAIL 4 = ICE PELLETS
TOTAL MONTH: 0.0 INCH 5 = HAIL
GRTST 24HR 0.0 6 = FREEZING RAIN OR DRIZZLE
GRTST DEPTH: 0 7 = DUSTSTORM OR SANDSTORM:
VSBY 1/2 MILE OR LESS
8 = SMOKE OR HAZE
[NO. OF DAYS WITH] [WEATHER - DAYS WITH] 9 = BLOWING SNOW
X = TORNADO
MAX 32 OR BELOW: 0 0.01 INCH OR MORE: 0
MAX 90 OR ABOVE: 4 0.10 INCH OR MORE: 0
MIN 32 OR BELOW: 0 0.50 INCH OR MORE: 0
MIN 0 OR BELOW: 0 1.00 INCH OR MORE: 0
[HDD (BASE 65) ]
TOTAL THIS MO. 131 CLEAR (SCALE 0-3) 28
DPTR FM NORMAL -6 PTCLDY (SCALE 4-7) 2
TOTAL FM JUL 1 2518 CLOUDY (SCALE 8-10) 0
DPTR FM NORMAL 133
[CDD (BASE 65) ]
TOTAL THIS MO. 60
DPTR FM NORMAL 21 [PRESSURE DATA]
TOTAL FM JAN 1 60 HIGHEST SLP 30.33 ON 20
DPTR FM NORMAL 15 LOWEST SLP 29.74 ON 30
[REMARKS]
#FINAL-04-23#