000
CXUS51 KPBZ 141253
CF6HLG
PRELIMINARY LOCAL CLIMATOLOGICAL DATA (WS FORM: F-6)
STATION: WHEELING WV
MONTH: OCTOBER
YEAR: 2021
LATITUDE: 40 10 N
LONGITUDE: 80 39 W
TEMPERATURE IN F: :PCPN: SNOW: WIND :SUNSHINE: SKY :PK WND
================================================================================
1 2 3 4 5 6A 6B 7 8 9 10 11 12 13 14 15 16 17 18
12Z AVG MX 2MIN
DY MAX MIN AVG DEP HDD CDD WTR SNW DPTH SPD SPD DIR MIN PSBL S-S WX SPD DR
================================================================================
1 71 45 58 -2 7 0 0.00 M M 2.0 8 360 M M 0 12 11 30
2 74 45 60 0 5 0 0.00 M M 4.1 10 180 M M 2 12 14 210
3 69 64 67 8 0 2 0.36 M M 7.2 16 210 M M 8 1 22 220
4 75 59 67 8 0 2 0.03 M M 5.4 15 210 M M 7 1 18 200
5 78 55 67 9 0 2 0.00 M M 4.2 10 60 M M 4 12 13 40
6 82 62 72 14 0 7 0.00 M M 5.4 10 70 M M 4 13 140
7 79 63 71 13 0 6 T M M 5.5 12 190 M M 6 14 190
8 76 60 68 11 0 3 0.25 M M 4.6 10 150 M M 4 13 14 190
9 76 60 68 11 0 3 0.03 M M 5.7 15 120 M M 7 13 18 120
10 78 57 68 12 0 3 0.00 M M 6.5 12 130 M M 1 16 130
11 78 59 69 13 0 4 0.00 M M 7.0 15 110 M M 0 18 110
12 77 58 68 12 0 3 0.00 M M 7.3 14 180 M M 4 18 210
13 73 57 65 10 0 0 0.00 M M 4.2 12 230 M M 4 12 14 200
14 79 56 68 13 0 3 0.00 M M 5.3 10 200 M M 3 14 220
15 82 66 74 19 0 9 0.37 M M 6.7 17 240 M M 4 13 24 260
16 67 50 59 5 6 0 0.15 M M 10.4 22 280 M M 9 1 30 280
17 59 48 54 0 11 0 T M M 9.4 22 270 M M 6 31 250
18 64 43 54 0 11 0 0.00 M M 8.1 18 270 M M 0 26 280
19 70 42 56 3 9 0 0.00 M M 6.6 17 270 M M 0 22 280
20 70 48 59 6 6 0 0.00 M M 7.7 17 210 M M 0 23 210
21 71 52 62 10 3 0 0.22 M M 10.9 28 250 M M 4 138 37 240
22 53 49 51 -1 14 0 0.06 M M 5.1 10 250 M M 10 1 13 220
23 52 44 48 -4 17 0 0.21 M M 4.3 13 360 M M 10 1 16 350
24 62 48 55 4 10 0 0.69 M M 5.2 15 170 M M 9 13 20 170
25 69 56 63 12 2 0 0.06 M M 10.3 22 200 M M 4 1 31 180
26 56 44 50 0 15 0 0.08 M M 13.4 24 300 M M 10 1 36 300
27 54 43 49 -1 16 0 T M M 2.5 10 300 M M 10 1 13 310
28 67 47 57 7 8 0 0.31 M M 9.4 20 110 M M 4 1 23 100
29 57 50 54 5 11 0 0.40 M M 10.6 21 80 M M 9 1 28 90
30 58 47 53 4 12 0 0.40 M M 3.9 10 110 M M 9 12 12 110
31 59 50 55 6 10 0 0.01 M M 10.1 22 250 M M 10 12 29 250
================================================================================
SM 2135 1627 173 47 3.63 M 209.0 M 162
================================================================================
AV 68.9 52.5 6.7 FASTST M M 5 MAX(MPH)
MISC ----> 28 250 37 240
================================================================================
NOTES:
# LAST OF SEVERAL OCCURRENCES
COLUMN 17 PEAK WIND IN M.P.H.
PRELIMINARY LOCAL CLIMATOLOGICAL DATA (WS FORM: F-6) , PAGE 2
STATION: WHEELING WV
MONTH: OCTOBER
YEAR: 2021
LATITUDE: 40 10 N
LONGITUDE: 80 39 W
[TEMPERATURE DATA] [PRECIPITATION DATA] SYMBOLS USED IN COLUMN 16
AVERAGE MONTHLY: 60.7 TOTAL FOR MONTH: 3.63 1 = FOG OR MIST
DPTR FM NORMAL: 6.5 DPTR FM NORMAL: 0.82 2 = FOG REDUCING VISIBILITY
HIGHEST: 82 ON 15, 6 GRTST 24HR 0.71 ON 28-29 TO 1/4 MILE OR LESS
LOWEST: 42 ON 19 3 = THUNDER
SNOW, ICE PELLETS, HAIL 4 = ICE PELLETS
TOTAL MONTH: M 5 = HAIL
GRTST 24HR M ON M 6 = FREEZING RAIN OR DRIZZLE
GRTST DEPTH: M ON M 7 = DUSTSTORM OR SANDSTORM:
VSBY 1/2 MILE OR LESS
8 = SMOKE OR HAZE
[NO. OF DAYS WITH] [WEATHER - DAYS WITH] 9 = BLOWING SNOW
X = TORNADO
MAX 32 OR BELOW: 0 0.01 INCH OR MORE: 16
MAX 90 OR ABOVE: 0 0.10 INCH OR MORE: 10
MIN 32 OR BELOW: 0 0.50 INCH OR MORE: 1
MIN 0 OR BELOW: 0 1.00 INCH OR MORE: 0
[HDD (BASE 65) ]
TOTAL THIS MO. 173 CLEAR (SCALE 0-3) 7
DPTR FM NORMAL -176 PTCLDY (SCALE 4-7) 15
TOTAL FM JUL 1 218 CLOUDY (SCALE 8-10) 9
DPTR FM NORMAL -222
[CDD (BASE 65) ]
TOTAL THIS MO. 47
DPTR FM NORMAL 32 [PRESSURE DATA]
TOTAL FM JAN 1 1011 HIGHEST SLP 30.33 ON 1
DPTR FM NORMAL 230 LOWEST SLP 29.45 ON 29
[REMARKS]
#FINAL-10-21#