000
CXUS51 KPBZ 010830
CF6HLG
PRELIMINARY LOCAL CLIMATOLOGICAL DATA (WS FORM: F-6)
STATION: WHEELING WV
MONTH: JANUARY
YEAR: 2024
LATITUDE: 40 10 N
LONGITUDE: 80 39 W
TEMPERATURE IN F: :PCPN: SNOW: WIND :SUNSHINE: SKY :PK WND
================================================================================
1 2 3 4 5 6A 6B 7 8 9 10 11 12 13 14 15 16 17 18
12Z AVG MX 2MIN
DY MAX MIN AVG DEP HDD CDD WTR SNW DPTH SPD SPD DIR MIN PSBL S-S WX SPD DR
================================================================================
1 36 31 34 3 31 0 0.03 M M 7.8 17 280 M M 10 1 25 280
2 35 31 33 2 32 0 0.00 M M 9.0 16 260 M M 10 24 240
3 41 31 36 6 29 0 0.00 M M 7.4 14 210 M M 8 21 220
4 36 26 31 1 34 0 T M M 8.0 21 340 M M 10 1 30 340
5 39 19 29 -1 36 0 0.00 M M 3.0 9 90 M M 1 13 210
6 35 27 31 1 34 0 0.08 M M 6.0 14 270 M M 8 12 19 260
7 35 33 34 4 31 0 0.03 M M 9.3 18 260 M M 10 1 27 280
8 39 32 36 6 29 0 0.00 M M 6.8 16 90 M M 7 18 22 80
9 50 33 42 12 23 0 1.14 M M 17.0 38 240 M M 8 1 57 240
10 41 32 37 7 28 0 T M M 17.4 29 260 M M 10 18 45 230
11 43 31 37 7 28 0 T M M 9.6 24 260 M M 6 38 220
12 47 27 37 7 28 0 0.32 M M 12.3 30 120 M M 4 1 38 130
13 47 25 36 7 29 0 0.07 M M 16.6 30 240 M M 10 12 54 270
14 28 11 20 -9 45 0 T M M 13.5 31 250 M M 4 1 48 270
15 21 9 15 -14 50 0 T M M 4.0 9 290 M M 6 14 300
16 18 10 14 -15 51 0 0.01 M M 8.2 18 260 M M 8 18 26 270
17 20 7 14 -15 51 0 0.00 M M 13.5 24 220 M M 2 33 230
18 29 19 24 -5 41 0 T M M 7.7 16 220 M M 7 24 220
19 28 18 23 -6 42 0 0.07 M M 7.1 18 280 M M 10 18 26 290
20 19 12 16 -13 49 0 T M M 10.7 20 270 M M 10 18 27 270
21 24 14 19 -10 46 0 T M M 7.0 13 270 M M 6 18 19 240
22 38 11 25 -4 40 0 0.00 M M 7.4 14 200 M M 2 19 190
23 46 37 42 13 23 0 0.01 M M 4.6 9 180 M M 9 1 12 170
24 56 44 50 21 15 0 0.44 M M 7.3 15 210 M M 10 1 26 200
25 59 56 58 29 7 0 0.36 M M 5.2 10 150 M M 10 12 15 210
26 63 47 55 26 10 0 0.01 M M 11.4 22 250 M M 9 1 35 240
27 48 44 46 16 19 0 0.24 M M 5.9 16 70 M M 10 18 22 80
28 47 35 41 11 24 0 1.21 M M 10.7 28 70 M M 10 1 36 70
29 35 33 34 4 31 0 T M M 8.3 18 330 M M 10 18 26 330
30 40 32 36 6 29 0 T M M 6.4 14 180 M M 9 1 20 200
31 43 34 39 9 26 0 0.00 M M 4.5 17 270 M M 10 24 270
================================================================================
SM 1186 851 991 0 4.02 M 273.6 M 244
================================================================================
AV 38.3 27.5 8.8 FASTST M M 8 MAX(MPH)
MISC ----> 38 240 57 240
================================================================================
NOTES:
# LAST OF SEVERAL OCCURRENCES
COLUMN 17 PEAK WIND IN M.P.H.
PRELIMINARY LOCAL CLIMATOLOGICAL DATA (WS FORM: F-6) , PAGE 2
STATION: WHEELING WV
MONTH: JANUARY
YEAR: 2024
LATITUDE: 40 10 N
LONGITUDE: 80 39 W
[TEMPERATURE DATA] [PRECIPITATION DATA] SYMBOLS USED IN COLUMN 16
AVERAGE MONTHLY: 32.9 TOTAL FOR MONTH: 4.02 1 = FOG OR MIST
DPTR FM NORMAL: 3.3 DPTR FM NORMAL: 1.27 2 = FOG REDUCING VISIBILITY
HIGHEST: 63 ON 26 GRTST 24HR 1.23 ON 27-28 TO 1/4 MILE OR LESS
LOWEST: 7 ON 17 3 = THUNDER
SNOW, ICE PELLETS, HAIL 4 = ICE PELLETS
TOTAL MONTH: M 5 = HAIL
GRTST 24HR M ON M 6 = FREEZING RAIN OR DRIZZLE
GRTST DEPTH: M ON M 7 = DUSTSTORM OR SANDSTORM:
VSBY 1/2 MILE OR LESS
8 = SMOKE OR HAZE
[NO. OF DAYS WITH] [WEATHER - DAYS WITH] 9 = BLOWING SNOW
X = TORNADO
MAX 32 OR BELOW: 8 0.01 INCH OR MORE: 14
MAX 90 OR ABOVE: 0 0.10 INCH OR MORE: 6
MIN 32 OR BELOW: 21 0.50 INCH OR MORE: 2
MIN 0 OR BELOW: 0 1.00 INCH OR MORE: 2
[HDD (BASE 65) ]
TOTAL THIS MO. 991 CLEAR (SCALE 0-3) 3
DPTR FM NORMAL -105 PTCLDY (SCALE 4-7) 11
TOTAL FM JUL 1 2637 CLOUDY (SCALE 8-10) 17
DPTR FM NORMAL -508
[CDD (BASE 65) ]
TOTAL THIS MO. 0
DPTR FM NORMAL 0 [PRESSURE DATA]
TOTAL FM JAN 1 0 HIGHEST SLP 30.68 ON 21
DPTR FM NORMAL 0 LOWEST SLP 29.03 ON 9
[REMARKS]
#FINAL-01-24#