000
CXUS54 KBRO 010900
CF6HRL
PRELIMINARY LOCAL CLIMATOLOGICAL DATA (WS FORM: F-6)
STATION: HARLINGEN
MONTH: NOVEMBER
YEAR: 2021
LATITUDE: 26 13 N
LONGITUDE: 97 40 W
TEMPERATURE IN F: :PCPN: SNOW: WIND :SUNSHINE: SKY :PK WND
================================================================================
1 2 3 4 5 6A 6B 7 8 9 10 11 12 13 14 15 16 17 18
12Z AVG MX 2MIN
DY MAX MIN AVG DEP HDD CDD WTR SNW DPTH SPD SPD DIR MIN PSBL S-S WX SPD DR
================================================================================
1 86 62 74 2 0 9 0.00 0.0 0 8.4 18 120 M M 1 25 130
2 87 60 74 2 0 9 0.00 0.0 0 8.6 21 120 M M 2 26 120
3 88 64 76 4 0 11 0.00 0.0 0 9.9 26 130 M M 5 33 120
4 73 56 65 -6 0 0 1.28 0.0 0 15.5 29 310 M M 10 13 39 320
5 72 53 63 -8 2 0 0.00 0.0 0 8.9 16 10 M M 3 21 10
6 77 50 64 -7 1 0 0.00 0.0 0 5.8 13 70 M M 1 19 30
7 80 51 66 -4 0 1 0.00 0.0 0 5.2 12 100 M M 1 1 15 80
8 82 59 71 1 0 6 0.00 0.0 0 8.2 18 100 M M 3 24 100
9 85 59 72 2 0 7 0.00 0.0 0 6.9 17 90 M M 3 1 23 140
10 84 65 75 5 0 10 0.00 0.0 0 11.0 23 140 M M 4 30 140
11 89 64 77 8 0 12 T 0.0 0 6.2 15 70 M M 2 1 21 180
12 88 63 76 7 0 11 T 0.0 0 5.0 14 80 M M 2 1 21 30
13 78 58 68 -1 0 3 0.00 0.0 0 9.3 22 50 M M 1 1 29 50
14 84 55 70 1 0 5 0.00 0.0 0 7.5 18 150 M M 1 23 140
15 86 59 73 5 0 8 0.00 0.0 0 9.1 20 140 M M 2 26 130
16 85 59 72 4 0 7 0.00 0.0 0 11.9 24 170 M M 0 37 170
17 87 59 73 5 0 8 T 0.0 0 13.1 29 170 M M 1 38 170
18 76 57 67 -1 0 2 0.66 0.0 0 10.9 29 330 M M 7 13 39 330
19 75 56 66 -1 0 1 0.00 0.0 0 10.0 17 330 M M 4 22 330
20 83 54 69 2 0 4 0.00 0.0 0 6.9 16 130 M M 1 1 23 120
21 84 61 73 6 0 8 T 0.0 0 9.1 17 130 M M 6 12 22 130
22 74 55 65 -2 0 0 0.10 0.0 0 10.1 24 20 M M 6 1 31 20
23 79 51 65 -1 0 0 0.00 0.0 0 6.8 16 100 M M 0 20 100
24 83 59 71 5 0 6 T 0.0 0 12.3 26 150 M M 5 36 150
25 79 54 67 1 0 2 1.05 0.0 0 10.3 32 30 M M 9 13 40 20
26 58 53 56 -10 9 0 0.01 0.0 0 12.3 21 340 M M 10 28 350
27 64 53 59 -7 6 0 T 0.0 0 10.7 17 340 M M 8 23 340
28 74 53 64 -1 1 0 0.00 0.0 0 9.6 15 330 M M 5 1 20 350
29 73 48 61 -4 4 0 0.00 0.0 M 5.4 10 10 M M 2 12 17 350
30 79 48 64 -1 1 0 0.00 0.0 0 5.6 15 120 M M 3 12 25 110
================================================================================
SM 2392 1698 24 130 3.10 0.0 270.5 M 108
================================================================================
AV 79.7 56.6 9.0 FASTST M M 4 MAX(MPH)
MISC ----> 32 30 40 20
================================================================================
NOTES:
# LAST OF SEVERAL OCCURRENCES
COLUMN 17 PEAK WIND IN M.P.H.
PRELIMINARY LOCAL CLIMATOLOGICAL DATA (WS FORM: F-6) , PAGE 2
STATION: HARLINGEN
MONTH: NOVEMBER
YEAR: 2021
LATITUDE: 26 13 N
LONGITUDE: 97 40 W
[TEMPERATURE DATA] [PRECIPITATION DATA] SYMBOLS USED IN COLUMN 16
AVERAGE MONTHLY: 68.2 TOTAL FOR MONTH: 3.10 1 = FOG OR MIST
DPTR FM NORMAL: -0.2 DPTR FM NORMAL: 1.29 2 = FOG REDUCING VISIBILITY
HIGHEST: 89 ON 11 GRTST 24HR 1.28 ON 4- 4 TO 1/4 MILE OR LESS
LOWEST: 48 ON 30,29 3 = THUNDER
SNOW, ICE PELLETS, HAIL 4 = ICE PELLETS
TOTAL MONTH: 0.0 INCH 5 = HAIL
GRTST 24HR 0.0 6 = FREEZING RAIN OR DRIZZLE
GRTST DEPTH: 0 7 = DUSTSTORM OR SANDSTORM:
VSBY 1/2 MILE OR LESS
8 = SMOKE OR HAZE
[NO. OF DAYS WITH] [WEATHER - DAYS WITH] 9 = BLOWING SNOW
X = TORNADO
MAX 32 OR BELOW: 0 0.01 INCH OR MORE: 5
MAX 90 OR ABOVE: 0 0.10 INCH OR MORE: 4
MIN 32 OR BELOW: 0 0.50 INCH OR MORE: 3
MIN 0 OR BELOW: 0 1.00 INCH OR MORE: 2
[HDD (BASE 65) ]
TOTAL THIS MO. 24 CLEAR (SCALE 0-3) 16
DPTR FM NORMAL -38 PTCLDY (SCALE 4-7) 10
TOTAL FM JUL 1 24 CLOUDY (SCALE 8-10) 4
DPTR FM NORMAL -43
[CDD (BASE 65) ]
TOTAL THIS MO. 130
DPTR FM NORMAL -32 [PRESSURE DATA]
TOTAL FM JAN 1 4066 HIGHEST SLP 30.37 ON 19
DPTR FM NORMAL -70 LOWEST SLP 29.83 ON 10
[REMARKS]
#FINAL-11-21#