000
CXUS54 KBRO 010800
CF6HRL
PRELIMINARY LOCAL CLIMATOLOGICAL DATA (WS FORM: F-6)
STATION: HARLINGEN
MONTH: OCTOBER
YEAR: 2023
LATITUDE: 26 13 N
LONGITUDE: 97 40 W
TEMPERATURE IN F: :PCPN: SNOW: WIND :SUNSHINE: SKY :PK WND
================================================================================
1 2 3 4 5 6A 6B 7 8 9 10 11 12 13 14 15 16 17 18
12Z AVG MX 2MIN
DY MAX MIN AVG DEP HDD CDD WTR SNW DPTH SPD SPD DIR MIN PSBL S-S WX SPD DR
================================================================================
1 91 75 83 3 0 18 1.03 0.0 0 5.8 18 200 M M 2 13 26 240
2 93 76 85 5 0 20 0.02 0.0 0 6.7 17 90 M M 3 1 22 60
3 96 75 86 6 0 21 0.00 0.0 0 6.1 18 80 M M 2 1 24 100
4 97 75 86 7 0 21 0.00 0.0 0 9.7 22 140 M M 1 26 140
5 90 72 81 2 0 16 0.22 0.0 0 10.9 35 40 M M 5 13 45 40
6 83 72 78 -1 0 13 T 0.0 0 12.1 22 20 M M 5 29 10
7 82 69 76 -3 0 11 0.00 0.0 0 12.6 25 360 M M 1 34 30
8 77 66 72 -7 0 7 T 0.0 0 8.5 15 350 M M 2 19 350
9 81 64 73 -5 0 8 T 0.0 0 5.4 14 120 M M 6 17 120
10 82 70 76 -2 0 11 0.59 0.0 0 7.6 20 130 M M 9 18 25 120
11 77 68 73 -5 0 8 0.58 0.0 0 7.5 14 30 M M 8 1 M M
12 89 67 78 0 0 13 0.00 0.0 0 5.8 16 100 M M 4 1 21 110
13 92 71 82 4 0 17 0.00 0.0 0 7.6 17 90 M M 3 1 23 100
14 83 66 75 -2 0 10 0.00 0.0 0 10.7 25 30 M M 4 1 34 40
15 80 60 70 -7 0 5 0.00 0.0 0 9.1 22 10 M M 3 32 340
16 76 55 66 -11 0 1 0.00 0.0 0 10.4 25 10 M M 1 33 10
17 80 49 65 -12 0 0 0.00 0.0 0 5.4 14 100 M M 0 18 100
18 84 53 69 -7 0 4 0.00 0.0 0 7.3 18 150 M M 0 23 150
19 91 62 77 1 0 12 0.00 0.0 M 6.6 18 180 M M 0 24 180
20 93 65 79 3 0 14 0.00 0.0 M 5.3 16 90 M M 0 12 21 80
21 91 64 78 2 0 13 0.00 0.0 0 9.2 22 130 M M 1 12 27 130
22 91 68 80 5 0 15 0.00 0.0 0 12.9 24 150 M M 1 31 160
23 90 69 80 5 0 15 0.00 0.0 0 13.6 26 150 M M 1 36 140
24 92 78 85 10 0 20 T 0.0 0 17.5 26 150 M M 5 36 160
25 92 77 85 11 0 20 0.00 0.0 0 15.0 26 150 M M 5 35 170
26 90 79 85 11 0 20 0.06 0.0 0 12.1 22 150 M M 4 27 150
27 93 74 84 10 0 19 0.00 0.0 0 10.0 21 120 M M 2 8 27 110
28 93 70 82 9 0 17 0.00 0.0 0 11.1 24 130 M M 2 28 32 140
29 92 69 81 8 0 16 0.00 0.0 0 10.4 22 150 M M 1 35 160
30 74 47 61 -12 4 0 0.01 M M 21.0 31 340 M M 10 40 350
31 57 47 52 -20 13 0 T M M 16.7 26 330 M M 10 32 310
================================================================================
SM 2672 2072 17 385 2.51 0.0 310.6 M 101
================================================================================
AV 86.2 66.8 10.0 FASTST M M 3 MAX(MPH)
MISC ----> 35 40 45 40
================================================================================
NOTES:
# LAST OF SEVERAL OCCURRENCES
COLUMN 17 PEAK WIND IN M.P.H.
PRELIMINARY LOCAL CLIMATOLOGICAL DATA (WS FORM: F-6) , PAGE 2
STATION: HARLINGEN
MONTH: OCTOBER
YEAR: 2023
LATITUDE: 26 13 N
LONGITUDE: 97 40 W
[TEMPERATURE DATA] [PRECIPITATION DATA] SYMBOLS USED IN COLUMN 16
AVERAGE MONTHLY: 76.5 TOTAL FOR MONTH: 2.51 1 = FOG OR MIST
DPTR FM NORMAL: -0.1 DPTR FM NORMAL: -0.20 2 = FOG REDUCING VISIBILITY
HIGHEST: 97 ON 4 GRTST 24HR 1.13 ON 10-11 TO 1/4 MILE OR LESS
LOWEST: 47 ON 31,30 3 = THUNDER
SNOW, ICE PELLETS, HAIL 4 = ICE PELLETS
TOTAL MONTH: 0.0 INCH 5 = HAIL
GRTST 24HR 0.0 6 = FREEZING RAIN OR DRIZZLE
GRTST DEPTH: 0 7 = DUSTSTORM OR SANDSTORM:
VSBY 1/2 MILE OR LESS
8 = SMOKE OR HAZE
[NO. OF DAYS WITH] [WEATHER - DAYS WITH] 9 = BLOWING SNOW
X = TORNADO
MAX 32 OR BELOW: 0 0.01 INCH OR MORE: 7
MAX 90 OR ABOVE: 17 0.10 INCH OR MORE: 4
MIN 32 OR BELOW: 0 0.50 INCH OR MORE: 3
MIN 0 OR BELOW: 0 1.00 INCH OR MORE: 1
[HDD (BASE 65) ]
TOTAL THIS MO. 17 CLEAR (SCALE 0-3) 19
DPTR FM NORMAL 12 PTCLDY (SCALE 4-7) 8
TOTAL FM JUL 1 17 CLOUDY (SCALE 8-10) 4
DPTR FM NORMAL 17
[CDD (BASE 65) ]
TOTAL THIS MO. 385
DPTR FM NORMAL 21 [PRESSURE DATA]
TOTAL FM JAN 1 4488 HIGHEST SLP M ON M
DPTR FM NORMAL 514 LOWEST SLP 29.60 ON 12
[REMARKS]
#FINAL-10-23#