000
CXUS52 KMHX 010827
CF6HSE
PRELIMINARY LOCAL CLIMATOLOGICAL DATA (WS FORM: F-6)
STATION: CAPE HATTERAS NC
MONTH: NOVEMBER
YEAR: 2022
LATITUDE: 35 13 N
LONGITUDE: 75 37 W
TEMPERATURE IN F: :PCPN: SNOW: WIND :SUNSHINE: SKY :PK WND
================================================================================
1 2 3 4 5 6A 6B 7 8 9 10 11 12 13 14 15 16 17 18
12Z AVG MX 2MIN
DY MAX MIN AVG DEP HDD CDD WTR SNW DPTH SPD SPD DIR MIN PSBL S-S WX SPD DR
================================================================================
1 78 63 71 8 0 6 0.02 0.0 0 5.4 14 230 M M 4 18 21 250
2 70 63 67 5 0 2 0.00 0.0 0 7.6 14 30 M M 2 23 30
3 74 61 68 6 0 3 0.89 0.0 0 7.2 15 80 M M 5 13 24 30
4 78 64 71 9 0 6 0.03 0.0 0 8.3 14 130 M M 7 18 20 130
5 78 70 74 12 0 9 T 0.0 0 10.1 15 130 M M 5 8 20 130
6 79 67 73 12 0 8 0.14 0.0 0 6.1 14 150 M M 2 18 19 150
7 77 66 72 11 0 7 0.00 0.0 0 4.8 10 30 M M 3 1 18 30
8 69 59 64 3 1 0 0.00 0.0 0 15.5 22 30 M M 7 38 50
9 69 60 65 5 0 0 T 0.0 0 10.3 18 100 M M 10 18 33 40
10 74 66 70 10 0 5 0.01 0.0 0 13.4 22 130 M M 9 18 30 140
11 75 70 73 13 0 8 0.69 0.0 0 16.9 30 180 M M 7 13 41 190
12 73 68 71 12 0 6 0.04 0.0 0 11.7 23 230 M M 5 18 35 210
13 69 50 60 1 5 0 T 0.0 0 8.5 14 30 M M 5 24 10
14 57 49 53 -6 12 0 0.00 0.0 0 8.6 14 20 M M 1 23 40
15 74 52 63 4 2 0 T 0.0 0 12.3 28 170 M M 2 1 37 170
16 70 47 59 1 6 0 0.05 0.0 0 6.3 20 160 M M 5 1 25 160
17 53 40 47 -11 18 0 0.00 0.0 0 8.3 14 330 M M 0 26 320
18 50 33 42 -16 23 0 0.00 0.0 0 4.6 12 320 M M 0 18 340
19 57 37 47 -11 18 0 0.00 0.0 0 4.4 14 250 M M 0 23 250
20 56 43 50 -7 15 0 0.00 0.0 0 7.8 15 300 M M 0 25 290
21 63 44 54 -3 11 0 0.00 0.0 0 7.9 14 160 M M 1 21 30
22 64 53 59 2 6 0 0.00 0.0 0 6.3 12 10 M M 3 18 20
23 62 53 58 1 7 0 0.00 0.0 0 5.7 9 20 M M 3 16 30
24 65 53 59 3 6 0 T 0.0 0 6.5 12 40 M M 4 19 50
25 68 54 61 5 4 0 0.55 0.0 0 8.7 23 180 M M 6 1 31 200
26 58 37 48 -8 17 0 0.00 0.0 0 3.9 10 360 M M 0 20 350
27 71 38 55 -1 10 0 0.07 0.0 0 15.7 29 190 M M 5 18 37 190
28 66 54 60 4 5 0 0.00 0.0 0 9.6 16 250 M M 0 18 26 250
29 63 51 57 2 8 0 0.00 0.0 0 6.1 12 130 M M 0 16 130
30 69 56 63 8 2 0 0.39 0.0 0 14.0 24 190 M M 5 18 33 200
================================================================================
SM 2029 1621 176 60 2.88 0.0 262.5 M 106
================================================================================
AV 67.6 54.0 8.8 FASTST M M 4 MAX(MPH)
MISC ----> 30 180 41 190
================================================================================
NOTES:
# LAST OF SEVERAL OCCURRENCES
COLUMN 17 PEAK WIND IN M.P.H.
PRELIMINARY LOCAL CLIMATOLOGICAL DATA (WS FORM: F-6) , PAGE 2
STATION: CAPE HATTERAS NC
MONTH: NOVEMBER
YEAR: 2022
LATITUDE: 35 13 N
LONGITUDE: 75 37 W
[TEMPERATURE DATA] [PRECIPITATION DATA] SYMBOLS USED IN COLUMN 16
AVERAGE MONTHLY: 60.8 TOTAL FOR MONTH: 2.88 1 = FOG OR MIST
DPTR FM NORMAL: 2.1 DPTR FM NORMAL: -1.88 2 = FOG REDUCING VISIBILITY
HIGHEST: 79 ON 6 GRTST 24HR 0.91 ON 3- 4 TO 1/4 MILE OR LESS
LOWEST: 33 ON 18 3 = THUNDER
SNOW, ICE PELLETS, HAIL 4 = ICE PELLETS
TOTAL MONTH: 0.0 INCH 5 = HAIL
GRTST 24HR 0.0 6 = FREEZING RAIN OR DRIZZLE
GRTST DEPTH: 0 7 = DUSTSTORM OR SANDSTORM:
VSBY 1/2 MILE OR LESS
8 = SMOKE OR HAZE
[NO. OF DAYS WITH] [WEATHER - DAYS WITH] 9 = BLOWING SNOW
X = TORNADO
MAX 32 OR BELOW: 0 0.01 INCH OR MORE: 11
MAX 90 OR ABOVE: 0 0.10 INCH OR MORE: 5
MIN 32 OR BELOW: 0 0.50 INCH OR MORE: 3
MIN 0 OR BELOW: 0 1.00 INCH OR MORE: 0
[HDD (BASE 65) ]
TOTAL THIS MO. 176 CLEAR (SCALE 0-3) 15
DPTR FM NORMAL -40 PTCLDY (SCALE 4-7) 13
TOTAL FM JUL 1 253 CLOUDY (SCALE 8-10) 2
DPTR FM NORMAL -9
[CDD (BASE 65) ]
TOTAL THIS MO. 60
DPTR FM NORMAL 34 [PRESSURE DATA]
TOTAL FM JAN 1 2148 HIGHEST SLP 30.49 ON 21
DPTR FM NORMAL 27 LOWEST SLP 29.66 ON 27
[REMARKS]
#FINAL-11-22#