000
CXUS53 KGID 010930
CF6HSI
PRELIMINARY LOCAL CLIMATOLOGICAL DATA (WS FORM: F-6)
STATION: HASTINGS NE
MONTH: DECEMBER
YEAR: 2022
LATITUDE: 40 35 N
LONGITUDE: 98 26 W
TEMPERATURE IN F: :PCPN: SNOW: WIND :SUNSHINE: SKY :PK WND
================================================================================
1 2 3 4 5 6A 6B 7 8 9 10 11 12 13 14 15 16 17 18
12Z AVG MX 2MIN
DY MAX MIN AVG DEP HDD CDD WTR SNW DPTH SPD SPD DIR MIN PSBL S-S WX SPD DR
================================================================================
1 51 21 36 3 29 0 0.00 0.0 0 14.7 24 200 M M 0 37 200
2 58 17 38 5 27 0 0.00 0.0 0 17.6 36 340 M M 0 47 330
3 40 4 22 -11 43 0 0.00 0.0 0 8.0 20 200 M M 0 31 200
4 52 17 35 3 30 0 0.00 0.0 0 6.0 14 200 M M 0 20 210
5 41 21 31 -1 34 0 0.00 0.0 0 11.1 21 10 M M 1 28 10
6 47 16 32 0 33 0 0.00 0.0 0 5.0 14 330 M M 1 8 18 260
7 42 16 29 -2 36 0 0.00 0.0 0 8.9 18 20 M M 1 20 24
8 30 14 22 -9 43 0 0.03 0.0 0 6.1 16 250 M M 8 16 22 250
9 40 25 33 2 32 0 0.00 0.0 T 7.7 16 310 M M 6 12 20 310
10 49 20 35 5 30 0 0.00 0.0 0 5.9 16 330 M M 3 12 20 340
11 49 22 36 6 29 0 0.00 0.0 0 10.8 20 160 M M 1 1 28 170
12 46 32 39 9 26 0 0.22 0.0 0 13.8 22 120 M M 10 123 33 130
13 50 28 39 9 26 0 0.12 T 0 17.9 24 250 M M 9 12 40 160
14 30 24 27 -2 38 0 0.00 0.0 0 22.2 29 310 M M 9 38 310
15 29 19 24 -5 41 0 0.01 0.2 T 26.2 37 310 M M 6 1 49 310
16 29 19 24 -5 41 0 T T 0 24.7 36 320 M M 7 47 320
17 35 12 24 -5 41 0 0.00 0.0 0 10.7 28 320 M M M 36 320
18 41 8 25 -3 40 0 0.00 0.0 0 9.0 16 150 M M 0 22 170
19 25 5 15 -13 50 0 T T 0 11.9 21 340 M M 6 1 27 360
20 15 1 8 -20 57 0 0.00 0.0 0 9.7 15 40 M M 0 20 70
21 24 -7 9 -19 56 0 0.08 1.5 0 13.8 39 340 M M 9 128 50 340
22 -4 -15 -9 -37 74 0 0.02 0.3 2 24.1 36 340 M M 5 28 46 330
23 9 -7 1 -27 64 0 0.00 0.0 2 19.7 31 320 M M 0 37 310
24 17 -1 8 -19 57 0 0.00 0.0 1 6.6 16 320 M M 7 21 320
25 39 2 21 -6 44 0 T 0.0 1 10.4 21 320 M M 2 28 200
26 38 7 23 -4 42 0 T T T 15.4 40 330 M M 2 54 330
27 42 17 30 3 35 0 0.00 0.0 T 13.4 20 170 M M 0 29 160
28 60 30 45 18 20 0 0.00 0.0 0 6.4 15 310 M M 3 22 180
29 42 24 33 6 32 0 0.18 0.5 0 10.9 23 20 M M 8 13 32 20
30 43 22 33 6 32 0 0.00 0.0 1 7.0 18 250 M M 0 23 250
31 46 28 37 10 28 0 0.00 0.0 T 4.9 14 260 M M 2 18 240
================================================================================
SM 1155 441 1210 0 0.66 2.5 380.5 M 106
================================================================================
AV 37.3 14.2 12.3 FASTST M M 4 MAX(MPH)
MISC ----> 40 330 54 330
================================================================================
NOTES:
# LAST OF SEVERAL OCCURRENCES
COLUMN 17 PEAK WIND IN M.P.H.
PRELIMINARY LOCAL CLIMATOLOGICAL DATA (WS FORM: F-6) , PAGE 2
STATION: HASTINGS NE
MONTH: DECEMBER
YEAR: 2022
LATITUDE: 40 35 N
LONGITUDE: 98 26 W
[TEMPERATURE DATA] [PRECIPITATION DATA] SYMBOLS USED IN COLUMN 16
AVERAGE MONTHLY: 25.7 TOTAL FOR MONTH: 0.66 1 = FOG OR MIST
DPTR FM NORMAL: -3.5 DPTR FM NORMAL: -0.20 2 = FOG REDUCING VISIBILITY
HIGHEST: 60 ON 28 GRTST 24HR 0.34 ON 12-13 TO 1/4 MILE OR LESS
LOWEST: -15 ON 22 3 = THUNDER
SNOW, ICE PELLETS, HAIL 4 = ICE PELLETS
TOTAL MONTH: 2.5 INCHES 5 = HAIL
GRTST 24HR 1.5 ON 21-21 6 = FREEZING RAIN OR DRIZZLE
GRTST DEPTH: 2 ON 23,22 7 = DUSTSTORM OR SANDSTORM:
VSBY 1/2 MILE OR LESS
8 = SMOKE OR HAZE
[NO. OF DAYS WITH] [WEATHER - DAYS WITH] 9 = BLOWING SNOW
X = TORNADO
MAX 32 OR BELOW: 10 0.01 INCH OR MORE: 7
MAX 90 OR ABOVE: 0 0.10 INCH OR MORE: 3
MIN 32 OR BELOW: 31 0.50 INCH OR MORE: 0
MIN 0 OR BELOW: 4 1.00 INCH OR MORE: 0
[HDD (BASE 65) ]
TOTAL THIS MO. 1210 CLEAR (SCALE 0-3) 18
DPTR FM NORMAL 102 PTCLDY (SCALE 4-7) 8
TOTAL FM JUL 1 2412 CLOUDY (SCALE 8-10) 5
DPTR FM NORMAL 74
[CDD (BASE 65) ]
TOTAL THIS MO. 0
DPTR FM NORMAL 0 [PRESSURE DATA]
TOTAL FM JAN 1 1338 HIGHEST SLP 30.74 ON 20
DPTR FM NORMAL 203 LOWEST SLP 29.32 ON 13
[REMARKS]
#FINAL-12-22#