000
CXUS54 KHUN 010910
CF6HSV
PRELIMINARY LOCAL CLIMATOLOGICAL DATA (WS FORM: F-6)
STATION: HUNTSVILLE
MONTH: NOVEMBER
YEAR: 2023
LATITUDE: 34 39 N
LONGITUDE: 86 46 W
TEMPERATURE IN F: :PCPN: SNOW: WIND :SUNSHINE: SKY :PK WND
================================================================================
1 2 3 4 5 6A 6B 7 8 9 10 11 12 13 14 15 16 17 18
12Z AVG MX 2MIN
DY MAX MIN AVG DEP HDD CDD WTR SNW DPTH SPD SPD DIR MIN PSBL S-S WX SPD DR
================================================================================
1 54 28 41 -16 24 0 0.00 0.0 0 6.1 16 30 M M 0 24 10
2 62 25 44 -13 21 0 0.00 0.0 0 4.2 12 170 M M 0 16 220
3 69 33 51 -6 14 0 0.00 0.0 0 5.5 12 170 M M 0 M M
4 75 37 56 0 9 0 0.00 0.0 0 2.5 10 300 M M 0 17 290
5 78 41 60 4 5 0 0.00 0.0 0 1.4 12 330 M M 1 15 330
6 79 45 62 6 3 0 0.00 0.0 0 5.5 14 240 M M 1 19 240
7 82 48 65 10 0 0 0.00 0.0 0 5.9 14 240 M M 0 19 240
8 82 54 68 13 0 3 0.00 0.0 0 8.1 21 230 M M 2 27 220
9 76 60 68 14 0 3 0.00 0.0 0 5.8 16 30 M M 8 22 30
10 64 53 59 5 6 0 0.08 0.0 0 9.4 17 20 M M 9 1 24 40
11 66 52 59 5 6 0 T 0.0 0 6.4 12 130 M M 9 16 20
12 64 52 58 4 7 0 T 0.0 0 4.7 13 130 M M 9 16 140
13 73 44 59 6 6 0 0.00 0.0 0 3.7 10 40 M M 6 14 20
14 70 45 58 5 7 0 0.00 0.0 0 6.7 21 140 M M 7 8 28 130
15 67 54 61 9 4 0 T 0.0 0 8.4 20 150 M M 10 8 28 150
16 78 56 67 15 0 2 0.00 0.0 0 8.5 20 140 M M 7 29 140
17 72 58 65 13 0 0 0.06 0.0 0 5.6 16 300 M M 8 1 22 280
18 63 40 52 0 13 0 0.00 0.0 0 7.8 15 360 M M 4 20 360
19 69 34 52 1 13 0 0.00 0.0 0 3.4 9 140 M M 1 14 140
20 74 45 60 9 5 0 0.41 0.0 0 12.7 24 150 M M 7 1 31 140
21 65 50 58 7 7 0 1.30 0.0 0 10.0 26 170 M M 10 1 38 160
22 50 37 44 -6 21 0 0.05 0.0 0 6.8 15 310 M M 8 1 21 330
23 52 31 42 -8 23 0 0.00 0.0 0 1.9 6 220 M M 6 12 8 190
24 62 42 52 2 13 0 0.00 0.0 0 6.0 15 360 M M 4 1 20 360
25 63 39 51 1 14 0 0.00 0.0 0 5.9 15 130 M M 3 21 130
26 53 42 48 -1 17 0 0.10 0.0 0 9.0 21 310 M M 7 1 28 320
27 48 31 40 -9 25 0 0.00 0.0 0 7.1 16 330 M M 3 22 340
28 48 26 37 -12 28 0 0.00 0.0 0 4.7 15 340 M M 1 22 350
29 59 23 41 -8 24 0 0.00 0.0 0 5.3 13 250 M M 2 17 220
30 63 34 49 1 16 0 0.00 0.0 0 9.7 20 160 M M 6 8 27 170
================================================================================
SM 1980 1259 331 8 2.00 0.0 188.7 M 139
================================================================================
AV 66.0 42.0 6.3 FASTST M M 5 MAX(MPH)
MISC ----> 26 170 38 160
================================================================================
NOTES:
# LAST OF SEVERAL OCCURRENCES
COLUMN 17 PEAK WIND IN M.P.H.
PRELIMINARY LOCAL CLIMATOLOGICAL DATA (WS FORM: F-6) , PAGE 2
STATION: HUNTSVILLE
MONTH: NOVEMBER
YEAR: 2023
LATITUDE: 34 39 N
LONGITUDE: 86 46 W
[TEMPERATURE DATA] [PRECIPITATION DATA] SYMBOLS USED IN COLUMN 16
AVERAGE MONTHLY: 54.0 TOTAL FOR MONTH: 2.00 1 = FOG OR MIST
DPTR FM NORMAL: 1.5 DPTR FM NORMAL: -2.25 2 = FOG REDUCING VISIBILITY
HIGHEST: 82 ON 8, 7 GRTST 24HR 1.71 ON 20-21 TO 1/4 MILE OR LESS
LOWEST: 23 ON 29 3 = THUNDER
SNOW, ICE PELLETS, HAIL 4 = ICE PELLETS
TOTAL MONTH: 0.0 INCH 5 = HAIL
GRTST 24HR 0.0 6 = FREEZING RAIN OR DRIZZLE
GRTST DEPTH: 0 7 = DUSTSTORM OR SANDSTORM:
VSBY 1/2 MILE OR LESS
8 = SMOKE OR HAZE
[NO. OF DAYS WITH] [WEATHER - DAYS WITH] 9 = BLOWING SNOW
X = TORNADO
MAX 32 OR BELOW: 0 0.01 INCH OR MORE: 6
MAX 90 OR ABOVE: 0 0.10 INCH OR MORE: 3
MIN 32 OR BELOW: 6 0.50 INCH OR MORE: 1
MIN 0 OR BELOW: 0 1.00 INCH OR MORE: 1
[HDD (BASE 65) ]
TOTAL THIS MO. 331 CLEAR (SCALE 0-3) 12
DPTR FM NORMAL -52 PTCLDY (SCALE 4-7) 13
TOTAL FM JUL 1 426 CLOUDY (SCALE 8-10) 5
DPTR FM NORMAL -88
[CDD (BASE 65) ]
TOTAL THIS MO. 8
DPTR FM NORMAL -2 [PRESSURE DATA]
TOTAL FM JAN 1 2019 HIGHEST SLP 30.49 ON 2
DPTR FM NORMAL -85 LOWEST SLP 29.76 ON 21
[REMARKS]
#FINAL-11-23#