000
CXUS53 KAPX 010730
CF6HTL
PRELIMINARY LOCAL CLIMATOLOGICAL DATA (WS FORM: F-6)
STATION: HOUGHTON LAKE MI
MONTH: MARCH
YEAR: 2023
LATITUDE: 44 22 N
LONGITUDE: 84 41 W
TEMPERATURE IN F: :PCPN: SNOW: WIND :SUNSHINE: SKY :PK WND
================================================================================
1 2 3 4 5 6A 6B 7 8 9 10 11 12 13 14 15 16 17 18
12Z AVG MX 2MIN
DY MAX MIN AVG DEP HDD CDD WTR SNW DPTH SPD SPD DIR MIN PSBL S-S WX SPD DR
================================================================================
1 43 26 35 11 30 0 0.00 0.0 10 6.2 13 110 M M 8 17 110
2 37 28 33 9 32 0 0.02 0.4 9 3.3 13 20 M M 10 1 17 30
3 35 27 31 6 34 0 0.00 0.0 9 9.9 21 70 M M 9 28 70
4 44 18 31 6 34 0 0.03 T 8 5.8 13 250 M M 5 1 20 260
5 45 28 37 11 28 0 0.01 T 8 6.3 12 40 M M 5 1 18 300
6 35 30 33 7 32 0 0.22 1.6 9 12.7 23 100 M M 9 1 36 100
7 41 20 31 5 34 0 0.00 0.0 8 7.2 20 60 M M 3 25 60
8 42 18 30 3 35 0 0.00 0.0 8 6.2 17 60 M M 0 23 60
9 43 24 34 7 31 0 0.00 0.0 8 8.7 15 60 M M 6 21 60
10 33 25 29 2 36 0 0.20 1.8 9 10.4 20 50 M M 10 1 29 60
11 36 16 26 -2 39 0 T T 8 4.7 13 120 M M 2 19 100
12 30 22 26 -2 39 0 0.05 0.6 8 6.1 12 50 M M 10 18 15 70
13 26 16 21 -7 44 0 T 0.2 10 8.6 17 340 M M 10 18 23 330
14 33 13 23 -6 42 0 0.00 0.0 10 9.2 17 350 M M 0 25 330
15 43 5 24 -5 41 0 0.00 0.0 9 5.4 15 230 M M 1 23 220
16 50 35 43 13 22 0 0.27 0.0 8 8.1 15 180 M M 8 1 22 190
17 40 22 31 1 34 0 0.24 T 7 15.0 28 280 M M 10 18 40 260
18 22 15 19 -11 46 0 0.13 2.3 6 14.7 26 280 M M 9 128 38 290
19 34 11 23 -8 42 0 0.01 0.2 9 11.6 20 240 M M 3 1 30 230
20 44 27 36 5 29 0 0.00 0.0 6 10.0 18 240 M M 4 33 240
21 43 24 34 2 31 0 0.00 0.0 6 7.8 16 110 M M 4 22 120
22 41 24 33 1 32 0 0.02 0.0 6 6.8 14 170 M M 9 12 20 170
23 42 25 34 2 31 0 0.00 0.0 4 8.3 16 310 M M 6 12 24 310
24 45 19 32 -1 33 0 0.00 0.0 4 5.5 10 120 M M 0 M M
25 34 27 31 -2 34 0 0.90 5.4 5 14.3 30 50 M M 9 126 41 50
26 45 20 33 -1 32 0 0.00 0.0 8 5.9 12 280 M M 1 17 280
27 43 24 34 0 31 0 0.00 0.0 5 7.3 16 320 M M 1 22 330
28 45 19 32 -2 33 0 0.00 0.0 5 5.6 16 270 M M 0 25 250
29 32 18 25 -10 40 0 0.05 0.6 5 12.8 26 310 M M 5 128 46 300
30 41 14 28 -7 37 0 0.02 0.1 5 6.0 12 250 M M 2 16 160
31 44 32 38 2 27 0 1.14 T 3 7.9 17 120 M M 10 136 29 140
================================================================================
SM 1211 672 1065 0 3.31 13.2 258.3 M 169
================================================================================
AV 39.1 21.7 8.3 FASTST M M 5 MAX(MPH)
MISC ----> 30 50 46 300
================================================================================
NOTES:
# LAST OF SEVERAL OCCURRENCES
COLUMN 17 PEAK WIND IN M.P.H.
PRELIMINARY LOCAL CLIMATOLOGICAL DATA (WS FORM: F-6) , PAGE 2
STATION: HOUGHTON LAKE MI
MONTH: MARCH
YEAR: 2023
LATITUDE: 44 22 N
LONGITUDE: 84 41 W
[TEMPERATURE DATA] [PRECIPITATION DATA] SYMBOLS USED IN COLUMN 16
AVERAGE MONTHLY: 30.4 TOTAL FOR MONTH: 3.31 1 = FOG OR MIST
DPTR FM NORMAL: 0.7 DPTR FM NORMAL: 1.53 2 = FOG REDUCING VISIBILITY
HIGHEST: 50 ON 16 GRTST 24HR 1.14 ON 31-31 TO 1/4 MILE OR LESS
LOWEST: 5 ON 15 3 = THUNDER
SNOW, ICE PELLETS, HAIL 4 = ICE PELLETS
TOTAL MONTH: 13.2 INCHES 5 = HAIL
GRTST 24HR 5.4 ON 25-25 6 = FREEZING RAIN OR DRIZZLE
GRTST DEPTH: 11 ON M 7 = DUSTSTORM OR SANDSTORM:
VSBY 1/2 MILE OR LESS
8 = SMOKE OR HAZE
[NO. OF DAYS WITH] [WEATHER - DAYS WITH] 9 = BLOWING SNOW
X = TORNADO
MAX 32 OR BELOW: 4 0.01 INCH OR MORE: 15
MAX 90 OR ABOVE: 0 0.10 INCH OR MORE: 7
MIN 32 OR BELOW: 30 0.50 INCH OR MORE: 2
MIN 0 OR BELOW: 0 1.00 INCH OR MORE: 1
[HDD (BASE 65) ]
TOTAL THIS MO. 1065 CLEAR (SCALE 0-3) 11
DPTR FM NORMAL -28 PTCLDY (SCALE 4-7) 9
TOTAL FM JUL 1 6067 CLOUDY (SCALE 8-10) 11
DPTR FM NORMAL -707
[CDD (BASE 65) ]
TOTAL THIS MO. 0
DPTR FM NORMAL 0 [PRESSURE DATA]
TOTAL FM JAN 1 0 HIGHEST SLP 30.64 ON 8
DPTR FM NORMAL 0 LOWEST SLP 29.20 ON 25
[REMARKS]
#FINAL-03-23#