000
CXUS51 KRLX 011913
CF6HTS
PRELIMINARY LOCAL CLIMATOLOGICAL DATA (WS FORM: F-6)
STATION: HUNTINGTON WV
MONTH: JUNE
YEAR: 2020
LATITUDE: 38 22 N
LONGITUDE: 82 33 W
TEMPERATURE IN F: :PCPN: SNOW: WIND :SUNSHINE: SKY :PK WND
================================================================================
1 2 3 4 5 6A 6B 7 8 9 10 11 12 13 14 15 16 17 18
12Z AVG MX 2MIN
DY MAX MIN AVG DEP HDD CDD WTR SNW DPTH SPD SPD DIR MIN PSBL S-S WX SPD DR
================================================================================
1 75 46 61 -7 4 0 0.00 0.0 0 2.2 8 150 M M 1 11 130
2 87 58 73 5 0 8 0.00 0.0 0 7.1 16 230 M M 3 25 240
3 88 68 78 9 0 13 0.00 0.0 0 6.9 18 240 M M 0 25 230
4 88 65 77 8 0 12 0.36 0.0 0 6.4 16 250 M M 3 138 24 250
5 82 68 75 6 0 10 0.55 0.0 0 1.2 8 180 M M 5 1 12 200
6 88 66 77 7 0 12 0.00 0.0 0 4.2 12 250 M M 2 13 17 250
7 82 60 71 1 0 6 0.00 0.0 0 4.6 13 80 M M 0 20 20
8 85 55 70 0 0 5 0.00 0.0 0 4.4 10 20 M M 0 15 60
9 92 62 77 6 0 12 0.00 0.0 0 4.1 13 240 M M 1 20 180
10 90 70 80 9 0 15 0.18 0.0 0 9.9 25 240 M M 3 13 39 240
11 81 62 72 1 0 7 0.00 0.0 0 4.4 12 250 M M 3 17 320
12 85 55 70 -1 0 5 0.00 0.0 0 3.7 13 10 M M 2 1 19 10
13 79 54 67 -5 0 2 0.00 0.0 0 4.8 15 10 M M 1 20 20
14 70 57 64 -8 1 0 0.08 0.0 0 4.2 14 320 M M 8 12 17 320
15 76 56 66 -6 0 1 0.00 0.0 0 5.4 15 80 M M 7 12 19 90
16 80 54 67 -5 0 2 0.00 0.0 0 4.4 15 90 M M 4 20 90
17 71 59 65 -8 0 0 0.06 0.0 0 2.6 12 50 M M 8 1 15 40
18 74 62 68 -5 0 3 0.20 0.0 0 2.0 12 190 M M 7 138 13 200
19 84 60 72 -1 0 7 T 0.0 0 2.9 10 230 M M 5 12 13 240
20 90 63 77 4 0 12 0.00 0.0 0 3.0 9 340 M M 1 1 13 10
21 91 67 79 5 0 14 0.01 0.0 0 5.0 17 270 M M 2 3 28 280
22 86 68 77 3 0 12 0.02 0.0 0 5.4 14 240 M M 6 1 20 270
23 80 66 73 -1 0 8 0.47 0.0 0 7.0 24 290 M M 4 13 37 300
24 83 59 71 -3 0 6 T 0.0 0 5.6 15 240 M M 4 20 250
25 85 59 72 -2 0 7 0.00 0.0 0 3.5 13 350 M M 3 12 24 230
26 88 59 74 -1 0 9 0.00 0.0 0 5.9 15 230 M M 3 22 280
27 81 69 75 0 0 10 T 0.0 0 8.1 16 240 M M 7 23 260
28 75 69 72 -3 0 7 0.27 0.0 0 4.8 12 240 M M 8 1 15 240
29 86 68 77 2 0 12 0.01 0.0 0 2.5 9 250 M M 6 12 14 230
30 83 70 77 2 0 12 0.25 0.0 0 2.9 14 260 M M 5 13 19 270
================================================================================
SM 2485 1854 5 229 2.46 0.0 139.1 M 112
================================================================================
AV 82.8 61.8 4.6 FASTST M M 4 MAX(MPH)
MISC ----> 25 240 39 240
================================================================================
NOTES:
# LAST OF SEVERAL OCCURRENCES
COLUMN 17 PEAK WIND IN M.P.H.
PRELIMINARY LOCAL CLIMATOLOGICAL DATA (WS FORM: F-6) , PAGE 2
STATION: HUNTINGTON WV
MONTH: JUNE
YEAR: 2020
LATITUDE: 38 22 N
LONGITUDE: 82 33 W
[TEMPERATURE DATA] [PRECIPITATION DATA] SYMBOLS USED IN COLUMN 16
AVERAGE MONTHLY: 72.3 TOTAL FOR MONTH: 2.46 1 = FOG OR MIST
DPTR FM NORMAL: 0.2 DPTR FM NORMAL: -1.42 2 = FOG REDUCING VISIBILITY
HIGHEST: 92 ON 9 GRTST 24HR 0.91 ON 4- 5 TO 1/4 MILE OR LESS
LOWEST: 46 ON 1 3 = THUNDER
SNOW, ICE PELLETS, HAIL 4 = ICE PELLETS
TOTAL MONTH: 0.0 INCH 5 = HAIL
GRTST 24HR 0.0 6 = FREEZING RAIN OR DRIZZLE
GRTST DEPTH: 0 7 = DUSTSTORM OR SANDSTORM:
VSBY 1/2 MILE OR LESS
8 = SMOKE OR HAZE
[NO. OF DAYS WITH] [WEATHER - DAYS WITH] 9 = BLOWING SNOW
X = TORNADO
MAX 32 OR BELOW: 0 0.01 INCH OR MORE: 12
MAX 90 OR ABOVE: 4 0.10 INCH OR MORE: 7
MIN 32 OR BELOW: 0 0.50 INCH OR MORE: 1
MIN 0 OR BELOW: 0 1.00 INCH OR MORE: 0
[HDD (BASE 65) ]
TOTAL THIS MO. 5 CLEAR (SCALE 0-3) 16
DPTR FM NORMAL -7 PTCLDY (SCALE 4-7) 14
TOTAL FM JUL 1 4025 CLOUDY (SCALE 8-10) 0
DPTR FM NORMAL -484
[CDD (BASE 65) ]
TOTAL THIS MO. 229
DPTR FM NORMAL 4 [PRESSURE DATA]
TOTAL FM JAN 1 363 HIGHEST SLP 30.34 ON 1
DPTR FM NORMAL 25 LOWEST SLP 29.67 ON 10
[REMARKS]
#FINAL-06-20#