000
CXUS56 KTFX 011110
CF6HVR
PRELIMINARY LOCAL CLIMATOLOGICAL DATA (WS FORM: F-6)
STATION: HAVRE MT
MONTH: SEPTEMBER
YEAR: 2021
LATITUDE: 48 32 N
LONGITUDE: 109 46 W
TEMPERATURE IN F: :PCPN: SNOW: WIND :SUNSHINE: SKY :PK WND
================================================================================
1 2 3 4 5 6A 6B 7 8 9 10 11 12 13 14 15 16 17 18
12Z AVG MX 2MIN
DY MAX MIN AVG DEP HDD CDD WTR SNW DPTH SPD SPD DIR MIN PSBL S-S WX SPD DR
================================================================================
1 76 43 60 -3 5 0 0.00 0.0 0 10.2 24 260 M M 0 36 230
2 71 39 55 -8 10 0 0.00 0.0 0 6.7 15 300 M M 0 23 300
3 78 36 57 -5 8 0 0.00 0.0 0 3.3 12 290 M M 1 16 270
4 82 42 62 0 3 0 0.00 0.0 0 8.0 17 220 M M 0 26 250
5 90 50 70 8 0 5 0.00 0.0 0 11.4 26 270 M M 0 8 35 250
6 83 50 67 6 0 2 0.00 0.0 0 11.6 28 300 M M 2 8 36 320
7 83 39 61 0 4 0 0.00 0.0 0 7.4 18 320 M M 0 27 330
8 88 47 68 8 0 3 0.00 0.0 0 6.4 18 150 M M 0 30 150
9 92 51 72 12 0 7 0.00 0.0 0 10.8 24 250 M M 0 8 32 250
10 80 53 67 7 0 2 T 0.0 0 11.9 24 60 M M 1 8 30 90
11 72 51 62 3 3 0 0.05 0.0 0 11.5 29 320 M M 8 13 38 230
12 80 44 62 3 3 0 T 0.0 0 7.9 23 190 M M 2 1 32 230
13 72 46 59 0 6 0 T 0.0 0 5.5 13 320 M M 5 1 18 330
14 77 41 59 1 6 0 0.00 0.0 0 8.3 23 250 M M 1 31 250
15 74 50 62 4 3 0 0.00 0.0 0 11.7 21 60 M M 2 29 330
16 62 34 48 -10 17 0 T 0.0 0 7.7 22 310 M M 4 29 320
17 79 28 54 -3 11 0 0.00 0.0 0 7.3 28 220 M M 2 36 210
18 92 46 69 12 0 4 0.00 0.0 0 16.0 37 240 M M 0 8 51 240
19 66 47 57 0 8 0 0.00 0.0 0 9.8 23 260 M M 4 29 260
20 69 46 58 2 7 0 0.00 0.0 0 10.1 31 10 M M 3 40 10
21 77 45 61 5 4 0 0.00 0.0 0 14.6 25 220 M M 0 32 250
22 87 42 65 9 0 0 0.00 0.0 0 11.5 30 290 M M 0 40 290
23 72 47 60 5 5 0 0.00 0.0 0 7.5 16 330 M M 3 21 320
24 75 43 59 4 6 0 0.00 0.0 0 5.9 15 260 M M 3 19 240
25 91 43 67 13 0 2 0.00 0.0 0 11.1 24 220 M M 0 32 220
26 88 46 67 13 0 2 0.00 0.0 0 8.9 22 240 M M 0 33 260
27 88 45 67 13 0 2 0.00 0.0 0 8.7 23 240 M M 0 31 240
28 69 39 54 1 11 0 0.00 0.0 0 13.2 30 270 M M 2 39 280
29 68 36 52 -1 13 0 0.00 0.0 0 12.5 23 260 M M 0 32 260
30 75 30 53 1 12 0 0.00 0.0 0 6.2 23 220 M M 0 30 220
================================================================================
SM 2356 1299 145 29 0.05 0.0 283.6 M 43
================================================================================
AV 78.5 43.3 9.5 FASTST M M 1 MAX(MPH)
MISC ----> 37 240 51 240
================================================================================
NOTES:
# LAST OF SEVERAL OCCURRENCES
COLUMN 17 PEAK WIND IN M.P.H.
PRELIMINARY LOCAL CLIMATOLOGICAL DATA (WS FORM: F-6) , PAGE 2
STATION: HAVRE MT
MONTH: SEPTEMBER
YEAR: 2021
LATITUDE: 48 32 N
LONGITUDE: 109 46 W
[TEMPERATURE DATA] [PRECIPITATION DATA] SYMBOLS USED IN COLUMN 16
AVERAGE MONTHLY: 60.9 TOTAL FOR MONTH: 0.05 1 = FOG OR MIST
DPTR FM NORMAL: 3.2 DPTR FM NORMAL: -1.01 2 = FOG REDUCING VISIBILITY
HIGHEST: 92 ON 18, 9 GRTST 24HR 0.05 ON 11-11 TO 1/4 MILE OR LESS
LOWEST: 28 ON 17 3 = THUNDER
SNOW, ICE PELLETS, HAIL 4 = ICE PELLETS
TOTAL MONTH: 0.0 INCH 5 = HAIL
GRTST 24HR 0.0 6 = FREEZING RAIN OR DRIZZLE
GRTST DEPTH: 0 7 = DUSTSTORM OR SANDSTORM:
VSBY 1/2 MILE OR LESS
8 = SMOKE OR HAZE
[NO. OF DAYS WITH] [WEATHER - DAYS WITH] 9 = BLOWING SNOW
X = TORNADO
MAX 32 OR BELOW: 0 0.01 INCH OR MORE: 1
MAX 90 OR ABOVE: 4 0.10 INCH OR MORE: 0
MIN 32 OR BELOW: 2 0.50 INCH OR MORE: 0
MIN 0 OR BELOW: 0 1.00 INCH OR MORE: 0
[HDD (BASE 65) ]
TOTAL THIS MO. 145 CLEAR (SCALE 0-3) 25
DPTR FM NORMAL -96 PTCLDY (SCALE 4-7) 4
TOTAL FM JUL 1 208 CLOUDY (SCALE 8-10) 1
DPTR FM NORMAL -108
[CDD (BASE 65) ]
TOTAL THIS MO. 29
DPTR FM NORMAL 6 [PRESSURE DATA]
TOTAL FM JAN 1 660 HIGHEST SLP 30.30 ON 21
DPTR FM NORMAL 257 LOWEST SLP 29.40 ON 18
[REMARKS]
#FINAL-09-21#