000
CXUS54 KEWX 011110
CF6HYI
PRELIMINARY LOCAL CLIMATOLOGICAL DATA (WS FORM: F-6)
STATION: SAN MARCOS
MONTH: FEBRUARY
YEAR: 2023
LATITUDE: 29 53 N
LONGITUDE: 97 52 W
TEMPERATURE IN F: :PCPN: SNOW: WIND :SUNSHINE: SKY :PK WND
================================================================================
1 2 3 4 5 6A 6B 7 8 9 10 11 12 13 14 15 16 17 18
12Z AVG MX 2MIN
DY MAX MIN AVG DEP HDD CDD WTR SNW DPTH SPD SPD DIR MIN PSBL S-S WX SPD DR
================================================================================
1 34 32 33 M 32 0 0.73 M M 5.0 12 360 M M 10 18 M M
2 41 36 39 M 26 0 0.17 M M 13.8 27 20 M M 10 138 31 310
3 54 34 44 M 21 0 0.00 M M 8.2 17 30 M M 6 M M
4 61 36 49 M 16 0 0.00 M M 4.3 15 200 M M 6 12 M M
5 73 39 56 M 9 0 0.00 M M 5.3 15 220 M M 3 12 M M
6 77 57 67 M 0 2 0.00 M M 13.1 23 150 M M 8 18 31 180
7 72 64 68 M 0 3 0.47 M M 11.3 24 340 M M 10 18 28 330
8 61 46 54 M 11 0 0.08 M M 10.1 16 310 M M 7 1 21 330
9 75 43 59 M 6 0 0.00 M M 7.5 21 330 M M 0 M M
10 55 45 50 M 15 0 0.00 M M 18.0 29 350 M M 3 41 330
11 64 32 48 M 17 0 0.00 M M 9.3 21 10 M M 0 27 10
12 63 32 48 M 17 0 0.00 M M 6.7 15 210 M M 0 M M
13 73 43 58 M 7 0 0.00 M M 8.6 20 140 M M 3 23 140
14 81 63 72 M 0 7 0.03 M M 12.9 21 170 M M 4 8 33 170
15 82 52 67 M 0 2 0.00 M M 9.2 23 170 M M 5 12 30 170
16 M 48 M M M M 0.02 M M 20.3 31 330 M M 7 18 38 340
17 55 36 46 M 19 0 0.00 M M 12.7 21 360 M M 0 24 360
18 57 36 47 M 18 0 0.00 M M 6.1 16 170 M M 0 M M
19 77 46 62 M 3 0 0.00 M M 7.1 18 230 M M 2 1 22 230
20 79 63 71 M 0 6 0.00 M M 9.7 22 190 M M 3 29 200
21 86 57 72 M 0 7 0.00 M M 13.2 25 150 M M 4 12 33 160
22 88 68 78 M 0 13 0.00 M M 11.8 23 190 M M 4 1 33 170
23 81 66 74 M 0 9 0.00 M M 12.6 22 20 M M 7 18 26 20
24 57 55 56 M 9 0 0.00 M M 13.4 15 20 M M 10 M M
25 70 48 59 M 6 0 0.00 M M 10.5 17 360 M M 8 18 M M
26 81 55 68 M 0 3 T M M 12.9 23 160 M M 9 128 32 180
27 84 64 74 M 0 9 0.00 M M 8.2 15 340 M M 4 17 330
28 83 69 76 M 0 11 0.04 M M 6.7 12 150 M M 3 12 M M
================================================================================
SM 1864 1365 232 72 1.54 M 288.4 M 136
================================================================================
AV 69.0 48.8 10.3 FASTST M M 5 MAX(MPH)
MISC ----> 31 330 41 330
================================================================================
NOTES:
# LAST OF SEVERAL OCCURRENCES
COLUMN 17 PEAK WIND IN M.P.H.
PRELIMINARY LOCAL CLIMATOLOGICAL DATA (WS FORM: F-6) , PAGE 2
STATION: SAN MARCOS
MONTH: FEBRUARY
YEAR: 2023
LATITUDE: 29 53 N
LONGITUDE: 97 52 W
[TEMPERATURE DATA] [PRECIPITATION DATA] SYMBOLS USED IN COLUMN 16
AVERAGE MONTHLY: 58.9 TOTAL FOR MONTH: 1.54 1 = FOG OR MIST
DPTR FM NORMAL: 0.0 DPTR FM NORMAL: 1.54 2 = FOG REDUCING VISIBILITY
HIGHEST: 88 ON 22 GRTST 24HR 0.73 ON 1- 1 TO 1/4 MILE OR LESS
LOWEST: 32 ON 12,11 3 = THUNDER
SNOW, ICE PELLETS, HAIL 4 = ICE PELLETS
TOTAL MONTH: M 5 = HAIL
GRTST 24HR M ON M 6 = FREEZING RAIN OR DRIZZLE
GRTST DEPTH: M ON M 7 = DUSTSTORM OR SANDSTORM:
VSBY 1/2 MILE OR LESS
8 = SMOKE OR HAZE
[NO. OF DAYS WITH] [WEATHER - DAYS WITH] 9 = BLOWING SNOW
X = TORNADO
MAX 32 OR BELOW: 0 0.01 INCH OR MORE: 7
MAX 90 OR ABOVE: 0 0.10 INCH OR MORE: 3
MIN 32 OR BELOW: 3 0.50 INCH OR MORE: 1
MIN 0 OR BELOW: 0 1.00 INCH OR MORE: 0
[HDD (BASE 65) ]
TOTAL THIS MO. 232 CLEAR (SCALE 0-3) 8
DPTR FM NORMAL M PTCLDY (SCALE 4-7) 15
TOTAL FM JUL 1 1020 CLOUDY (SCALE 8-10) 5
DPTR FM NORMAL M
[CDD (BASE 65) ]
TOTAL THIS MO. 72
DPTR FM NORMAL M [PRESSURE DATA]
TOTAL FM JAN 1 115 HIGHEST SLP M ON M
DPTR FM NORMAL M LOWEST SLP M ON M
[REMARKS]
#FINAL-02-23#