000
CXUS53 KUNR 011030
CF6IEN
PRELIMINARY LOCAL CLIMATOLOGICAL DATA (WS FORM: F-6)
STATION: PINE RIDGE SD
MONTH: FEBRUARY
YEAR: 2024
LATITUDE: 43 1 N
LONGITUDE: 102 31 W
TEMPERATURE IN F: :PCPN: SNOW: WIND :SUNSHINE: SKY :PK WND
================================================================================
1 2 3 4 5 6A 6B 7 8 9 10 11 12 13 14 15 16 17 18
12Z AVG MX 2MIN
DY MAX MIN AVG DEP HDD CDD WTR SNW DPTH SPD SPD DIR MIN PSBL S-S WX SPD DR
================================================================================
1 62 20 41 16 24 0 0.00 M M 3.7 10 70 M M 0 14 70
2 54 26 40 15 25 0 0.00 M M 5.2 14 120 M M 3 1 20 180
3 41 36 39 14 26 0 0.16 M M 7.5 17 100 M M 10 12 25 120
4 46 31 39 14 26 0 0.05 M M 2.5 12 190 M M 7 1 17 190
5 58 21 40 15 25 0 0.00 M M 10.3 24 200 M M 0 34 210
6 64 25 45 20 20 0 0.00 M M 4.3 13 70 M M 0 17 160
7 48 29 39 13 26 0 0.00 M M 3.2 13 360 M M 6 12 18 340
8 42 21 32 6 33 0 0.03 M M 10.9 33 280 M M 7 1 45 290
9 44 17 31 5 34 0 0.00 M M 4.3 10 40 M M 1 16 50
10 30 21 26 0 39 0 0.04 M M 4.5 12 50 M M 10 1 17 60
11 44 14 29 3 36 0 0.00 M M 5.0 16 290 M M 1 22 300
12 45 23 34 8 31 0 0.00 M M 4.2 12 250 M M 7 17 240
13 M M M M M M M M M M M M M M M M M
14 M M M M M M M M M M M M M M M M M
15 M M M M M M M M M M M M M M M M M
16 18 -12 3 -24 62 0 T M M 6.0 15 360 M M 8 18 20 20
17 32 -11 11 -16 54 0 0.00 M M 12.2 22 260 M M 0 30 250
18 44 1 23 -5 42 0 0.00 M M 7.2 20 190 M M 0 25 190
19 51 27 39 11 26 0 0.00 M M 6.4 18 300 M M 1 26 300
20 58 26 42 14 23 0 0.00 M M 5.3 21 290 M M 0 30 260
21 54 23 39 10 26 0 0.00 M M 4.2 13 290 M M 4 M M
22 55 24 40 11 25 0 0.00 M M 3.4 13 310 M M 2 20 270
23 54 25 40 11 25 0 0.00 M M 8.1 21 290 M M 1 29 280
24 58 26 42 12 23 0 0.00 M M 9.4 30 290 M M 0 43 290
25 63 29 46 16 19 0 0.00 M M 9.3 22 270 M M 0 33 280
26 67 30 49 19 16 0 0.00 M M 11.8 31 270 M M 1 45 290
27 35 4 20 -11 45 0 T M M 11.0 25 360 M M 7 18 39 360
28 48 3 26 -5 39 0 0.00 M M 6.2 17 240 M M 1 27 290
29 65 21 43 12 22 0 0.00 M M 8.0 23 240 M M 0 36 260
================================================================================
SM 1280 500 792 0 0.28 M 174.1 M 77
================================================================================
AV 49.2 19.2 6.7 FASTST M M 3 MAX(MPH)
MISC ----> 33 280 # 45 290
================================================================================
NOTES:
# LAST OF SEVERAL OCCURRENCES
COLUMN 17 PEAK WIND IN M.P.H.
PRELIMINARY LOCAL CLIMATOLOGICAL DATA (WS FORM: F-6) , PAGE 2
STATION: PINE RIDGE SD
MONTH: FEBRUARY
YEAR: 2024
LATITUDE: 43 1 N
LONGITUDE: 102 31 W
[TEMPERATURE DATA] [PRECIPITATION DATA] SYMBOLS USED IN COLUMN 16
AVERAGE MONTHLY: 34.2 TOTAL FOR MONTH: 0.28 1 = FOG OR MIST
DPTR FM NORMAL: 7.0 DPTR FM NORMAL: -0.22 2 = FOG REDUCING VISIBILITY
HIGHEST: 67 ON 26 GRTST 24HR 0.19 ON 3- 4 TO 1/4 MILE OR LESS
LOWEST: -12 ON 16 3 = THUNDER
SNOW, ICE PELLETS, HAIL 4 = ICE PELLETS
TOTAL MONTH: M 5 = HAIL
GRTST 24HR M ON M 6 = FREEZING RAIN OR DRIZZLE
GRTST DEPTH: M ON M 7 = DUSTSTORM OR SANDSTORM:
VSBY 1/2 MILE OR LESS
8 = SMOKE OR HAZE
[NO. OF DAYS WITH] [WEATHER - DAYS WITH] 9 = BLOWING SNOW
X = TORNADO
MAX 32 OR BELOW: 3 0.01 INCH OR MORE: 4
MAX 90 OR ABOVE: 0 0.10 INCH OR MORE: 1
MIN 32 OR BELOW: 25 0.50 INCH OR MORE: 0
MIN 0 OR BELOW: 2 1.00 INCH OR MORE: 0
[HDD (BASE 65) ]
TOTAL THIS MO. 792 CLEAR (SCALE 0-3) 17
DPTR FM NORMAL -265 PTCLDY (SCALE 4-7) 6
TOTAL FM JUL 1 4882 CLOUDY (SCALE 8-10) 6
DPTR FM NORMAL -382
[CDD (BASE 65) ]
TOTAL THIS MO. 0
DPTR FM NORMAL 0 [PRESSURE DATA]
TOTAL FM JAN 1 0 HIGHEST SLP 30.61 ON 17
DPTR FM NORMAL 0 LOWEST SLP 29.35 ON 26
[REMARKS]
#FINAL-02-24#