000
CXUS54 KFWD 072153
CF6ILE
PRELIMINARY LOCAL CLIMATOLOGICAL DATA (WS FORM: F-6)
STATION: KILLEEN SKYLARK
MONTH: AUGUST
YEAR: 2022
LATITUDE: 31 4 N
LONGITUDE: 97 41 W
TEMPERATURE IN F: :PCPN: SNOW: WIND :SUNSHINE: SKY :PK WND
================================================================================
1 2 3 4 5 6A 6B 7 8 9 10 11 12 13 14 15 16 17 18
12Z AVG MX 2MIN
DY MAX MIN AVG DEP HDD CDD WTR SNW DPTH SPD SPD DIR MIN PSBL S-S WX SPD DR
================================================================================
1 100 76 88 4 0 23 0.00 M M 10.5 20 170 M M 1 25 170
2 103 77 90 6 0 25 0.00 M M 13.4 22 170 M M 0 32 170
3 103 76 90 6 0 25 0.00 M M 14.8 18 170 M M 0 30 160
4 103 77 90 6 0 25 0.00 M M 11.6 16 200 M M 0 22 130
5 103 78 91 7 0 26 0.00 M M 11.0 16 180 M M 0 8 22 150
6 98 77 88 4 0 23 0.00 M M 10.4 18 150 M M 0 30 150
7 100 74 87 3 0 22 0.00 M M 10.7 21 170 M M 0 23 150
8 101 75 88 4 0 23 0.00 M M 8.3 20 170 M M 0 25 170
9 101 76 89 5 0 24 0.00 M M 7.4 10 150 M M 0 20 99
10 102 78 90 6 0 25 T M M 7.6 24 360 M M 0 3 37 10
11 99 75 87 3 0 22 0.00 M M 5.6 12 40 M M 1 18 40
12 99 74 87 3 0 22 0.00 M M 6.7 14 60 M M 1 17 60
13 100 74 87 3 0 22 0.00 M M 6.8 14 130 M M 1 20 130
14 96 74 85 1 0 20 T M M 8.0 18 130 M M 2 23 150
15 100 73 87 3 0 22 0.00 M M 8.0 15 150 M M 1 23 150
16 100 76 88 4 0 23 0.00 M M 6.8 10 180 M M 1 17 200
17 102 79 91 7 0 26 0.00 M M 5.9 13 150 M M 0 M M
18 95 74 85 1 0 20 0.34 M M 7.1 17 40 M M 1 13 33 140
19 93 74 84 0 0 19 1.01 M M 5.4 21 100 M M 4 13 29 100
20 97 75 86 2 0 21 0.00 M M 9.8 17 140 M M 2 29 140
21 95 75 85 1 0 20 0.00 M M 10.6 18 170 M M 3 18 150
22 87 72 80 -4 0 15 0.50 M M 7.0 15 270 M M 4 13 26 270
23 91 72 82 -2 0 17 0.00 M M 7.0 12 20 M M 4 M M
24 91 74 83 0 0 18 0.00 M M 6.7 15 30 M M 4 1 16 40
25 94 70 82 -1 0 17 0.00 M M 6.2 13 20 M M 1 8 20 20
26 95 72 84 1 0 19 0.00 M M 4.7 8 140 M M 2 M M
27 97 73 85 2 0 20 0.00 M M 7.3 16 150 M M 1 23 140
28 97 76 87 4 0 22 0.00 M M 11.5 16 140 M M 1 8 21 150
29 97 76 87 5 0 22 0.00 M M 8.7 18 150 M M 3 23 150
30 85 73 79 -3 0 14 2.23 M M 6.2 13 170 M M 7 1238 M M
31 87 73 80 -2 0 15 0.02 M M 4.0 14 120 M M 6 1 M M
================================================================================
SM 3011 2318 0 657 4.10 M 255.5 M 51
================================================================================
AV 97.1 74.8 8.2 FASTST M M 2 MAX(MPH)
MISC ----> 24 360 37 10
================================================================================
NOTES:
# LAST OF SEVERAL OCCURRENCES
COLUMN 17 PEAK WIND IN M.P.H.
PRELIMINARY LOCAL CLIMATOLOGICAL DATA (WS FORM: F-6) , PAGE 2
STATION: KILLEEN SKYLARK
MONTH: AUGUST
YEAR: 2022
LATITUDE: 31 4 N
LONGITUDE: 97 41 W
[TEMPERATURE DATA] [PRECIPITATION DATA] SYMBOLS USED IN COLUMN 16
AVERAGE MONTHLY: 86.0 TOTAL FOR MONTH: 4.10 1 = FOG OR MIST
DPTR FM NORMAL: 2.2 DPTR FM NORMAL: 2.23 2 = FOG REDUCING VISIBILITY
HIGHEST: 103 ON 5, 4 GRTST 24HR 2.25 ON 30-31 TO 1/4 MILE OR LESS
LOWEST: 70 ON 25 3 = THUNDER
SNOW, ICE PELLETS, HAIL 4 = ICE PELLETS
TOTAL MONTH: M 5 = HAIL
GRTST 24HR M ON M 6 = FREEZING RAIN OR DRIZZLE
GRTST DEPTH: M ON M 7 = DUSTSTORM OR SANDSTORM:
VSBY 1/2 MILE OR LESS
8 = SMOKE OR HAZE
[NO. OF DAYS WITH] [WEATHER - DAYS WITH] 9 = BLOWING SNOW
X = TORNADO
MAX 32 OR BELOW: 0 0.01 INCH OR MORE: 5
MAX 90 OR ABOVE: 28 0.10 INCH OR MORE: 4
MIN 32 OR BELOW: 0 0.50 INCH OR MORE: 3
MIN 0 OR BELOW: 0 1.00 INCH OR MORE: 2
[HDD (BASE 65) ]
TOTAL THIS MO. 0 CLEAR (SCALE 0-3) 25
DPTR FM NORMAL 0 PTCLDY (SCALE 4-7) 6
TOTAL FM JUL 1 0 CLOUDY (SCALE 8-10) 0
DPTR FM NORMAL 0
[CDD (BASE 65) ]
TOTAL THIS MO. 657
DPTR FM NORMAL 73 [PRESSURE DATA]
TOTAL FM JAN 1 2756 HIGHEST SLP 30.11 ON 7
DPTR FM NORMAL 772 LOWEST SLP 29.73 ON 28
[REMARKS]
#FINAL-08-22#