000
CXUS54 KFWD 230730
CF6ILE
PRELIMINARY LOCAL CLIMATOLOGICAL DATA (WS FORM: F-6)
STATION: KILLEEN SKYLARK
MONTH: APRIL
YEAR: 2024
LATITUDE: 31 4 N
LONGITUDE: 97 41 W
TEMPERATURE IN F: :PCPN: SNOW: WIND :SUNSHINE: SKY :PK WND
================================================================================
1 2 3 4 5 6A 6B 7 8 9 10 11 12 13 14 15 16 17 18
12Z AVG MX 2MIN
DY MAX MIN AVG DEP HDD CDD WTR SNW DPTH SPD SPD DIR MIN PSBL S-S WX SPD DR
================================================================================
1 81 67 74 12 0 9 T M M 15.8 24 180 M M 5 18 35 160
2 67 53 60 -2 5 0 0.00 M M 10.7 20 320 M M 1 31 320
3 80 45 63 1 2 0 0.00 M M 7.3 14 280 M M 0 24 320
4 86 46 66 3 0 1 0.00 M M 4.2 9 160 M M 0 8 M M
5 87 59 73 10 0 8 0.00 M M 12.0 22 180 M M 0 33 180
6 76 61 69 6 0 4 0.00 M M 17.2 25 170 M M 6 33 190
7 81 59 70 7 0 5 0.00 M M 6.5 15 180 M M 1 18 330
8 82 59 71 7 0 6 T M M 7.4 15 170 M M 6 1 18 170
9 75 64 70 6 0 5 2.99 M M 8.2 17 30 M M 8 123 24 50
10 69 54 62 -2 3 0 0.05 M M 12.9 23 320 M M 6 1 33 320
11 77 50 64 0 1 0 0.00 M M 6.5 14 340 M M 0 21 350
12 81 49 65 0 0 0 0.00 M M 8.8 17 160 M M 0 25 150
13 80 58 69 4 0 4 0.00 M M 14.2 23 170 M M 0 31 170
14 83 65 74 9 0 9 0.00 M M 13.3 16 170 M M 5 24 180
15 82 68 75 10 0 10 0.00 M M 14.8 26 150 M M 9 1 36 160
16 83 69 76 10 0 11 T M M 11.5 16 160 M M 6 1 24 160
17 84 72 78 12 0 13 0.00 M M 7.8 15 170 M M 8 1 21 130
18 88 70 79 13 0 14 0.00 M M 8.8 14 150 M M 6 20 190
19 75 60 68 2 0 3 0.00 M M 9.9 17 10 M M 9 21 10
20 65 50 58 -8 7 0 0.99 M M 10.4 22 30 M M 10 13 30 20
21 67 49 58 -9 7 0 0.01 M M 11.0 16 30 M M 5 23 10
22 72 45 59 -8 6 0 0.00 M M 7.1 15 160 M M 0 16 160
================================================================================
SM 1721 1272 31 102 4.04 M 226.3 M 91
================================================================================
AV 78.2 57.8 10.3 FASTST M M 4 MAX(MPH)
MISC ----> 26 150 36 160
================================================================================
NOTES:
# LAST OF SEVERAL OCCURRENCES
COLUMN 17 PEAK WIND IN M.P.H.
PRELIMINARY LOCAL CLIMATOLOGICAL DATA (WS FORM: F-6) , PAGE 2
STATION: KILLEEN SKYLARK
MONTH: APRIL
YEAR: 2024
LATITUDE: 31 4 N
LONGITUDE: 97 41 W
[TEMPERATURE DATA] [PRECIPITATION DATA] SYMBOLS USED IN COLUMN 16
AVERAGE MONTHLY: 68.0 TOTAL FOR MONTH: 4.04 1 = FOG OR MIST
DPTR FM NORMAL: 3.6 DPTR FM NORMAL: 2.59 2 = FOG REDUCING VISIBILITY
HIGHEST: 88 ON 18 GRTST 24HR 2.99 ON 9- 9 TO 1/4 MILE OR LESS
LOWEST: 45 ON 22, 3 3 = THUNDER
SNOW, ICE PELLETS, HAIL 4 = ICE PELLETS
TOTAL MONTH: M 5 = HAIL
GRTST 24HR M ON M 6 = FREEZING RAIN OR DRIZZLE
GRTST DEPTH: M ON M 7 = DUSTSTORM OR SANDSTORM:
VSBY 1/2 MILE OR LESS
8 = SMOKE OR HAZE
[NO. OF DAYS WITH] [WEATHER - DAYS WITH] 9 = BLOWING SNOW
X = TORNADO
MAX 32 OR BELOW: 0 0.01 INCH OR MORE: 4
MAX 90 OR ABOVE: 0 0.10 INCH OR MORE: 2
MIN 32 OR BELOW: 0 0.50 INCH OR MORE: 2
MIN 0 OR BELOW: 0 1.00 INCH OR MORE: 1
[HDD (BASE 65) ]
TOTAL THIS MO. 31 CLEAR (SCALE 0-3) 9
DPTR FM NORMAL -42 PTCLDY (SCALE 4-7) 9
TOTAL FM JUL 1 1616 CLOUDY (SCALE 8-10) 4
DPTR FM NORMAL -531
[CDD (BASE 65) ]
TOTAL THIS MO. 102
DPTR FM NORMAL 44 [PRESSURE DATA]
TOTAL FM JAN 1 208 HIGHEST SLP M ON M
DPTR FM NORMAL 114 LOWEST SLP M ON M
[REMARKS]