000
CXUS51 KPHI 012230
CLMILG
CLIMATE REPORT
NATIONAL WEATHER SERVICE MOUNT HOLLY NJ
530 PM EST FRI DEC 01 2023
...................................
...THE WILMINGTON DE CLIMATE SUMMARY FOR THE MONTH OF NOVEMBER 2023...
CLIMATE NORMAL PERIOD: 1991 TO 2020
CLIMATE RECORD PERIOD: 1894 TO 2023
WEATHER OBSERVED NORMAL DEPART LAST YEAR`S
VALUE DATE(S) VALUE FROM VALUE DATE(S)
NORMAL
................................................................
TEMPERATURE (F)
RECORD
HIGH 85 11/01/1950
LOW 11 11/29/1930
11/30/1929
HIGHEST 71 73 -2 80
LOWEST 19 22 -3 24
AVG. MAXIMUM 55.4 55.9 -0.5 59.7
AVG. MINIMUM 32.9 37.4 -4.5 39.3
MEAN 44.2 46.6 -2.4 49.5
DAYS MAX >= 90 0 0.0 0.0 0
DAYS MAX <= 32 0 0.1 -0.1 0
DAYS MIN <= 32 16 9.9 6.1 9
DAYS MIN <= 0 0 0.0 0.0 0
PRECIPITATION (INCHES)
RECORD
MAXIMUM 8.69 2018
MINIMUM 0.49 1976
TOTALS 3.09 3.06 0.03 2.58
DAILY AVG. 0.10 0.10 -0.00 0.09
DAYS >= .01 6 8.8 -2.8 10
DAYS >= .10 4 5.6 -1.6 4
DAYS >= .50 3 2.2 0.8 1
DAYS >= 1.00 1 0.7 0.3 0
GREATEST
24 HR. TOTAL 2.05 11/21 TO 11/22 1.02
SNOWFALL (INCHES)
RECORDS
TOTAL 11.9 1953
24 HR TOTAL MM
TOTALS 0.0 0.2 -0.2 0.0
SINCE 7/1 0.0 0.2 -0.2 MM
SNOWDEPTH AVG. 0 0
DAYS >= 1.0 0 0.1 -0.1 0
GREATEST
SNOW DEPTH 0 0 MM
24 HR TOTAL 0.0 MM
DEGREE DAYS
HEATING TOTAL 619 551 68 466
SINCE 7/1 861 856 5 MM
COOLING TOTAL 0 0 0 8
SINCE 1/1 1317 1228 89 MM
................................................................
WIND (MPH)
AVERAGE WIND SPEED 7.3
HIGHEST WIND SPEED/DIRECTION 32/150 DATE 11/21
32/150 11/22
HIGHEST GUST SPEED/DIRECTION 44/150 DATE 11/22
SKY COVER
POSSIBLE SUNSHINE (PERCENT) MM
AVERAGE SKY COVER 0.22
NUMBER OF DAYS FAIR 23
NUMBER OF DAYS PC 5
NUMBER OF DAYS CLOUDY 1
AVERAGE RH (PERCENT) 66
WEATHER CONDITIONS. NUMBER OF DAYS WITH
THUNDERSTORM 0 MIXED PRECIP 0
HEAVY RAIN 3 RAIN 2
LIGHT RAIN 7 FREEZING RAIN 0
LT FREEZING RAIN 0 HEAVY SNOW 0
SNOW 0 LIGHT SNOW 0
SLEET 0 FOG 5
FOG W/VIS <= 1/4 MILE 0 HAZE 1
- INDICATES NEGATIVE NUMBERS.
R INDICATES RECORD WAS SET OR TIED.
MM INDICATES DATA IS MISSING.
T INDICATES TRACE AMOUNT.
$$