000
CXUS52 KILM 011900
CF6ILM
PRELIMINARY LOCAL CLIMATOLOGICAL DATA (WS FORM: F-6)
STATION: WILMINGTON NORTH CAROLINA
MONTH: AUGUST
YEAR: 2021
LATITUDE: 34 16 N
LONGITUDE: 77 55 W
TEMPERATURE IN F: :PCPN: SNOW: WIND :SUNSHINE: SKY :PK WND
================================================================================
1 2 3 4 5 6A 6B 7 8 9 10 11 12 13 14 15 16 17 18
12Z AVG MX 2MIN
DY MAX MIN AVG DEP HDD CDD WTR SNW DPTH SPD SPD DIR MIN PSBL S-S WX SPD DR
================================================================================
1 92 75 84 3 0 19 0.32 0.0 0 7.8 38 290 M M 3 13 50 290
2 89 75 82 1 0 17 0.55 0.0 0 6.4 20 340 M M 5 13 25 350
3 81 71 76 -5 0 11 2.97 0.0 0 8.9 21 20 M M 9 13 25 70
4 75 71 73 -8 0 8 0.23 0.0 0 7.5 15 20 M M 10 1 18 30
5 84 70 77 -4 0 12 0.00 0.0 0 5.7 12 360 M M 9 1 14 40
6 82 74 78 -3 0 13 1.39 0.0 0 3.2 14 200 M M 6 123 18 250
7 81 75 78 -3 0 13 0.90 0.0 0 5.3 14 170 M M 4 123 20 170
8 90 75 83 2 0 18 0.02 0.0 0 3.5 12 120 M M 3 12 14 110
9 88 71 80 -1 0 15 0.00 0.0 0 3.7 12 120 M M 1 1 16 120
10 90 73 82 1 0 17 0.00 0.0 0 3.6 13 150 M M 1 1 19 130
11 93 77 85 5 0 20 0.00 0.0 0 6.5 15 190 M M 1 19 220
12 94 77 86 6 0 21 0.00 0.0 0 7.2 15 200 M M 0 20 180
13 94 75 85 5 0 20 0.00 0.0 0 5.7 15 190 M M 1 21 140
14 91 75 83 3 0 18 0.00 0.0 0 5.1 15 180 M M 1 19 190
15 91 75 83 3 0 18 0.03 0.0 0 3.1 15 120 M M 2 38 20 130
16 89 75 82 2 0 17 0.35 0.0 0 5.2 24 180 M M 3 36 200
17 87 76 82 2 0 17 1.02 0.0 0 6.0 17 130 M M 4 13 23 210
18 90 77 84 4 0 19 0.87 0.0 0 7.2 20 210 M M 3 138 30 170
19 94 79 87 7 0 22 0.00 0.0 0 5.7 12 130 M M 4 1 16 120
20 90 72 81 1 0 16 1.10 0.0 0 4.0 49 320 M M 4 1238 59 320
21 92 73 83 3 0 18 0.30 0.0 0 4.5 17 190 M M 4 13 22 190
22 84 74 79 -1 0 14 0.00 0.0 0 3.2 13 200 M M 4 15 190
23 89 74 82 2 0 17 0.00 0.0 0 4.0 12 210 M M 3 17 160
24 95 74 85 6 0 20 0.00 0.0 0 4.1 16 180 M M 1 1 20 180
25 91 76 84 5 0 19 0.02 0.0 0 6.1 16 230 M M 3 13 21 240
26 90 74 82 3 0 17 0.00 0.0 0 2.8 10 130 M M 0 1 13 160
27 90 73 82 3 0 17 0.00 0.0 0 3.9 12 120 M M 1 1 17 170
28 93 72 83 4 0 18 0.00 0.0 0 2.9 12 160 M M 1 1 15 170
29 95 74 85 6 0 20 0.00 0.0 0 5.8 12 210 M M 1 17 300
30 95 75 85 6 0 20 0.00 0.0 0 7.2 14 210 M M 1 18 220
31 91 75 83 5 0 18 0.00 0.0 0 8.1 17 220 M M 1 23 190
================================================================================
SM 2770 2302 0 529 10.07 0.0 163.9 M 94
================================================================================
AV 89.4 74.3 5.3 FASTST M M 3 MAX(MPH)
MISC ----> 49 320 59 320
================================================================================
NOTES:
# LAST OF SEVERAL OCCURRENCES
COLUMN 17 PEAK WIND IN M.P.H.
PRELIMINARY LOCAL CLIMATOLOGICAL DATA (WS FORM: F-6) , PAGE 2
STATION: WILMINGTON NORTH CAROLINA
MONTH: AUGUST
YEAR: 2021
LATITUDE: 34 16 N
LONGITUDE: 77 55 W
[TEMPERATURE DATA] [PRECIPITATION DATA] SYMBOLS USED IN COLUMN 16
AVERAGE MONTHLY: 81.8 TOTAL FOR MONTH: 10.07 1 = FOG OR MIST
DPTR FM NORMAL: 1.8 DPTR FM NORMAL: 1.91 2 = FOG REDUCING VISIBILITY
HIGHEST: 95 ON 30,29 GRTST 24HR 3.19 ON 3- 4 TO 1/4 MILE OR LESS
LOWEST: 70 ON 5 3 = THUNDER
SNOW, ICE PELLETS, HAIL 4 = ICE PELLETS
TOTAL MONTH: 0.0 INCH 5 = HAIL
GRTST 24HR 0.0 6 = FREEZING RAIN OR DRIZZLE
GRTST DEPTH: 0 7 = DUSTSTORM OR SANDSTORM:
VSBY 1/2 MILE OR LESS
8 = SMOKE OR HAZE
[NO. OF DAYS WITH] [WEATHER - DAYS WITH] 9 = BLOWING SNOW
X = TORNADO
MAX 32 OR BELOW: 0 0.01 INCH OR MORE: 14
MAX 90 OR ABOVE: 20 0.10 INCH OR MORE: 11
MIN 32 OR BELOW: 0 0.50 INCH OR MORE: 7
MIN 0 OR BELOW: 0 1.00 INCH OR MORE: 4
[HDD (BASE 65) ]
TOTAL THIS MO. 0 CLEAR (SCALE 0-3) 20
DPTR FM NORMAL 0 PTCLDY (SCALE 4-7) 8
TOTAL FM JUL 1 0 CLOUDY (SCALE 8-10) 3
DPTR FM NORMAL 0
[CDD (BASE 65) ]
TOTAL THIS MO. 529
DPTR FM NORMAL 64 [PRESSURE DATA]
TOTAL FM JAN 1 1804 HIGHEST SLP 30.22 ON 28
DPTR FM NORMAL 119 LOWEST SLP 29.78 ON 1
[REMARKS]
#FINAL-08-21#