000
CXUS53 KIND 010700
CF6IND
PRELIMINARY LOCAL CLIMATOLOGICAL DATA (WS FORM: F-6)
STATION: INDIANAPOLIS IN
MONTH: FEBRUARY
YEAR: 2023
LATITUDE: 39 43 N
LONGITUDE: 86 17 W
TEMPERATURE IN F: :PCPN: SNOW: WIND :SUNSHINE: SKY :PK WND
================================================================================
1 2 3 4 5 6A 6B 7 8 9 10 11 12 13 14 15 16 17 18
12Z AVG MX 2MIN
DY MAX MIN AVG DEP HDD CDD WTR SNW DPTH SPD SPD DIR MIN PSBL S-S WX SPD DR
================================================================================
1 29 10 20 -9 45 0 0.00 0.0 T 3.1 10 240 M M 6 13 250
2 40 19 30 1 35 0 0.00 0.0 T 12.3 25 320 M M 5 33 330
3 25 12 19 -11 46 0 0.00 0.0 0 10.2 23 330 M M 2 30 330
4 45 14 30 0 35 0 0.00 0.0 0 16.0 26 230 M M 6 35 230
5 52 33 43 13 22 0 0.00 0.0 0 15.9 25 230 M M 6 35 200
6 46 26 36 6 29 0 0.00 0.0 0 9.3 20 140 M M 6 18 26 150
7 58 34 46 16 19 0 0.00 0.0 0 12.1 23 240 M M 9 31 230
8 50 27 39 9 26 0 0.45 0.0 0 5.7 14 100 M M 8 1 20 70
9 60 37 49 18 16 0 0.91 0.0 0 22.1 40 230 M M 10 18 54 220
10 43 28 36 5 29 0 0.00 0.0 0 10.1 18 290 M M 7 18 24 270
11 45 24 35 4 30 0 0.00 0.0 0 2.9 9 340 M M 1 12 340
12 55 23 39 7 26 0 0.00 0.0 0 4.2 10 240 M M 1 13 330
13 57 31 44 12 21 0 0.00 0.0 0 8.7 21 300 M M 3 29 270
14 57 33 45 13 20 0 0.09 0.0 0 12.6 38 180 M M 7 49 180
15 64 42 53 21 12 0 T 0.0 0 18.6 37 230 M M 4 48 230
16 59 33 46 13 19 0 0.39 T 0 13.7 31 250 M M 9 13 39 260
17 33 22 28 -5 37 0 T T 0 14.1 25 320 M M 8 1 35 320
18 49 20 35 2 30 0 0.00 0.0 0 12.6 23 240 M M 5 30 210
19 58 38 48 14 17 0 0.00 0.0 0 14.2 26 230 M M 6 38 220
20 59 38 49 15 16 0 0.00 0.0 0 7.2 18 280 M M 6 23 280
21 50 38 44 10 21 0 0.00 0.0 0 11.8 29 290 M M 6 40 290
22 71 39 55 20 10 0 0.40 0.0 0 14.1 35 190 M M 10 13 46 210
23 67 29 48 13 17 0 0.00 0.0 0 18.3 31 250 M M 4 40 260
24 40 22 31 -4 34 0 0.00 0.0 0 9.9 21 320 M M 5 26 320
25 49 31 40 4 25 0 T T 0 7.8 18 290 M M 6 21 320
26 57 29 43 7 22 0 0.00 0.0 0 3.9 12 280 M M 5 18 15 270
27 63 46 55 19 10 0 0.31 0.0 0 20.0 43 240 M M 10 13 56 240
28 51 40 46 9 19 0 0.00 0.0 0 10.9 30 280 M M 6 39 270
================================================================================
SM 1432 818 688 0 2.55 T 322.3 M 167
================================================================================
AV 51.1 29.2 11.5 FASTST M M 6 MAX(MPH)
MISC ----> 43 240 56 240
================================================================================
NOTES:
# LAST OF SEVERAL OCCURRENCES
COLUMN 17 PEAK WIND IN M.P.H.
PRELIMINARY LOCAL CLIMATOLOGICAL DATA (WS FORM: F-6) , PAGE 2
STATION: INDIANAPOLIS IN
MONTH: FEBRUARY
YEAR: 2023
LATITUDE: 39 43 N
LONGITUDE: 86 17 W
[TEMPERATURE DATA] [PRECIPITATION DATA] SYMBOLS USED IN COLUMN 16
AVERAGE MONTHLY: 40.2 TOTAL FOR MONTH: 2.55 1 = FOG OR MIST
DPTR FM NORMAL: 7.7 DPTR FM NORMAL: 0.12 2 = FOG REDUCING VISIBILITY
HIGHEST: 71 ON 22 GRTST 24HR 1.36 ON 8- 9 TO 1/4 MILE OR LESS
LOWEST: 10 ON 1 3 = THUNDER
SNOW, ICE PELLETS, HAIL 4 = ICE PELLETS
TOTAL MONTH: T 5 = HAIL
GRTST 24HR T ON 16-16 6 = FREEZING RAIN OR DRIZZLE
GRTST DEPTH: T 7 = DUSTSTORM OR SANDSTORM:
VSBY 1/2 MILE OR LESS
8 = SMOKE OR HAZE
[NO. OF DAYS WITH] [WEATHER - DAYS WITH] 9 = BLOWING SNOW
X = TORNADO
MAX 32 OR BELOW: 2 0.01 INCH OR MORE: 6
MAX 90 OR ABOVE: 0 0.10 INCH OR MORE: 5
MIN 32 OR BELOW: 16 0.50 INCH OR MORE: 1
MIN 0 OR BELOW: 0 1.00 INCH OR MORE: 0
[HDD (BASE 65) ]
TOTAL THIS MO. 688 CLEAR (SCALE 0-3) 4
DPTR FM NORMAL -222 PTCLDY (SCALE 4-7) 17
TOTAL FM JUL 1 3514 CLOUDY (SCALE 8-10) 7
DPTR FM NORMAL -535
[CDD (BASE 65) ]
TOTAL THIS MO. 0
DPTR FM NORMAL 0 [PRESSURE DATA]
TOTAL FM JAN 1 0 HIGHEST SLP M ON M
DPTR FM NORMAL 0 LOWEST SLP 29.10 ON 27
[REMARKS]
#FINAL-02-23#