000
CXUS53 KIND 010600
CF6IND
PRELIMINARY LOCAL CLIMATOLOGICAL DATA (WS FORM: F-6)
STATION: INDIANAPOLIS IN
MONTH: MAY
YEAR: 2022
LATITUDE: 39 43 N
LONGITUDE: 86 17 W
TEMPERATURE IN F: :PCPN: SNOW: WIND :SUNSHINE: SKY :PK WND
================================================================================
1 2 3 4 5 6A 6B 7 8 9 10 11 12 13 14 15 16 17 18
12Z AVG MX 2MIN
DY MAX MIN AVG DEP HDD CDD WTR SNW DPTH SPD SPD DIR MIN PSBL S-S WX SPD DR
================================================================================
1 66 50 58 -1 7 0 0.40 0.0 0 13.0 26 250 M M 8 13 34 250
2 68 43 56 -3 9 0 0.00 0.0 0 7.0 15 240 M M 5 20 300
3 77 49 63 3 2 0 0.24 0.0 0 15.8 35 270 M M 9 1 46 260
4 61 48 55 -5 10 0 T 0.0 0 9.1 16 320 M M 10 1 21 300
5 56 51 54 -6 11 0 0.27 0.0 0 9.5 20 90 M M 9 18 24 90
6 63 52 58 -2 7 0 0.20 0.0 0 9.4 24 30 M M 10 12 30 10
7 67 50 59 -2 6 0 0.02 0.0 0 15.0 24 30 M M 6 1 34 30
8 70 47 59 -2 6 0 0.00 0.0 0 11.8 21 110 M M 4 29 100
9 79 53 66 5 0 1 0.00 0.0 0 14.7 25 140 M M 3 33 130
10 86 63 75 13 0 10 0.00 0.0 0 9.5 16 200 M M 6 22 180
11 89 72 81 19 0 16 0.00 0.0 0 6.8 15 100 M M 6 19 100
12 87 56 72 10 0 7 0.00 0.0 0 8.0 16 130 M M 4 26 120
13 85 62 74 11 0 9 0.00 0.0 0 7.1 14 150 M M 3 18 130
14 87 61 74 11 0 9 0.09 0.0 0 5.4 26 310 M M 6 3 37 300
15 85 55 70 7 0 5 0.20 0.0 0 7.1 26 320 M M 7 1 33 330
16 77 54 66 2 0 1 0.01 0.0 0 9.6 24 290 M M 3 1 32 270
17 80 53 67 3 0 2 0.00 0.0 0 8.4 17 310 M M 4 25 310
18 68 59 64 0 1 0 0.47 0.0 0 6.3 20 220 M M 9 1 27 220
19 81 57 69 5 0 4 0.31 0.0 0 8.4 23 250 M M 8 1238 30 250
20 87 64 76 11 0 11 0.15 0.0 0 16.2 32 200 M M 6 13 43 200
21 81 65 73 8 0 8 0.10 0.0 0 11.0 32 310 M M 8 13 41 310
22 66 54 60 -5 5 0 0.00 0.0 0 11.5 17 330 M M 9 1 22 320
23 69 50 60 -6 5 0 0.00 0.0 0 10.6 20 30 M M 6 26 50
24 75 51 63 -3 2 0 0.00 0.0 0 11.4 17 110 M M 6 26 90
25 83 62 73 7 0 8 0.34 0.0 0 13.0 28 200 M M 9 1 37 210
26 73 61 67 0 0 2 0.89 0.0 0 10.5 21 230 M M 9 1 31 170
27 70 53 62 -5 3 0 0.08 0.0 0 10.0 21 320 M M 8 1 27 250
28 73 50 62 -5 3 0 0.00 0.0 0 7.5 15 220 M M 3 19 220
29 82 57 70 2 0 5 0.00 0.0 0 11.2 21 180 M M 4 28 180
30 87 64 76 8 0 11 0.00 0.0 0 13.5 25 180 M M 2 34 190
31 88 68 78 10 0 13 0.00 0.0 0 11.6 23 220 M M 4 29 220
================================================================================
SM 2366 1734 77 122 3.77 0.0 319.9 M 194
================================================================================
AV 76.3 55.9 10.3 FASTST M M 6 MAX(MPH)
MISC ----> 35 270 46 260
================================================================================
NOTES:
# LAST OF SEVERAL OCCURRENCES
COLUMN 17 PEAK WIND IN M.P.H.
PRELIMINARY LOCAL CLIMATOLOGICAL DATA (WS FORM: F-6) , PAGE 2
STATION: INDIANAPOLIS IN
MONTH: MAY
YEAR: 2022
LATITUDE: 39 43 N
LONGITUDE: 86 17 W
[TEMPERATURE DATA] [PRECIPITATION DATA] SYMBOLS USED IN COLUMN 16
AVERAGE MONTHLY: 66.1 TOTAL FOR MONTH: 3.77 1 = FOG OR MIST
DPTR FM NORMAL: 2.5 DPTR FM NORMAL: -0.98 2 = FOG REDUCING VISIBILITY
HIGHEST: 89 ON 11 GRTST 24HR 1.20 ON 30- 1 TO 1/4 MILE OR LESS
LOWEST: 43 ON 2 3 = THUNDER
SNOW, ICE PELLETS, HAIL 4 = ICE PELLETS
TOTAL MONTH: 0.0 INCH 5 = HAIL
GRTST 24HR 0.0 6 = FREEZING RAIN OR DRIZZLE
GRTST DEPTH: 0 7 = DUSTSTORM OR SANDSTORM:
VSBY 1/2 MILE OR LESS
8 = SMOKE OR HAZE
[NO. OF DAYS WITH] [WEATHER - DAYS WITH] 9 = BLOWING SNOW
X = TORNADO
MAX 32 OR BELOW: 0 0.01 INCH OR MORE: 15
MAX 90 OR ABOVE: 0 0.10 INCH OR MORE: 11
MIN 32 OR BELOW: 0 0.50 INCH OR MORE: 1
MIN 0 OR BELOW: 0 1.00 INCH OR MORE: 0
[HDD (BASE 65) ]
TOTAL THIS MO. 77 CLEAR (SCALE 0-3) 2
DPTR FM NORMAL -54 PTCLDY (SCALE 4-7) 20
TOTAL FM JUL 1 4892 CLOUDY (SCALE 8-10) 9
DPTR FM NORMAL -344
[CDD (BASE 65) ]
TOTAL THIS MO. 122
DPTR FM NORMAL 36 [PRESSURE DATA]
TOTAL FM JAN 1 136 HIGHEST SLP M ON M
DPTR FM NORMAL 34 LOWEST SLP 29.53 ON 20
[REMARKS]
#FINAL-05-22#