000
CXUS54 KMAF 012312
CF6INK
PRELIMINARY LOCAL CLIMATOLOGICAL DATA (WS FORM: F-6)
STATION: WINK
MONTH: AUGUST
YEAR: 2023
LATITUDE: 31 46 N
LONGITUDE: 103 12 W
TEMPERATURE IN F: :PCPN: SNOW: WIND :SUNSHINE: SKY :PK WND
================================================================================
1 2 3 4 5 6A 6B 7 8 9 10 11 12 13 14 15 16 17 18
12Z AVG MX 2MIN
DY MAX MIN AVG DEP HDD CDD WTR SNW DPTH SPD SPD DIR MIN PSBL S-S WX SPD DR
================================================================================
1 103 81 92 7 0 27 0.00 M M 10.2 21 150 M M 1 3 28 160
2 104 76 90 5 0 25 0.00 M M 11.2 20 160 M M 1 28 180
3 105 78 92 7 0 27 0.00 M M 10.0 18 180 M M 1 23 190
4 106 81 94 9 0 29 0.00 M M 10.7 18 130 M M 2 24 140
5 108 80 94 9 0 29 0.00 M M 11.8 22 140 M M 2 28 130
6 110 80 95 10 0 30 0.00 M M 11.0 21 150 M M 2 27 160
7 110 77 94 9 0 29 T M M 13.9 33 50 M M 2 38 48 20
8 104 74 89 4 0 24 T M M 8.4 24 340 M M 3 3 35 350
9 109 76 93 8 0 28 0.00 M M 6.4 21 260 M M 2 26 270
10 109 77 93 8 0 28 0.00 M M 7.7 16 350 M M 2 23 360
11 107 81 94 10 0 29 0.00 M M 10.1 29 270 M M 4 8 40 270
12 105 81 93 9 0 28 0.00 M M 7.8 20 250 M M 1 23 270
13 106 82 94 10 0 29 0.00 M M 8.8 20 180 M M 2 3 27 190
14 99 80 90 6 0 25 0.00 M M 13.3 25 70 M M 1 3 34 70
15 97 74 86 2 0 21 0.00 M M 8.2 17 70 M M 0 23 70
16 103 75 89 5 0 24 0.00 M M 7.0 15 140 M M 1 8 20 250
17 107 75 91 7 0 26 0.00 M M 8.3 28 120 M M 0 8 36 120
18 105 77 91 7 0 26 0.00 M M 10.8 28 160 M M 0 39 140
19 102 71 87 3 0 22 0.00 M M 11.1 25 140 M M 0 38 110
20 101 72 87 4 0 22 0.00 M M 11.5 25 130 M M 0 47 120
21 102 72 87 4 0 22 0.00 M M 8.7 32 160 M M 1 8 48 130
22 97 76 87 4 0 22 0.00 M M 11.9 24 170 M M 1 8 30 150
23 90 71 81 -2 0 16 0.03 M M 16.0 30 150 M M 4 1 41 120
24 97 72 85 2 0 20 0.00 M M 11.3 20 160 M M 1 29 160
25 99 68 84 2 0 19 0.00 M M 10.2 23 170 M M 0 32 140
26 99 71 85 3 0 20 0.00 M M 5.6 23 150 M M 1 28 130
27 98 70 84 2 0 19 T M M 9.9 41 50 M M 1 38 54 60
28 92 72 82 0 0 17 0.01 M M 8.7 22 330 M M 3 3 28 320
29 95 71 83 1 0 18 0.00 M M 7.6 22 320 M M 1 30 320
30 94 70 82 1 0 17 0.00 M M 5.9 13 50 M M 2 18 50
31 98 66 82 1 0 17 0.00 M M 6.4 14 150 M M 0 28 190
================================================================================
SM 3161 2327 0 735 0.04 M 300.4 M 42
================================================================================
AV102.0 75.1 9.7 FASTST M M 1 MAX(MPH)
MISC ----> 41 50 54 60
================================================================================
NOTES:
# LAST OF SEVERAL OCCURRENCES
COLUMN 17 PEAK WIND IN M.P.H.
PRELIMINARY LOCAL CLIMATOLOGICAL DATA (WS FORM: F-6) , PAGE 2
STATION: WINK
MONTH: AUGUST
YEAR: 2023
LATITUDE: 31 46 N
LONGITUDE: 103 12 W
[TEMPERATURE DATA] [PRECIPITATION DATA] SYMBOLS USED IN COLUMN 16
AVERAGE MONTHLY: 88.5 TOTAL FOR MONTH: 0.04 1 = FOG OR MIST
DPTR FM NORMAL: 4.9 DPTR FM NORMAL: -1.34 2 = FOG REDUCING VISIBILITY
HIGHEST: 110 ON 7, 6 GRTST 24HR 0.29 ON 27-28 TO 1/4 MILE OR LESS
LOWEST: 66 ON 31 3 = THUNDER
SNOW, ICE PELLETS, HAIL 4 = ICE PELLETS
TOTAL MONTH: M 5 = HAIL
GRTST 24HR M ON M 6 = FREEZING RAIN OR DRIZZLE
GRTST DEPTH: M ON M 7 = DUSTSTORM OR SANDSTORM:
VSBY 1/2 MILE OR LESS
8 = SMOKE OR HAZE
[NO. OF DAYS WITH] [WEATHER - DAYS WITH] 9 = BLOWING SNOW
X = TORNADO
MAX 32 OR BELOW: 0 0.01 INCH OR MORE: 2
MAX 90 OR ABOVE: 31 0.10 INCH OR MORE: 0
MIN 32 OR BELOW: 0 0.50 INCH OR MORE: 0
MIN 0 OR BELOW: 0 1.00 INCH OR MORE: 0
[HDD (BASE 65) ]
TOTAL THIS MO. 0 CLEAR (SCALE 0-3) 28
DPTR FM NORMAL 0 PTCLDY (SCALE 4-7) 3
TOTAL FM JUL 1 0 CLOUDY (SCALE 8-10) 0
DPTR FM NORMAL 0
[CDD (BASE 65) ]
TOTAL THIS MO. 735
DPTR FM NORMAL 159 [PRESSURE DATA]
TOTAL FM JAN 1 2087 HIGHEST SLP 30.15 ON 15
DPTR FM NORMAL -107 LOWEST SLP 29.61 ON 10
[REMARKS]
#FINAL-08-23#