000
CXUS53 KDLH 032041
CF6INL
PRELIMINARY LOCAL CLIMATOLOGICAL DATA (WS FORM: F-6)
STATION: INTERNATIONAL FALLS
MONTH: MAY
YEAR: 2022
LATITUDE: 48 34 N
LONGITUDE: 93 23 W
TEMPERATURE IN F: :PCPN: SNOW: WIND :SUNSHINE: SKY :PK WND
================================================================================
1 2 3 4 5 6A 6B 7 8 9 10 11 12 13 14 15 16 17 18
12Z AVG MX 2MIN
DY MAX MIN AVG DEP HDD CDD WTR SNW DPTH SPD SPD DIR MIN PSBL S-S WX SPD DR
================================================================================
1 43 37 40 -5 25 0 0.27 0.0 T 8.8 16 320 M M 10 1 24 310
2 47 34 41 -4 24 0 0.01 0.0 T 10.1 17 330 M M 10 1 22 310
3 50 29 40 -6 25 0 0.00 0.0 T 4.5 12 60 M M 5 17 20
4 64 27 46 0 19 0 0.00 0.0 T 4.2 13 220 M M 0 20 220
5 68 29 49 2 16 0 0.00 0.0 0 5.1 14 40 M M 0 20 130
6 72 31 52 5 13 0 0.00 0.0 0 9.1 18 140 M M 0 28 130
7 74 39 57 9 8 0 0.00 0.0 0 10.8 24 140 M M 2 34 200
8 58 48 53 5 12 0 0.31 0.0 0 8.2 20 140 M M 10 1 28 150
9 68 44 56 8 9 0 0.15 0.0 0 13.4 29 130 M M 8 13 46 200
10 71 44 58 9 7 0 0.00 0.0 0 9.3 23 230 M M 1 37 220
11 73 36 55 6 10 0 T 0.0 0 8.9 20 90 M M 2 30 100
12 60 51 56 6 9 0 1.32 0.0 0 10.4 25 90 M M 8 13 38 80
13 75 51 63 13 2 0 0.04 0.0 0 12.0 25 220 M M 4 1 41 220
14 63 43 53 3 12 0 0.07 0.0 0 7.4 24 240 M M 7 18 43 250
15 63 44 54 3 11 0 0.00 0.0 0 9.8 22 310 M M 6 30 320
16 54 36 45 -6 20 0 0.00 0.0 0 9.1 18 320 M M 7 24 330
17 61 31 46 -6 19 0 0.01 0.0 0 4.7 13 20 M M 2 18 100
18 72 46 59 7 6 0 0.19 0.0 0 7.7 26 300 M M 9 13 40 240
19 54 47 51 -1 14 0 0.03 0.0 0 6.8 14 110 M M 10 18 20 100
20 55 37 46 -7 19 0 0.02 0.0 0 11.3 21 320 M M 10 18 32 260
21 46 34 40 -13 25 0 0.13 T 0 6.2 18 300 M M 10 18 24 300
22 57 34 46 -8 19 0 T 0.0 0 4.2 15 270 M M 7 24 270
23 65 30 48 -6 17 0 0.00 0.0 0 4.6 16 220 M M 5 26 250
24 73 45 59 5 6 0 T 0.0 0 5.6 30 340 M M 3 39 350
25 62 44 53 -2 12 0 0.02 0.0 0 7.6 20 130 M M 6 27 130
26 65 46 56 1 9 0 0.00 0.0 0 5.3 12 100 M M 4 19 50
27 76 42 59 4 6 0 0.00 0.0 0 3.8 12 70 M M 3 17 170
28 71 49 60 4 5 0 T 0.0 0 7.9 17 140 M M 6 26 140
29 73 54 64 8 1 0 0.83 T 0 12.4 38 320 M M 9 12358 56 320
30 79 59 69 13 0 4 2.25 0.0 0 10.3 28 230 M M 6 13 48 230
31 62 45 54 -3 11 0 0.14 0.0 0 13.3 25 270 M M 8 18 45 230
================================================================================
SM 1974 1266 391 4 5.79 T 252.8 M 178
================================================================================
AV 63.7 40.8 8.2 FASTST M M 6 MAX(MPH)
MISC ----> 38 320 56 320
================================================================================
NOTES:
# LAST OF SEVERAL OCCURRENCES
COLUMN 17 PEAK WIND IN M.P.H.
PRELIMINARY LOCAL CLIMATOLOGICAL DATA (WS FORM: F-6) , PAGE 2
STATION: INTERNATIONAL FALLS
MONTH: MAY
YEAR: 2022
LATITUDE: 48 34 N
LONGITUDE: 93 23 W
[TEMPERATURE DATA] [PRECIPITATION DATA] SYMBOLS USED IN COLUMN 16
AVERAGE MONTHLY: 52.3 TOTAL FOR MONTH: 5.79 1 = FOG OR MIST
DPTR FM NORMAL: 1.2 DPTR FM NORMAL: 2.73 2 = FOG REDUCING VISIBILITY
HIGHEST: 79 ON 30 GRTST 24HR 2.67 ON 29-30 TO 1/4 MILE OR LESS
LOWEST: 27 ON 4 3 = THUNDER
SNOW, ICE PELLETS, HAIL 4 = ICE PELLETS
TOTAL MONTH: T 5 = HAIL
GRTST 24HR T ON 21-21 6 = FREEZING RAIN OR DRIZZLE
GRTST DEPTH: T 7 = DUSTSTORM OR SANDSTORM:
VSBY 1/2 MILE OR LESS
8 = SMOKE OR HAZE
[NO. OF DAYS WITH] [WEATHER - DAYS WITH] 9 = BLOWING SNOW
X = TORNADO
MAX 32 OR BELOW: 0 0.01 INCH OR MORE: 16
MAX 90 OR ABOVE: 0 0.10 INCH OR MORE: 9
MIN 32 OR BELOW: 6 0.50 INCH OR MORE: 3
MIN 0 OR BELOW: 0 1.00 INCH OR MORE: 2
[HDD (BASE 65) ]
TOTAL THIS MO. 391 CLEAR (SCALE 0-3) 8
DPTR FM NORMAL -46 PTCLDY (SCALE 4-7) 13
TOTAL FM JUL 1 10112 CLOUDY (SCALE 8-10) 10
DPTR FM NORMAL 91
[CDD (BASE 65) ]
TOTAL THIS MO. 4
DPTR FM NORMAL -4 [PRESSURE DATA]
TOTAL FM JAN 1 4 HIGHEST SLP 30.31 ON 23
DPTR FM NORMAL -4 LOWEST SLP 29.19 ON 31
[REMARKS]
#FINAL-05-22#
SNOWFALL REPORTED ON MAY 29 WAS DUE TO HAIL.