000
CXUS53 KDLH 010820
CF6INL
PRELIMINARY LOCAL CLIMATOLOGICAL DATA (WS FORM: F-6)
STATION: INTERNATIONAL FALLS
MONTH: AUGUST
YEAR: 2023
LATITUDE: 48 34 N
LONGITUDE: 93 23 W
TEMPERATURE IN F: :PCPN: SNOW: WIND :SUNSHINE: SKY :PK WND
================================================================================
1 2 3 4 5 6A 6B 7 8 9 10 11 12 13 14 15 16 17 18
12Z AVG MX 2MIN
DY MAX MIN AVG DEP HDD CDD WTR SNW DPTH SPD SPD DIR MIN PSBL S-S WX SPD DR
================================================================================
1 78 50 64 -1 1 0 0.02 0.0 0 4.5 12 210 M M 3 3 22 160
2 87 56 72 7 0 7 T 0.0 0 4.7 13 270 M M 1 12 18 250
3 82 56 69 4 0 4 0.00 0.0 0 5.7 15 340 M M 2 18 21 330
4 81 53 67 2 0 2 0.00 0.0 0 2.8 9 60 M M 0 18 15 70
5 83 56 70 6 0 5 T 0.0 0 2.5 9 140 M M 1 1 14 160
6 79 59 69 5 0 4 T 0.0 0 4.0 9 50 M M 5 15 40
7 78 51 65 1 0 0 0.00 0.0 0 5.1 14 330 M M 2 20 340
8 78 51 65 1 0 0 0.18 0.0 0 3.1 15 310 M M 3 138 23 300
9 71 48 60 -4 5 0 T 0.0 0 7.5 18 320 M M 5 1 26 320
10 69 44 57 -7 8 0 0.18 0.0 0 5.4 12 100 M M 5 1 18 90
11 69 56 63 -1 2 0 0.84 0.0 0 5.9 15 120 M M 8 18 24 120
12 68 56 62 -2 3 0 T 0.0 0 4.4 9 80 M M 10 18 15 80
13 71 50 61 -3 4 0 0.26 0.0 0 3.8 13 110 M M 7 1 20 120
14 76 45 61 -3 4 0 0.00 0.0 0 1.7 9 10 M M 0 1 14 40
15 82 50 66 3 0 1 T 0.0 0 5.2 17 300 M M 3 23 290
16 76 59 68 5 0 3 0.06 0.0 0 6.2 20 280 M M 4 29 290
17 70 46 58 -5 7 0 0.08 0.0 0 10.8 24 310 M M 5 18 32 320
18 76 43 60 -3 5 0 0.00 0.0 0 5.8 16 150 M M 0 1 28 160
19 86 60 73 10 0 8 0.00 0.0 0 7.3 17 310 M M 0 25 290
20 68 52 60 -2 5 0 T 0.0 0 4.3 13 10 M M 1 18 10
21 62 56 59 -3 6 0 0.13 0.0 0 4.2 10 110 M M 9 1 16 110
22 64 59 62 0 3 0 0.08 0.0 0 9.8 18 110 M M 10 1 29 110
23 69 59 64 2 1 0 0.00 0.0 0 4.0 8 70 M M 10 1 12 110
24 80 63 72 10 0 7 0.24 0.0 0 3.1 23 320 M M 7 13 32 320
25 73 61 67 6 0 2 0.27 0.0 0 9.4 21 300 M M 7 13 29 320
26 64 46 55 -6 10 0 T 0.0 M 3.1 12 40 M M 8 1 17 40
27 74 47 61 0 4 0 0.00 0.0 0 2.8 10 210 M M 4 1 17 240
28 75 52 64 3 1 0 T 0.0 0 3.2 13 350 M M 5 17 10
29 71 46 59 -1 6 0 0.01 0.0 0 4.0 12 20 M M 5 12 15 40
30 76 41 59 -1 6 0 0.00 0.0 0 3.4 8 140 M M 0 1 13 160
31 78 53 66 6 0 1 T 0.0 0 7.1 20 140 M M 1 29 140
================================================================================
SM 2314 1624 81 44 2.35 0.0 154.8 M 131
================================================================================
AV 74.6 52.4 5.0 FASTST M M 4 MAX(MPH)
MISC ----> 24 310 # 32 320
================================================================================
NOTES:
# LAST OF SEVERAL OCCURRENCES
COLUMN 17 PEAK WIND IN M.P.H.
PRELIMINARY LOCAL CLIMATOLOGICAL DATA (WS FORM: F-6) , PAGE 2
STATION: INTERNATIONAL FALLS
MONTH: AUGUST
YEAR: 2023
LATITUDE: 48 34 N
LONGITUDE: 93 23 W
[TEMPERATURE DATA] [PRECIPITATION DATA] SYMBOLS USED IN COLUMN 16
AVERAGE MONTHLY: 63.5 TOTAL FOR MONTH: 2.35 1 = FOG OR MIST
DPTR FM NORMAL: 0.7 DPTR FM NORMAL: -0.47 2 = FOG REDUCING VISIBILITY
HIGHEST: 87 ON 2 GRTST 24HR 1.02 ON 10-11 TO 1/4 MILE OR LESS
LOWEST: 41 ON 30 3 = THUNDER
SNOW, ICE PELLETS, HAIL 4 = ICE PELLETS
TOTAL MONTH: 0.0 INCH 5 = HAIL
GRTST 24HR 0.0 6 = FREEZING RAIN OR DRIZZLE
GRTST DEPTH: 0 7 = DUSTSTORM OR SANDSTORM:
VSBY 1/2 MILE OR LESS
8 = SMOKE OR HAZE
[NO. OF DAYS WITH] [WEATHER - DAYS WITH] 9 = BLOWING SNOW
X = TORNADO
MAX 32 OR BELOW: 0 0.01 INCH OR MORE: 12
MAX 90 OR ABOVE: 0 0.10 INCH OR MORE: 7
MIN 32 OR BELOW: 0 0.50 INCH OR MORE: 1
MIN 0 OR BELOW: 0 1.00 INCH OR MORE: 0
[HDD (BASE 65) ]
TOTAL THIS MO. 81 CLEAR (SCALE 0-3) 13
DPTR FM NORMAL -34 PTCLDY (SCALE 4-7) 13
TOTAL FM JUL 1 154 CLOUDY (SCALE 8-10) 5
DPTR FM NORMAL -35
[CDD (BASE 65) ]
TOTAL THIS MO. 44
DPTR FM NORMAL -5 [PRESSURE DATA]
TOTAL FM JAN 1 193 HIGHEST SLP 30.38 ON 21
DPTR FM NORMAL 31 LOWEST SLP 29.38 ON 16
[REMARKS]
#FINAL-08-23#