000
CXUS56 KFGZ 010910
CF6INW
PRELIMINARY LOCAL CLIMATOLOGICAL DATA (WS FORM: F-6)
STATION: WINSLOW AZ AIRPORT
MONTH: JULY
YEAR: 2022
LATITUDE: 35 1 N
LONGITUDE: 110 44 W
TEMPERATURE IN F: :PCPN: SNOW: WIND :SUNSHINE: SKY :PK WND
================================================================================
1 2 3 4 5 6A 6B 7 8 9 10 11 12 13 14 15 16 17 18
12Z AVG MX 2MIN
DY MAX MIN AVG DEP HDD CDD WTR SNW DPTH SPD SPD DIR MIN PSBL S-S WX SPD DR
================================================================================
1 92 64 78 0 0 13 0.03 M M 10.7 30 220 M M 2 3 37 300
2 95 65 80 2 0 15 0.00 M M 8.2 26 210 M M 1 34 230
3 95 66 81 3 0 16 T M M 10.7 25 140 M M 5 3 32 220
4 95 61 78 0 0 13 0.00 M M 9.7 24 120 M M 3 29 110
5 88 66 77 -2 0 12 0.01 M M 8.8 23 140 M M 3 3 29 160
6 94 58 76 -3 0 11 0.00 M M 8.7 22 220 M M 2 30 210
7 97 51 74 -5 0 9 0.00 M M 7.4 20 280 M M 0 26 340
8 101 59 80 1 0 15 0.00 M M 4.9 18 200 M M 0 22 200
9 101 71 86 7 0 21 0.00 M M 12.0 35 150 M M 0 43 150
10 99 68 84 5 0 19 0.00 M M 8.2 20 90 M M 1 30 80
11 101 69 85 6 0 20 0.00 M M 5.9 28 50 M M 0 3 39 40
12 100 69 85 6 0 20 0.10 M M 9.0 33 230 M M 1 38 42 200
13 96 63 80 1 0 15 T M M 6.2 23 290 M M 3 3 31 230
14 95 67 81 1 0 16 0.04 M M 7.4 23 230 M M 1 3 27 230
15 97 66 82 2 0 17 0.01 M M 5.0 40 210 M M 1 38 50 210
16 102 61 82 2 0 17 T M M 5.0 28 140 M M 0 38 50 100
17 101 71 86 6 0 21 0.06 M M 9.3 37 320 M M 1 3 51 10
18 100 66 83 3 0 18 0.00 M M 5.9 18 250 M M 0 24 250
19 102 67 85 5 0 20 0.01 M M 8.5 35 320 M M 1 3 42 310
20 101 68 85 5 0 20 T M M 9.1 33 260 M M 0 42 260
21 104 67 86 6 0 21 0.00 M M 8.3 28 240 M M 0 34 240
22 104 71 88 8 0 23 0.00 M M 9.2 31 230 M M 0 3 39 230
23 101 74 88 8 0 23 T M M 11.8 40 180 M M 2 38 52 170
24 94 66 80 1 0 15 0.40 M M 10.3 32 180 M M 2 13 38 180
25 89 65 77 -2 0 12 0.08 M M 8.8 26 240 M M 4 30 250
26 80 66 73 -6 0 8 0.06 M M 7.8 22 320 M M 6 25 320
27 86 67 77 -2 0 12 0.00 M M 7.7 28 180 M M 4 3 34 180
28 90 60 75 -4 0 10 0.02 M M 5.1 41 180 M M 3 13 50 180
29 88 64 76 -3 0 11 0.15 M M 5.2 29 280 M M 3 3 34 280
30 86 65 76 -3 0 11 T M M 3.5 26 260 M M 3 3 32 260
31 93 62 78 -1 0 13 0.25 M M 5.8 26 130 M M 2 13 32 130
================================================================================
SM 2967 2023 0 487 1.22 M 244.1 M 54
================================================================================
AV 95.7 65.3 7.9 FASTST M M 2 MAX(MPH)
MISC ----> 41 180 52 170
================================================================================
NOTES:
# LAST OF SEVERAL OCCURRENCES
COLUMN 17 PEAK WIND IN M.P.H.
PRELIMINARY LOCAL CLIMATOLOGICAL DATA (WS FORM: F-6) , PAGE 2
STATION: WINSLOW AZ AIRPORT
MONTH: JULY
YEAR: 2022
LATITUDE: 35 1 N
LONGITUDE: 110 44 W
[TEMPERATURE DATA] [PRECIPITATION DATA] SYMBOLS USED IN COLUMN 16
AVERAGE MONTHLY: 80.5 TOTAL FOR MONTH: 1.22 1 = FOG OR MIST
DPTR FM NORMAL: 1.4 DPTR FM NORMAL: 0.33 2 = FOG REDUCING VISIBILITY
HIGHEST: 104 ON 22,21 GRTST 24HR 0.47 ON 24-25 TO 1/4 MILE OR LESS
LOWEST: 51 ON 7 3 = THUNDER
SNOW, ICE PELLETS, HAIL 4 = ICE PELLETS
TOTAL MONTH: M 5 = HAIL
GRTST 24HR M ON M 6 = FREEZING RAIN OR DRIZZLE
GRTST DEPTH: M ON M 7 = DUSTSTORM OR SANDSTORM:
VSBY 1/2 MILE OR LESS
8 = SMOKE OR HAZE
[NO. OF DAYS WITH] [WEATHER - DAYS WITH] 9 = BLOWING SNOW
X = TORNADO
MAX 32 OR BELOW: 0 0.01 INCH OR MORE: 13
MAX 90 OR ABOVE: 25 0.10 INCH OR MORE: 4
MIN 32 OR BELOW: 0 0.50 INCH OR MORE: 0
MIN 0 OR BELOW: 0 1.00 INCH OR MORE: 0
[HDD (BASE 65) ]
TOTAL THIS MO. 0 CLEAR (SCALE 0-3) 24
DPTR FM NORMAL 0 PTCLDY (SCALE 4-7) 7
TOTAL FM JUL 1 0 CLOUDY (SCALE 8-10) 0
DPTR FM NORMAL 0
[CDD (BASE 65) ]
TOTAL THIS MO. 487
DPTR FM NORMAL 48 [PRESSURE DATA]
TOTAL FM JAN 1 943 HIGHEST SLP M ON M
DPTR FM NORMAL 164 LOWEST SLP 29.68 ON 22
[REMARKS]
#FINAL-07-22#