000
CXUS55 KFGZ 040932
CLMINW
CLIMATE REPORT
NATIONAL WEATHER SERVICE FLAGSTAFF AZ
232 AM MST SAT NOV 04 2023
...................................
...THE WINSLOW AZ AIRPORT CLIMATE SUMMARY FOR THE MONTH OF OCTOBER 2023...
CLIMATE NORMAL PERIOD 1991 TO 2020
CLIMATE RECORD PERIOD 1915 TO 2023
WEATHER OBSERVED NORMAL DEPART LAST YEAR`S
VALUE DATE(S) VALUE FROM VALUE DATE(S)
NORMAL
................................................................
TEMPERATURE (F)
RECORD
HIGH 93 10/01/1972
LOW 7 10/31/2019
HIGHEST 89 83 10/01
10/02
LOWEST 20 22 10/28
AVG. MAXIMUM 77.7 73.8 3.9 70.7
AVG. MINIMUM 40.5 40.4 0.1 41.4
MEAN 59.1 57.1 2.0 56.0
DAYS MAX >= 90 0 0.4 -0.4 0
DAYS MAX <= 32 0 0.0 0.0 0
DAYS MIN <= 32 3 6.3 -3.3 6
DAYS MIN <= 0 0 0.0 0.0 0
PRECIPITATION (INCHES)
RECORD
MAXIMUM 5.61 1972
MINIMUM 0.00 1999
TOTALS 0.37 0.51 -0.14 1.18
DAILY AVG. 0.01 0.02 -0.01 0.04
DAYS >= .01 1 3.4 -2.4 4
DAYS >= .10 1 1.5 -0.5 3
DAYS >= .50 0 0.2 -0.2 1
DAYS >= 1.00 0 0.0 0.0 0
GREATEST
24 HR. TOTAL 0.37 10/24 TO 10/24 0.61
DEGREE DAYS
HEATING TOTAL 184 254 -70 278
SINCE 7/1 185 279 -94 MM
COOLING TOTAL 7 10 -3 9
SINCE 1/1 1400 1329 71 MM
................................................................
WIND (MPH)
AVERAGE WIND SPEED 7.0
HIGHEST WIND SPEED/DIRECTION 37/200 DATE 10/01
HIGHEST GUST SPEED/DIRECTION 45/220 DATE 10/01
SKY COVER
POSSIBLE SUNSHINE (PERCENT) MM
AVERAGE SKY COVER 0.03
NUMBER OF DAYS FAIR 31
NUMBER OF DAYS PC 0
NUMBER OF DAYS CLOUDY 0
AVERAGE RH (PERCENT) 37
WEATHER CONDITIONS. NUMBER OF DAYS WITH
THUNDERSTORM 3 MIXED PRECIP 0
HEAVY RAIN 1 RAIN 1
LIGHT RAIN 2 FREEZING RAIN 0
LT FREEZING RAIN 0 HAIL 0
HEAVY SNOW 0 SNOW 0
LIGHT SNOW 0 SLEET 0
FOG 1 FOG W/VIS <= 1/4 MILE 0
HAZE 5
- INDICATES NEGATIVE NUMBERS.
R INDICATES RECORD WAS SET OR TIED.
MM INDICATES DATA IS MISSING.
T INDICATES TRACE AMOUNT.
$$