000
CXUS55 KDVN 011000
CF6IOW
PRELIMINARY LOCAL CLIMATOLOGICAL DATA (WS FORM: F-6)
STATION: IOWA CITY IA
MONTH: JULY
YEAR: 2022
LATITUDE: 41 37 N
LONGITUDE: 91 33 W
TEMPERATURE IN F: :PCPN: SNOW: WIND :SUNSHINE: SKY :PK WND
================================================================================
1 2 3 4 5 6A 6B 7 8 9 10 11 12 13 14 15 16 17 18
12Z AVG MX 2MIN
DY MAX MIN AVG DEP HDD CDD WTR SNW DPTH SPD SPD DIR MIN PSBL S-S WX SPD DR
================================================================================
1 82 65 74 -1 0 9 T M M 5.4 15 20 M M 4 20 20
2 83 58 71 -4 0 6 0.00 M M 3.5 13 150 M M 0 18 150
3 87 59 73 -2 0 8 0.00 M M 6.5 15 150 M M 0 23 150
4 90 67 79 3 0 14 1.90 M M 6.4 18 280 M M 2 13 27 280
5 97 71 84 8 0 19 0.28 M M 8.2 32 320 M M 1 13 47 340
6 85 70 78 2 0 13 0.00 M M 6.5 14 50 M M 3 19 60
7 85 72 79 3 0 14 0.01 M M 6.2 15 60 M M 6 18 22 60
8 80 71 76 0 0 11 0.25 M M 8.6 23 60 M M 8 18 33 60
9 85 65 75 -1 0 10 0.00 M M 6.4 14 40 M M 1 19 50
10 85 64 75 -1 0 10 0.00 M M 6.4 17 170 M M 0 24 160
11 86 68 77 1 0 12 0.77 M M 8.8 32 260 M M 3 13 46 260
12 85 64 75 -1 0 10 0.00 M M 9.3 18 260 M M 2 23 280
13 87 63 75 -1 0 10 0.00 M M 6.5 16 280 M M 3 21 280
14 85 68 77 1 0 12 0.03 M M 8.3 15 130 M M 4 3 22 130
15 82 71 77 1 0 12 0.50 M M 10.0 23 150 M M 8 13 32 150
16 77 71 74 -2 0 9 T M M 6.3 15 50 M M 9 22 30
17 86 68 77 1 0 12 T M M 5.3 14 20 M M 2 22 10
18 88 64 76 0 0 11 0.00 M M 3.7 10 240 M M 0 14 240
19 91 68 80 4 0 15 0.00 M M 8.1 21 170 M M 1 27 180
20 88 71 80 4 0 15 0.00 M M 11.9 23 270 M M 0 33 290
21 92 64 78 2 0 13 0.00 M M 8.6 22 260 M M 0 31 260
22 91 63 77 1 0 12 T M M 6.1 16 190 M M 0 22 200
23 98 75 87 11 0 22 0.01 M M 7.7 16 200 M M 0 25 200
24 86 68 77 1 0 12 0.01 M M 8.7 20 350 M M 3 27 350
25 79 62 71 -5 0 6 0.00 M M 3.7 10 300 M M 0 14 340
26 82 60 71 -5 0 6 0.00 M M 4.4 12 180 M M 3 1 18 160
27 86 68 77 1 0 12 0.00 M M 7.9 18 290 M M 4 27 280
28 80 61 71 -5 0 6 0.02 M M 9.1 22 300 M M 3 30 340
29 82 57 70 -6 0 5 0.00 M M 6.5 17 300 M M 1 21 300
30 85 57 71 -5 0 6 0.00 M M 2.7 10 130 M M 2 16 200
31 85 60 73 -3 0 8 0.00 M M 7.1 18 190 M M 4 3 26 190
================================================================================
SM 2660 2033 0 340 3.78 M 214.8 M 77
================================================================================
AV 85.8 65.6 6.9 FASTST M M 2 MAX(MPH)
MISC ----> # 32 320 47 340
================================================================================
NOTES:
# LAST OF SEVERAL OCCURRENCES
COLUMN 17 PEAK WIND IN M.P.H.
PRELIMINARY LOCAL CLIMATOLOGICAL DATA (WS FORM: F-6) , PAGE 2
STATION: IOWA CITY IA
MONTH: JULY
YEAR: 2022
LATITUDE: 41 37 N
LONGITUDE: 91 33 W
[TEMPERATURE DATA] [PRECIPITATION DATA] SYMBOLS USED IN COLUMN 16
AVERAGE MONTHLY: 75.7 TOTAL FOR MONTH: 3.78 1 = FOG OR MIST
DPTR FM NORMAL: -0.1 DPTR FM NORMAL: -0.13 2 = FOG REDUCING VISIBILITY
HIGHEST: 98 ON 23 GRTST 24HR 1.90 ON 4- 4 TO 1/4 MILE OR LESS
LOWEST: 57 ON 30,29 3 = THUNDER
SNOW, ICE PELLETS, HAIL 4 = ICE PELLETS
TOTAL MONTH: M 5 = HAIL
GRTST 24HR M ON M 6 = FREEZING RAIN OR DRIZZLE
GRTST DEPTH: M ON M 7 = DUSTSTORM OR SANDSTORM:
VSBY 1/2 MILE OR LESS
8 = SMOKE OR HAZE
[NO. OF DAYS WITH] [WEATHER - DAYS WITH] 9 = BLOWING SNOW
X = TORNADO
MAX 32 OR BELOW: 0 0.01 INCH OR MORE: 10
MAX 90 OR ABOVE: 6 0.10 INCH OR MORE: 5
MIN 32 OR BELOW: 0 0.50 INCH OR MORE: 3
MIN 0 OR BELOW: 0 1.00 INCH OR MORE: 1
[HDD (BASE 65) ]
TOTAL THIS MO. 0 CLEAR (SCALE 0-3) 20
DPTR FM NORMAL -2 PTCLDY (SCALE 4-7) 10
TOTAL FM JUL 1 0 CLOUDY (SCALE 8-10) 1
DPTR FM NORMAL 0
[CDD (BASE 65) ]
TOTAL THIS MO. 340
DPTR FM NORMAL 4 [PRESSURE DATA]
TOTAL FM JAN 1 747 HIGHEST SLP 30.21 ON 30
DPTR FM NORMAL 97 LOWEST SLP 29.65 ON 20
[REMARKS]
#FINAL-07-22#