000
CXUS55 KDVN 011100
CF6IOW
PRELIMINARY LOCAL CLIMATOLOGICAL DATA (WS FORM: F-6)
STATION: IOWA CITY IA
MONTH: FEBRUARY
YEAR: 2022
LATITUDE: 41 37 N
LONGITUDE: 91 33 W
TEMPERATURE IN F: :PCPN: SNOW: WIND :SUNSHINE: SKY :PK WND
================================================================================
1 2 3 4 5 6A 6B 7 8 9 10 11 12 13 14 15 16 17 18
12Z AVG MX 2MIN
DY MAX MIN AVG DEP HDD CDD WTR SNW DPTH SPD SPD DIR MIN PSBL S-S WX SPD DR
================================================================================
1 40 17 29 6 36 0 0.00 M M 11.6 24 330 M M 3 32 320
2 18 11 15 -8 50 0 0.00 M M 14.4 21 350 M M 8 29 360
3 16 5 11 -13 54 0 0.00 M M 11.5 20 360 M M 1 27 350
4 21 -1 10 -14 55 0 T M M 10.2 24 300 M M 2 33 290
5 29 -2 14 -10 51 0 0.00 M M 10.4 24 170 M M 1 34 170
6 41 13 27 3 38 0 0.00 M M 11.0 26 300 M M 3 35 300
7 27 5 16 -8 49 0 0.00 M M 5.9 15 320 M M 3 22 300
8 55 18 37 12 28 0 0.00 M M 6.6 22 280 M M 1 29 270
9 43 28 36 11 29 0 0.00 M M 12.9 25 300 M M 8 35 290
10 40 22 31 6 34 0 0.07 M M 12.5 21 310 M M 8 30 200
11 45 13 29 3 36 0 T M M 17.9 32 300 M M 7 46 290
12 18 5 12 -14 53 0 0.00 M M 9.6 22 310 M M 4 30 320
13 15 8 12 -14 53 0 T M M 7.3 16 340 M M 7 8 22 300
14 31 10 21 -5 44 0 0.00 M M 4.9 15 160 M M 5 20 160
15 47 17 32 5 33 0 0.00 M M 9.7 25 130 M M 0 33 130
16 58 31 45 18 20 0 0.03 M M 11.9 18 340 M M 7 8 27 190
17 31 10 21 -7 44 0 T M M 14.2 23 340 M M 5 35 350
18 43 7 25 -3 40 0 0.03 M M 14.3 31 320 M M 2 1 48 320
19 25 8 17 -11 48 0 0.00 M M 13.4 29 320 M M 0 40 330
20 60 20 40 11 25 0 0.00 M M 10.8 28 240 M M 0 43 220
21 51 26 39 10 26 0 0.00 M M 9.2 21 70 M M 3 29 60
22 38 10 24 -6 41 0 0.27 M M 16.0 24 300 M M 10 1368 37 310
23 19 6 13 -17 52 0 T M M 10.0 20 310 M M 8 27 300
24 24 14 19 -11 46 0 0.09 M M 10.0 17 60 M M 9 18 22 60
25 22 6 14 -17 51 0 T M M 7.8 14 260 M M 1 18 270
26 36 2 19 -12 46 0 0.00 M M 6.2 18 210 M M 0 26 210
27 43 16 30 -2 35 0 0.00 M M 5.9 15 320 M M 0 20 320
28 57 20 39 7 26 0 0.00 M M 4.6 16 270 M M 0 22 250
================================================================================
SM 993 345 1143 0 0.49 M 290.7 M 106
================================================================================
AV 35.5 12.3 10.4 FASTST M M 4 MAX(MPH)
MISC ----> 32 300 48 320
================================================================================
NOTES:
# LAST OF SEVERAL OCCURRENCES
COLUMN 17 PEAK WIND IN M.P.H.
PRELIMINARY LOCAL CLIMATOLOGICAL DATA (WS FORM: F-6) , PAGE 2
STATION: IOWA CITY IA
MONTH: FEBRUARY
YEAR: 2022
LATITUDE: 41 37 N
LONGITUDE: 91 33 W
[TEMPERATURE DATA] [PRECIPITATION DATA] SYMBOLS USED IN COLUMN 16
AVERAGE MONTHLY: 23.9 TOTAL FOR MONTH: 0.49 1 = FOG OR MIST
DPTR FM NORMAL: -3.1 DPTR FM NORMAL: -0.72 2 = FOG REDUCING VISIBILITY
HIGHEST: 60 ON 20 GRTST 24HR 0.27 ON 22-22 TO 1/4 MILE OR LESS
LOWEST: -2 ON 5 3 = THUNDER
SNOW, ICE PELLETS, HAIL 4 = ICE PELLETS
TOTAL MONTH: M 5 = HAIL
GRTST 24HR M ON M 6 = FREEZING RAIN OR DRIZZLE
GRTST DEPTH: M ON M 7 = DUSTSTORM OR SANDSTORM:
VSBY 1/2 MILE OR LESS
8 = SMOKE OR HAZE
[NO. OF DAYS WITH] [WEATHER - DAYS WITH] 9 = BLOWING SNOW
X = TORNADO
MAX 32 OR BELOW: 13 0.01 INCH OR MORE: 5
MAX 90 OR ABOVE: 0 0.10 INCH OR MORE: 1
MIN 32 OR BELOW: 28 0.50 INCH OR MORE: 0
MIN 0 OR BELOW: 2 1.00 INCH OR MORE: 0
[HDD (BASE 65) ]
TOTAL THIS MO. 1143 CLEAR (SCALE 0-3) 15
DPTR FM NORMAL 79 PTCLDY (SCALE 4-7) 9
TOTAL FM JUL 1 4606 CLOUDY (SCALE 8-10) 4
DPTR FM NORMAL -139
[CDD (BASE 65) ]
TOTAL THIS MO. 0
DPTR FM NORMAL 0 [PRESSURE DATA]
TOTAL FM JAN 1 0 HIGHEST SLP 30.68 ON 23
DPTR FM NORMAL 0 LOWEST SLP 29.52 ON 11
[REMARKS]
#FINAL-02-22#