000
CXUS51 KCTP 011039
CLMIPT
CLIMATE REPORT
NATIONAL WEATHER SERVICE STATE COLLEGE PA
639 AM EDT SAT APR 01 2023
...................................
...THE WILLIAMSPORT PA CLIMATE SUMMARY FOR THE MONTH OF MARCH 2023...
CLIMATE NORMAL PERIOD 1991 TO 2020
CLIMATE RECORD PERIOD 1895 TO 2023
WEATHER OBSERVED NORMAL DEPART LAST YEAR`S
VALUE DATE(S) VALUE FROM VALUE DATE(S)
NORMAL
................................................................
TEMPERATURE (F)
RECORD
HIGH 87 03/31/1998
03/30/1986
LOW -5 03/18/1916
HIGHEST 63 03/21 75 03/06
LOWEST 22 03/19 15 03/04
AVG. MAXIMUM 49.4 48.4 1.0 52.1
AVG. MINIMUM 30.6 29.0 1.6 31.0
MEAN 40.0 38.7 1.3 41.5
DAYS MAX >= 90 0 0.0 0.0 0
DAYS MAX <= 32 0 1.8 -1.8 2
DAYS MIN <= 32 23 20.5 2.5 19
DAYS MIN <= 0 0 0.1 -0.1 0
PRECIPITATION (INCHES)
RECORD
MAXIMUM 8.95 1936
MINIMUM 0.42 1910
TOTALS 2.72 3.13 -0.41 3.13
DAILY AVG. 0.09 0.10 -0.01 0.10
DAYS >= .01 13 11.6 1.4 15
DAYS >= .10 9 6.6 2.4 6
DAYS >= .50 2 2.0 0.0 1
DAYS >= 1.00 0 0.6 -0.6 0
GREATEST
24 HR. TOTAL 0.80 03/03 TO 03/04 0.92 03/31 TO 03/31
SNOWFALL (INCHES)
RECORDS
TOTAL 35.6 1916
TOTALS 6.6 7.3 -0.7 7.9
SINCE 7/1 19.9 35.0 -15.1 MM
SNOWDEPTH AVG. 0 0
DAYS >= 1.0 2 1.7 0.3 2
GREATEST
SNOW DEPTH 5 03/07 4 03/13
24 HR TOTAL 5.4 03/06 TO 03/07 MM
DEGREE DAYS
HEATING TOTAL 769 815 -46 721
SINCE 7/1 4491 5121 -630 MM
COOLING TOTAL 0 0 0 0
SINCE 1/1 0 0 0 MM
................................................................
WIND (MPH)
AVERAGE WIND SPEED 8.2
HIGHEST WIND SPEED/DIRECTION 39/280 DATE 03/29
HIGHEST GUST SPEED/DIRECTION 49/280 DATE 03/29
SKY COVER
POSSIBLE SUNSHINE (PERCENT) MM
AVERAGE SKY COVER 0.53
NUMBER OF DAYS FAIR 10
NUMBER OF DAYS PC 11
NUMBER OF DAYS CLOUDY 10
WEATHER CONDITIONS. NUMBER OF DAYS WITH
THUNDERSTORM 0 MIXED PRECIP 0
HEAVY RAIN 2 RAIN 2
LIGHT RAIN 9 FREEZING RAIN 0
LT FREEZING RAIN 0 HAIL 0
HEAVY SNOW 0 SNOW 3
LIGHT SNOW 11 SLEET 0
FOG 16 FOG W/VIS <= 1/4 MILE 1
HAZE 6
- INDICATES NEGATIVE NUMBERS.
R INDICATES RECORD WAS SET OR TIED.
MM INDICATES DATA IS MISSING.
T INDICATES TRACE AMOUNT.
$$