000
CXUS53 KEAX 010736
CF6IRK
PRELIMINARY LOCAL CLIMATOLOGICAL DATA (WS FORM: F-6)
STATION: KIRKSVILLE MO
MONTH: JUNE
YEAR: 2023
LATITUDE: 40 5 N
LONGITUDE: 92 33 W
TEMPERATURE IN F: :PCPN: SNOW: WIND :SUNSHINE: SKY :PK WND
================================================================================
1 2 3 4 5 6A 6B 7 8 9 10 11 12 13 14 15 16 17 18
12Z AVG MX 2MIN
DY MAX MIN AVG DEP HDD CDD WTR SNW DPTH SPD SPD DIR MIN PSBL S-S WX SPD DR
================================================================================
1 88 62 75 7 0 10 0.00 M M 5.2 18 300 M M 2 3 29 260
2 90 59 75 7 0 10 1.29 M M 5.9 40 50 M M 2 123 64 30
3 90 62 76 8 0 11 0.00 M M 5.6 14 80 M M 0 23 80
4 89 61 75 6 0 10 0.03 M M 6.9 21 90 M M 1 3 31 70
5 82 55 69 0 0 4 0.00 M M 4.7 14 30 M M 0 18 17 30
6 86 51 69 0 0 4 0.00 M M 1.7 9 350 M M 0 18 11 350
7 80 58 69 -1 0 4 T M M 4.4 18 40 M M 3 13 26 280
8 77 50 64 -6 1 0 0.00 M M 5.7 14 110 M M 3 19 120
9 80 46 63 -7 2 0 0.00 M M 3.5 13 110 M M 0 21 80
10 80 56 68 -2 0 3 0.01 M M 5.1 12 160 M M 5 1 17 190
11 69 48 59 -12 6 0 0.17 M M 11.1 17 10 M M 8 1 25 30
12 75 43 59 -12 6 0 0.00 M M 6.2 18 360 M M 1 12 31 10
13 83 57 70 -1 0 5 0.00 M M 8.8 17 300 M M 1 25 320
14 87 57 72 0 0 7 0.00 M M 6.0 12 270 M M 2 18 270
15 89 57 73 1 0 8 0.00 M M 5.1 10 280 M M 1 8 17 280
16 83 60 72 0 0 7 0.00 M M 6.6 13 90 M M 0 18 19 90
17 86 54 70 -2 0 5 0.01 M M 7.8 15 130 M M 1 138 27 140
18 78 58 68 -4 0 3 1.34 M M 6.6 18 140 M M 3 1238 27 140
19 88 57 73 0 0 8 0.00 M M 3.3 8 70 M M 0 1 13 60
20 88 60 74 1 0 9 0.00 M M 5.9 15 60 M M 0 8 24 40
21 85 63 74 1 0 9 0.00 M M 7.8 16 90 M M 1 22 80
22 90 59 75 2 0 10 0.00 M M 2.8 13 50 M M 3 8 16 50
23 92 60 76 2 0 11 0.00 M M 2.4 12 50 M M 1 18 16 10
24 92 64 78 4 0 13 0.00 M M 10.0 21 190 M M 1 32 170
25 84 66 75 1 0 10 0.00 M M 14.2 24 300 M M 1 39 280
26 83 60 72 -2 0 7 0.00 M M 11.2 22 320 M M 1 31 330
27 86 60 73 -1 0 8 0.00 M M 4.3 12 350 M M 2 8 16 360
28 93 62 78 4 0 13 0.04 M M 11.2 25 160 M M 2 138 36 150
29 83 66 75 1 0 10 0.72 M M 4.8 41 280 M M 1 138 64 280
30 90 66 78 4 0 13 0.00 M M 7.3 21 30 M M 1 13 39 240
================================================================================
SM 2546 1737 15 212 3.61 M 192.1 M 47
================================================================================
AV 84.9 57.9 6.4 FASTST M M 2 MAX(MPH)
MISC ----> 41 280 # 64 30
================================================================================
NOTES:
# LAST OF SEVERAL OCCURRENCES
COLUMN 17 PEAK WIND IN M.P.H.
PRELIMINARY LOCAL CLIMATOLOGICAL DATA (WS FORM: F-6) , PAGE 2
STATION: KIRKSVILLE MO
MONTH: JUNE
YEAR: 2023
LATITUDE: 40 5 N
LONGITUDE: 92 33 W
[TEMPERATURE DATA] [PRECIPITATION DATA] SYMBOLS USED IN COLUMN 16
AVERAGE MONTHLY: 71.4 TOTAL FOR MONTH: 3.61 1 = FOG OR MIST
DPTR FM NORMAL: -0.2 DPTR FM NORMAL: -1.46 2 = FOG REDUCING VISIBILITY
HIGHEST: 93 ON 28 GRTST 24HR 1.35 ON 17-18 TO 1/4 MILE OR LESS
LOWEST: 43 ON 12 3 = THUNDER
SNOW, ICE PELLETS, HAIL 4 = ICE PELLETS
TOTAL MONTH: M 5 = HAIL
GRTST 24HR M ON M 6 = FREEZING RAIN OR DRIZZLE
GRTST DEPTH: M ON M 7 = DUSTSTORM OR SANDSTORM:
VSBY 1/2 MILE OR LESS
8 = SMOKE OR HAZE
[NO. OF DAYS WITH] [WEATHER - DAYS WITH] 9 = BLOWING SNOW
X = TORNADO
MAX 32 OR BELOW: 0 0.01 INCH OR MORE: 8
MAX 90 OR ABOVE: 7 0.10 INCH OR MORE: 4
MIN 32 OR BELOW: 0 0.50 INCH OR MORE: 3
MIN 0 OR BELOW: 0 1.00 INCH OR MORE: 2
[HDD (BASE 65) ]
TOTAL THIS MO. 15 CLEAR (SCALE 0-3) 28
DPTR FM NORMAL -1 PTCLDY (SCALE 4-7) 1
TOTAL FM JUL 1 5425 CLOUDY (SCALE 8-10) 1
DPTR FM NORMAL -317
[CDD (BASE 65) ]
TOTAL THIS MO. 212
DPTR FM NORMAL -2 [PRESSURE DATA]
TOTAL FM JAN 1 283 HIGHEST SLP M ON M
DPTR FM NORMAL -5 LOWEST SLP 29.67 ON 14
[REMARKS]
#FINAL-06-23#