000
CXUS53 KEAX 010736
CF6IRK
PRELIMINARY LOCAL CLIMATOLOGICAL DATA (WS FORM: F-6)
STATION: KIRKSVILLE MO
MONTH: MAY
YEAR: 2021
LATITUDE: 40 5 N
LONGITUDE: 92 33 W
TEMPERATURE IN F: :PCPN: SNOW: WIND :SUNSHINE: SKY :PK WND
================================================================================
1 2 3 4 5 6A 6B 7 8 9 10 11 12 13 14 15 16 17 18
12Z AVG MX 2MIN
DY MAX MIN AVG DEP HDD CDD WTR SNW DPTH SPD SPD DIR MIN PSBL S-S WX SPD DR
================================================================================
1 82 50 66 9 0 1 0.00 M M 13.8 25 210 M M 0 42 250
2 79 61 70 13 0 5 0.00 M M 12.4 21 180 M M 3 30 200
3 72 56 64 6 1 0 T M M 8.8 20 270 M M 7 13 30 210
4 62 44 53 -5 12 0 0.02 M M 11.1 18 360 M M 3 26 360
5 69 37 53 -5 12 0 0.00 M M 4.4 10 250 M M 2 15 50
6 64 42 53 -6 12 0 T M M 9.3 24 360 M M 4 33 360
7 73 37 55 -4 10 0 0.00 M M 9.2 25 280 M M 4 40 290
8 59 47 53 -6 12 0 0.03 M M 15.1 25 110 M M 10 35 100
9 55 37 46 -14 19 0 0.75 M M 12.4 28 30 M M 7 138 41 40
10 64 35 50 -10 15 0 0.00 M M 3.9 12 280 M M 5 1 15 290
11 60 42 51 -9 14 0 0.00 M M 9.5 16 80 M M 3 18 25 70
12 63 39 51 -10 14 0 0.00 M M 6.4 18 90 M M 0 25 100
13 66 34 50 -11 15 0 0.00 M M 3.8 17 150 M M 0 23 150
14 72 42 57 -4 8 0 0.02 M M 9.5 20 170 M M 4 28 150
15 63 54 59 -3 6 0 0.15 M M 7.5 14 190 M M 10 1 19 180
16 62 47 55 -7 10 0 0.46 M M 6.4 15 100 M M 8 123 24 100
17 65 59 62 0 3 0 0.12 M M 10.2 17 120 M M 10 1 26 80
18 73 61 67 4 0 2 0.40 M M 12.2 18 140 M M 9 1 24 150
19 77 64 71 8 0 6 0.15 M M 10.4 20 150 M M 10 18 27 150
20 79 65 72 9 0 7 0.08 M M 12.0 23 150 M M 7 1 30 160
21 73 65 69 5 0 4 0.10 M M 10.8 23 180 M M 7 1 32 170
22 71 63 67 3 0 2 0.40 M M 7.8 17 210 M M 8 1 25 210
23 81 63 72 8 0 7 0.00 M M 4.6 10 250 M M 3 1 15 250
24 83 62 73 8 0 8 0.00 M M 3.8 16 190 M M 4 1 24 180
25 77 66 72 7 0 7 0.04 M M 10.6 18 180 M M 6 26 170
26 86 60 73 7 0 8 0.00 M M 4.0 13 350 M M 2 17 340
27 76 55 66 0 0 1 0.55 M M 7.6 23 200 M M 5 13 35 200
28 55 46 51 -15 14 0 0.00 M M 11.8 18 10 M M 10 1 26 360
29 64 41 53 -14 12 0 0.00 M M 6.5 17 10 M M 1 1 23 40
30 67 40 54 -13 11 0 0.00 M M 3.1 9 120 M M 0 1 13 230
31 62 49 56 -11 9 0 0.25 M M 3.1 9 120 M M 9 12 10 110
================================================================================
SM 2154 1563 209 58 3.52 M 262.0 M 161
================================================================================
AV 69.5 50.4 8.5 FASTST M M 5 MAX(MPH)
MISC ----> 28 30 42 250
================================================================================
NOTES:
# LAST OF SEVERAL OCCURRENCES
COLUMN 17 PEAK WIND IN M.P.H.
PRELIMINARY LOCAL CLIMATOLOGICAL DATA (WS FORM: F-6) , PAGE 2
STATION: KIRKSVILLE MO
MONTH: MAY
YEAR: 2021
LATITUDE: 40 5 N
LONGITUDE: 92 33 W
[TEMPERATURE DATA] [PRECIPITATION DATA] SYMBOLS USED IN COLUMN 16
AVERAGE MONTHLY: 60.0 TOTAL FOR MONTH: 3.52 1 = FOG OR MIST
DPTR FM NORMAL: -2.1 DPTR FM NORMAL: -1.50 2 = FOG REDUCING VISIBILITY
HIGHEST: 86 ON 26 GRTST 24HR 0.78 ON 8- 9 TO 1/4 MILE OR LESS
LOWEST: 34 ON 13 3 = THUNDER
SNOW, ICE PELLETS, HAIL 4 = ICE PELLETS
TOTAL MONTH: M 5 = HAIL
GRTST 24HR M ON M 6 = FREEZING RAIN OR DRIZZLE
GRTST DEPTH: M ON M 7 = DUSTSTORM OR SANDSTORM:
VSBY 1/2 MILE OR LESS
8 = SMOKE OR HAZE
[NO. OF DAYS WITH] [WEATHER - DAYS WITH] 9 = BLOWING SNOW
X = TORNADO
MAX 32 OR BELOW: 0 0.01 INCH OR MORE: 15
MAX 90 OR ABOVE: 0 0.10 INCH OR MORE: 10
MIN 32 OR BELOW: 0 0.50 INCH OR MORE: 2
MIN 0 OR BELOW: 0 1.00 INCH OR MORE: 0
[HDD (BASE 65) ]
TOTAL THIS MO. 209 CLEAR (SCALE 0-3) 8
DPTR FM NORMAL 53 PTCLDY (SCALE 4-7) 16
TOTAL FM JUL 1 5660 CLOUDY (SCALE 8-10) 7
DPTR FM NORMAL -70
[CDD (BASE 65) ]
TOTAL THIS MO. 58
DPTR FM NORMAL -6 [PRESSURE DATA]
TOTAL FM JAN 1 77 HIGHEST SLP M ON M
DPTR FM NORMAL 3 LOWEST SLP 29.54 ON 2
[REMARKS]
#FINAL-05-21#