000
CXUS51 KOKX 010910
CF6ISP
PRELIMINARY LOCAL CLIMATOLOGICAL DATA (WS FORM: F-6)
STATION: ISLIP NY
MONTH: JULY
YEAR: 2022
LATITUDE: 40 47 N
LONGITUDE: 73 6 W
TEMPERATURE IN F: :PCPN: SNOW: WIND :SUNSHINE: SKY :PK WND
================================================================================
1 2 3 4 5 6A 6B 7 8 9 10 11 12 13 14 15 16 17 18
12Z AVG MX 2MIN
DY MAX MIN AVG DEP HDD CDD WTR SNW DPTH SPD SPD DIR MIN PSBL S-S WX SPD DR
================================================================================
1 83 67 75 1 0 10 T 0.0 0 12.0 25 210 M M 5 3 33 220
2 84 72 78 4 0 13 0.32 0.0 0 9.2 17 220 M M 8 13 24 210
3 85 66 76 2 0 11 0.00 0.0 0 5.8 12 350 M M 5 8 15 350
4 82 61 72 -2 0 7 0.00 0.0 0 8.2 15 210 M M 3 20 190
5 82 68 75 1 0 10 T 0.0 0 11.8 22 220 M M 7 30 220
6 85 71 78 4 0 13 0.00 0.0 0 9.1 20 220 M M 8 27 210
7 81 65 73 -2 0 8 0.00 0.0 0 8.2 16 150 M M 5 23 140
8 81 62 72 -3 0 7 T 0.0 0 M 15 160 M M 6 18 160
9 85 67 76 1 0 11 0.00 0.0 0 7.9 18 30 M M 5 23 30
10 81 63 72 -3 0 7 0.00 0.0 0 7.5 14 30 M M 3 17 160
11 80 60 70 -5 0 5 0.00 0.0 0 8.9 17 190 M M 1 23 200
12 82 69 76 1 0 11 0.00 0.0 0 14.6 26 210 M M 5 36 210
13 89 72 81 6 0 16 0.00 0.0 0 7.5 15 170 M M 4 20 170
14 89 70 80 5 0 15 0.12 0.0 0 4.6 18 330 M M 5 138 22 20
15 82 67 75 0 0 10 0.00 0.0 0 6.8 13 150 M M 5 17 150
16 80 66 73 -2 0 8 0.08 0.0 0 5.6 15 150 M M 8 1 18 150
17 83 73 78 2 0 13 T 0.0 0 6.3 15 220 M M 8 20 150
18 81 75 78 2 0 13 0.08 0.0 0 11.3 21 200 M M 9 13 29 200
19 92 73 83 7 0 18 T 0.0 0 10.4 21 220 M M 4 26 210
20 95 73 84 8 0 19 0.00 0.0 0 9.2 21 200 M M 2 26 210
21 89 74 82 6 0 17 0.57 0.0 0 9.5 33 330 M M 5 123 48 360
22 91 73 82 6 0 17 0.00 0.0 0 6.0 16 170 M M 2 21 210
23 93 73 83 7 0 18 0.00 0.0 0 6.7 15 180 M M 3 19 200
24 92 75 84 8 0 19 0.00 0.0 0 10.8 21 220 M M 6 27 200
25 84 74 79 3 0 14 0.01 0.0 0 12.6 24 210 M M 7 3 31 220
26 83 67 75 -1 0 10 0.00 0.0 0 6.8 15 320 M M 8 19 290
27 84 64 74 -1 0 9 0.00 0.0 0 7.1 15 210 M M 6 20 220
28 85 74 80 5 0 15 0.02 0.0 0 7.5 15 170 M M 7 19 220
29 86 73 80 5 0 15 0.00 0.0 0 7.8 16 210 M M 8 20 210
30 88 70 79 4 0 14 0.07 0.0 0 7.5 21 290 M M 5 1 25 290
31 85 64 75 0 0 10 0.00 0.0 0 7.0 14 210 M M 6 19 170
================================================================================
SM 2642 2141 0 383 1.27 0.0 254.2 M 169
================================================================================
AV 85.2 69.1 8.5 FASTST M M 5 MAX(MPH)
MISC ----> 33 330 48 360
================================================================================
NOTES:
# LAST OF SEVERAL OCCURRENCES
COLUMN 17 PEAK WIND IN M.P.H.
PRELIMINARY LOCAL CLIMATOLOGICAL DATA (WS FORM: F-6) , PAGE 2
STATION: ISLIP NY
MONTH: JULY
YEAR: 2022
LATITUDE: 40 47 N
LONGITUDE: 73 6 W
[TEMPERATURE DATA] [PRECIPITATION DATA] SYMBOLS USED IN COLUMN 16
AVERAGE MONTHLY: 77.1 TOTAL FOR MONTH: 1.27 1 = FOG OR MIST
DPTR FM NORMAL: 2.1 DPTR FM NORMAL: -1.99 2 = FOG REDUCING VISIBILITY
HIGHEST: 95 ON 20 GRTST 24HR 0.57 ON 21-21 TO 1/4 MILE OR LESS
LOWEST: 60 ON 11 3 = THUNDER
SNOW, ICE PELLETS, HAIL 4 = ICE PELLETS
TOTAL MONTH: 0.0 INCH 5 = HAIL
GRTST 24HR 0.0 6 = FREEZING RAIN OR DRIZZLE
GRTST DEPTH: 0 7 = DUSTSTORM OR SANDSTORM:
VSBY 1/2 MILE OR LESS
8 = SMOKE OR HAZE
[NO. OF DAYS WITH] [WEATHER - DAYS WITH] 9 = BLOWING SNOW
X = TORNADO
MAX 32 OR BELOW: 0 0.01 INCH OR MORE: 8
MAX 90 OR ABOVE: 5 0.10 INCH OR MORE: 3
MIN 32 OR BELOW: 0 0.50 INCH OR MORE: 1
MIN 0 OR BELOW: 0 1.00 INCH OR MORE: 0
[HDD (BASE 65) ]
TOTAL THIS MO. 0 CLEAR (SCALE 0-3) 6
DPTR FM NORMAL -1 PTCLDY (SCALE 4-7) 23
TOTAL FM JUL 1 0 CLOUDY (SCALE 8-10) 2
DPTR FM NORMAL 0
[CDD (BASE 65) ]
TOTAL THIS MO. 383
DPTR FM NORMAL 71 [PRESSURE DATA]
TOTAL FM JAN 1 572 HIGHEST SLP M ON M
DPTR FM NORMAL 79 LOWEST SLP 29.64 ON 21
[REMARKS]
#FINAL-07-22#